-- http://www.phpmyadmin.net
--
-- Servidor: localhost:3306
-- Tiempo de generación: 21-04-2017 a las 12:01:34
-- Versión del servidor: 5.6.33-cll-lve
-- Versión de PHP: 5.6.20




--
-- Base de datos: `coloquio2016`
--

-- --------------------------------------------------------

--
-- Estructura de tabla para la tabla `acceso`
--

CREATE TABLE IF NOT EXISTS `acceso` (
  `id_acceso` int(11) NOT NULL AUTO_INCREMENT,
  `clave` varchar(45) NOT NULL COMMENT 'es determinado por el administrador',
  `lugar` varchar(300) NOT NULL,
  `tipoacceso` varchar(50) NOT NULL COMMENT 'determina el tipo de acceso E(Entrada), S(Salida), E-S(Entrada-Salida)',
  `status` tinyint(1) NOT NULL,
  PRIMARY KEY (`id_acceso`)
) ENGINE=InnoDB  DEFAULT CHARSET=utf8 AUTO_INCREMENT=2 ;

--
-- Volcado de datos para la tabla `acceso`
--

INSERT INTO `acceso` (`id_acceso`, `clave`, `lugar`, `tipoacceso`, `status`) VALUES
(1, '123', '', 'entrada', 1);

-- --------------------------------------------------------

--
-- Estructura de tabla para la tabla `asistencia`
--

CREATE TABLE IF NOT EXISTS `asistencia` (
  `idasistencia` int(11) NOT NULL AUTO_INCREMENT,
  `fecha` datetime NOT NULL,
  `hora` time NOT NULL,
  `id_participante` int(11) NOT NULL,
  `id_acceso` int(11) NOT NULL,
  PRIMARY KEY (`idasistencia`),
  KEY `fk_asistencia_datoParticipante1_idx` (`id_participante`),
  KEY `fk_asistencia_acceso1_idx` (`id_acceso`)
) ENGINE=InnoDB  DEFAULT CHARSET=utf8 AUTO_INCREMENT=2752 ;

--
-- Volcado de datos para la tabla `asistencia`
--

INSERT INTO `asistencia` (`idasistencia`, `fecha`, `hora`, `id_participante`, `id_acceso`) VALUES
(1566, '2016-07-07 15:28:56', '00:00:00', 1292, 1),
(1567, '2016-07-07 15:29:15', '00:00:00', 1293, 1),
(1568, '2016-07-08 05:41:34', '00:00:00', 1292, 1),
(1569, '2016-07-08 05:41:41', '00:00:00', 1293, 1),
(1570, '2016-07-08 05:42:46', '00:00:00', 1293, 1),
(1571, '2016-07-08 05:42:55', '00:00:00', 1293, 1),
(1572, '2016-07-08 05:54:48', '00:00:00', 1406, 1),
(1573, '2016-07-08 06:00:07', '00:00:00', 1482, 1),
(1574, '2016-07-08 06:00:19', '00:00:00', 1694, 1),
(1575, '2016-07-08 06:00:37', '00:00:00', 1707, 1),
(1576, '2016-07-08 06:00:49', '00:00:00', 1318, 1),
(1577, '2016-07-08 06:01:22', '00:00:00', 1768, 1),
(1578, '2016-07-08 06:01:53', '00:00:00', 1533, 1),
(1579, '2016-07-08 06:02:05', '00:00:00', 1569, 1),
(1580, '2016-07-08 06:02:16', '00:00:00', 1549, 1),
(1581, '2016-07-08 06:02:19', '00:00:00', 1474, 1),
(1582, '2016-07-08 06:02:24', '00:00:00', 1472, 1),
(1583, '2016-07-08 06:02:42', '00:00:00', 1505, 1),
(1584, '2016-07-08 06:03:21', '00:00:00', 1352, 1),
(1585, '2016-07-08 06:04:03', '00:00:00', 1678, 1),
(1586, '2016-07-08 06:04:20', '00:00:00', 1344, 1),
(1587, '2016-07-08 06:04:45', '00:00:00', 1554, 1),
(1588, '2016-07-08 06:05:11', '00:00:00', 1538, 1),
(1589, '2016-07-08 06:05:32', '00:00:00', 1539, 1),
(1590, '2016-07-08 06:05:49', '00:00:00', 1591, 1),
(1591, '2016-07-08 06:05:57', '00:00:00', 1760, 1),
(1592, '2016-07-08 06:06:13', '00:00:00', 1420, 1),
(1593, '2016-07-08 06:06:31', '00:00:00', 1430, 1),
(1594, '2016-07-08 06:06:38', '00:00:00', 1475, 1),
(1595, '2016-07-08 06:06:41', '00:00:00', 1726, 1),
(1596, '2016-07-08 06:06:50', '00:00:00', 1411, 1),
(1597, '2016-07-08 06:07:11', '00:00:00', 1439, 1),
(1598, '2016-07-08 06:07:46', '00:00:00', 1632, 1),
(1599, '2016-07-08 06:08:11', '00:00:00', 1699, 1),
(1600, '2016-07-08 06:08:15', '00:00:00', 1659, 1),
(1601, '2016-07-08 06:08:59', '00:00:00', 1775, 1),
(1602, '2016-07-08 06:09:11', '00:00:00', 1739, 1),
(1603, '2016-07-08 06:09:25', '00:00:00', 1486, 1),
(1604, '2016-07-08 06:09:52', '00:00:00', 1698, 1),
(1605, '2016-07-08 06:10:00', '00:00:00', 1515, 1),
(1606, '2016-07-08 06:10:03', '00:00:00', 1478, 1),
(1607, '2016-07-08 06:10:25', '00:00:00', 1464, 1),
(1608, '2016-07-08 06:10:48', '00:00:00', 1741, 1),
(1609, '2016-07-08 06:10:55', '00:00:00', 1362, 1),
(1610, '2016-07-08 06:11:47', '00:00:00', 1353, 1),
(1611, '2016-07-08 06:12:03', '00:00:00', 1315, 1),
(1612, '2016-07-08 06:12:30', '00:00:00', 1365, 1),
(1613, '2016-07-08 06:13:00', '00:00:00', 1460, 1),
(1614, '2016-07-08 06:13:19', '00:00:00', 1737, 1),
(1615, '2016-07-08 06:13:19', '00:00:00', 1460, 1),
(1616, '2016-07-08 06:13:50', '00:00:00', 1432, 1),
(1617, '2016-07-08 06:13:50', '00:00:00', 1507, 1),
(1618, '2016-07-08 06:13:59', '00:00:00', 1691, 1),
(1619, '2016-07-08 06:14:05', '00:00:00', 1423, 1),
(1620, '2016-07-08 06:14:17', '00:00:00', 1378, 1),
(1621, '2016-07-08 06:14:34', '00:00:00', 1528, 1),
(1622, '2016-07-08 06:14:48', '00:00:00', 1488, 1),
(1623, '2016-07-08 06:14:56', '00:00:00', 1437, 1),
(1624, '2016-07-08 06:15:02', '00:00:00', 1526, 1),
(1625, '2016-07-08 06:15:21', '00:00:00', 1315, 1),
(1626, '2016-07-08 06:15:33', '00:00:00', 1583, 1),
(1627, '2016-07-08 06:15:41', '00:00:00', 1386, 1),
(1628, '2016-07-08 06:15:56', '00:00:00', 1516, 1),
(1629, '2016-07-08 06:16:18', '00:00:00', 1691, 1),
(1630, '2016-07-08 06:16:50', '00:00:00', 1351, 1),
(1631, '2016-07-08 06:17:01', '00:00:00', 1354, 1),
(1632, '2016-07-08 06:17:08', '00:00:00', 1380, 1),
(1633, '2016-07-08 06:17:13', '00:00:00', 1495, 1),
(1634, '2016-07-08 06:17:22', '00:00:00', 1381, 1),
(1635, '2016-07-08 06:17:31', '00:00:00', 1557, 1),
(1636, '2016-07-08 06:17:48', '00:00:00', 1729, 1),
(1637, '2016-07-08 06:18:08', '00:00:00', 1617, 1),
(1638, '2016-07-08 06:18:51', '00:00:00', 1606, 1),
(1639, '2016-07-08 06:18:59', '00:00:00', 1638, 1),
(1640, '2016-07-08 06:19:16', '00:00:00', 1600, 1),
(1641, '2016-07-08 06:19:18', '00:00:00', 1727, 1),
(1642, '2016-07-08 06:19:33', '00:00:00', 1578, 1),
(1643, '2016-07-08 06:20:05', '00:00:00', 1623, 1),
(1644, '2016-07-08 06:20:19', '00:00:00', 1669, 1),
(1645, '2016-07-08 06:20:31', '00:00:00', 1588, 1),
(1646, '2016-07-08 06:20:37', '00:00:00', 1435, 1),
(1647, '2016-07-08 06:20:53', '00:00:00', 1383, 1),
(1648, '2016-07-08 06:21:35', '00:00:00', 1328, 1),
(1649, '2016-07-08 06:22:07', '00:00:00', 1323, 1),
(1650, '2016-07-08 06:22:24', '00:00:00', 1602, 1),
(1651, '2016-07-08 06:22:42', '00:00:00', 1416, 1),
(1652, '2016-07-08 06:22:47', '00:00:00', 1322, 1),
(1653, '2016-07-08 06:23:16', '00:00:00', 1630, 1),
(1654, '2016-07-08 06:23:20', '00:00:00', 1686, 1),
(1655, '2016-07-08 06:23:34', '00:00:00', 1382, 1),
(1656, '2016-07-08 06:23:37', '00:00:00', 1408, 1),
(1657, '2016-07-08 06:23:45', '00:00:00', 1631, 1),
(1658, '2016-07-08 06:24:08', '00:00:00', 1385, 1),
(1659, '2016-07-08 06:24:10', '00:00:00', 1468, 1),
(1660, '2016-07-08 06:24:24', '00:00:00', 1511, 1),
(1661, '2016-07-08 06:24:32', '00:00:00', 1512, 1),
(1662, '2016-07-08 06:24:44', '00:00:00', 1509, 1),
(1663, '2016-07-08 06:24:46', '00:00:00', 1512, 1),
(1664, '2016-07-08 06:24:56', '00:00:00', 1552, 1),
(1665, '2016-07-08 06:25:12', '00:00:00', 1770, 1),
(1666, '2016-07-08 06:25:14', '00:00:00', 1456, 1),
(1667, '2016-07-08 06:25:20', '00:00:00', 1504, 1),
(1668, '2016-07-08 06:25:26', '00:00:00', 1521, 1),
(1669, '2016-07-08 06:25:38', '00:00:00', 1520, 1),
(1670, '2016-07-08 06:25:49', '00:00:00', 1598, 1),
(1671, '2016-07-08 06:25:52', '00:00:00', 1625, 1),
(1672, '2016-07-08 06:26:02', '00:00:00', 1314, 1),
(1673, '2016-07-08 06:26:07', '00:00:00', 1771, 1),
(1674, '2016-07-08 06:26:32', '00:00:00', 1519, 1),
(1675, '2016-07-08 06:26:34', '00:00:00', 1667, 1),
(1676, '2016-07-08 06:26:37', '00:00:00', 1618, 1),
(1677, '2016-07-08 06:26:52', '00:00:00', 1494, 1),
(1678, '2016-07-08 06:26:55', '00:00:00', 1618, 1),
(1679, '2016-07-08 06:27:02', '00:00:00', 1660, 1),
(1680, '2016-07-08 06:27:21', '00:00:00', 1590, 1),
(1681, '2016-07-08 06:27:29', '00:00:00', 1574, 1),
(1682, '2016-07-08 06:27:34', '00:00:00', 1661, 1),
(1683, '2016-07-08 06:27:39', '00:00:00', 1489, 1),
(1684, '2016-07-08 06:27:52', '00:00:00', 1394, 1),
(1685, '2016-07-08 06:27:57', '00:00:00', 1452, 1),
(1686, '2016-07-08 06:28:06', '00:00:00', 1499, 1),
(1687, '2016-07-08 06:28:20', '00:00:00', 1492, 1),
(1688, '2016-07-08 06:28:32', '00:00:00', 1541, 1),
(1689, '2016-07-08 06:28:38', '00:00:00', 1604, 1),
(1690, '2016-07-08 06:28:44', '00:00:00', 1461, 1),
(1691, '2016-07-08 06:28:55', '00:00:00', 1480, 1),
(1692, '2016-07-08 06:28:55', '00:00:00', 1316, 1),
(1693, '2016-07-08 06:29:10', '00:00:00', 1333, 1),
(1694, '2016-07-08 06:29:10', '00:00:00', 1449, 1),
(1695, '2016-07-08 06:29:16', '00:00:00', 1541, 1),
(1696, '2016-07-08 06:29:39', '00:00:00', 1680, 1),
(1697, '2016-07-08 06:29:44', '00:00:00', 1493, 1),
(1698, '2016-07-08 06:29:56', '00:00:00', 1566, 1),
(1699, '2016-07-08 06:30:06', '00:00:00', 1668, 1),
(1700, '2016-07-08 06:30:07', '00:00:00', 1536, 1),
(1701, '2016-07-08 06:30:50', '00:00:00', 1525, 1),
(1702, '2016-07-08 06:31:45', '00:00:00', 1655, 1),
(1703, '2016-07-08 06:31:54', '00:00:00', 1434, 1),
(1704, '2016-07-08 06:32:13', '00:00:00', 1426, 1),
(1705, '2016-07-08 06:32:26', '00:00:00', 1676, 1),
(1706, '2016-07-08 06:33:05', '00:00:00', 1677, 1),
(1707, '2016-07-08 06:33:22', '00:00:00', 1547, 1),
(1708, '2016-07-08 06:33:36', '00:00:00', 1666, 1),
(1709, '2016-07-08 06:34:12', '00:00:00', 1675, 1),
(1710, '2016-07-08 06:34:32', '00:00:00', 1711, 1),
(1711, '2016-07-08 06:34:46', '00:00:00', 1675, 1),
(1712, '2016-07-08 06:35:03', '00:00:00', 1316, 1),
(1713, '2016-07-08 06:35:50', '00:00:00', 1448, 1),
(1714, '2016-07-08 06:35:59', '00:00:00', 1534, 1),
(1715, '2016-07-08 06:36:03', '00:00:00', 1712, 1),
(1716, '2016-07-08 06:36:12', '00:00:00', 1395, 1),
(1717, '2016-07-08 06:36:14', '00:00:00', 1703, 1),
(1718, '2016-07-08 06:36:41', '00:00:00', 1358, 1),
(1719, '2016-07-08 06:36:53', '00:00:00', 1318, 1),
(1720, '2016-07-08 06:36:58', '00:00:00', 1356, 1),
(1721, '2016-07-08 06:37:11', '00:00:00', 1366, 1),
(1722, '2016-07-08 06:37:14', '00:00:00', 1561, 1),
(1723, '2016-07-08 06:37:20', '00:00:00', 1454, 1),
(1724, '2016-07-08 06:37:34', '00:00:00', 1624, 1),
(1725, '2016-07-08 06:37:36', '00:00:00', 1331, 1),
(1726, '2016-07-08 06:37:49', '00:00:00', 1758, 1),
(1727, '2016-07-08 06:38:08', '00:00:00', 1589, 1),
(1728, '2016-07-08 06:38:19', '00:00:00', 1355, 1),
(1729, '2016-07-08 06:38:31', '00:00:00', 1368, 1),
(1730, '2016-07-08 06:38:54', '00:00:00', 1364, 1),
(1731, '2016-07-08 06:39:29', '00:00:00', 1612, 1),
(1732, '2016-07-08 06:39:56', '00:00:00', 1406, 1),
(1733, '2016-07-08 06:40:30', '00:00:00', 1601, 1),
(1734, '2016-07-08 06:40:44', '00:00:00', 1603, 1),
(1735, '2016-07-08 06:41:05', '00:00:00', 1393, 1),
(1736, '2016-07-08 06:41:09', '00:00:00', 1419, 1),
(1737, '2016-07-08 06:41:14', '00:00:00', 1390, 1),
(1738, '2016-07-08 06:41:23', '00:00:00', 1392, 1),
(1739, '2016-07-08 06:41:42', '00:00:00', 1639, 1),
(1740, '2016-07-08 06:42:01', '00:00:00', 1622, 1),
(1741, '2016-07-08 06:42:27', '00:00:00', 1548, 1),
(1742, '2016-07-08 06:42:29', '00:00:00', 1391, 1),
(1743, '2016-07-08 06:42:55', '00:00:00', 1806, 1),
(1744, '2016-07-08 06:43:05', '00:00:00', 1396, 1),
(1745, '2016-07-08 06:43:21', '00:00:00', 1424, 1),
(1746, '2016-07-08 06:43:26', '00:00:00', 1782, 1),
(1747, '2016-07-08 06:43:33', '00:00:00', 1573, 1),
(1748, '2016-07-08 06:43:45', '00:00:00', 1570, 1),
(1749, '2016-07-08 06:43:47', '00:00:00', 1628, 1),
(1750, '2016-07-08 06:43:57', '00:00:00', 1593, 1),
(1751, '2016-07-08 06:44:00', '00:00:00', 1774, 1),
(1752, '2016-07-08 06:44:07', '00:00:00', 1662, 1),
(1753, '2016-07-08 06:44:16', '00:00:00', 1453, 1),
(1754, '2016-07-08 06:44:28', '00:00:00', 1781, 1),
(1755, '2016-07-08 06:44:29', '00:00:00', 1608, 1),
(1756, '2016-07-08 06:44:38', '00:00:00', 1610, 1),
(1757, '2016-07-08 06:44:43', '00:00:00', 1339, 1),
(1758, '2016-07-08 06:44:46', '00:00:00', 1609, 1),
(1759, '2016-07-08 06:44:54', '00:00:00', 1346, 1),
(1760, '2016-07-08 06:45:12', '00:00:00', 1649, 1),
(1761, '2016-07-08 06:45:20', '00:00:00', 1644, 1),
(1762, '2016-07-08 06:45:29', '00:00:00', 1684, 1),
(1763, '2016-07-08 06:45:34', '00:00:00', 1415, 1),
(1764, '2016-07-08 06:45:40', '00:00:00', 1313, 1),
(1765, '2016-07-08 06:45:50', '00:00:00', 1697, 1),
(1766, '2016-07-08 06:45:51', '00:00:00', 1513, 1),
(1767, '2016-07-08 06:46:11', '00:00:00', 1336, 1),
(1768, '2016-07-08 06:47:46', '00:00:00', 1664, 1),
(1769, '2016-07-08 06:48:40', '00:00:00', 1508, 1),
(1770, '2016-07-08 06:48:48', '00:00:00', 1791, 1),
(1771, '2016-07-08 06:48:51', '00:00:00', 1783, 1),
(1772, '2016-07-08 06:49:10', '00:00:00', 1403, 1),
(1773, '2016-07-08 06:49:47', '00:00:00', 1681, 1),
(1774, '2016-07-08 06:50:00', '00:00:00', 1420, 1),
(1775, '2016-07-08 06:50:03', '00:00:00', 1798, 1),
(1776, '2016-07-08 06:50:22', '00:00:00', 1427, 1),
(1777, '2016-07-08 06:50:41', '00:00:00', 1421, 1),
(1778, '2016-07-08 06:50:48', '00:00:00', 1679, 1),
(1779, '2016-07-08 06:50:52', '00:00:00', 1765, 1),
(1780, '2016-07-08 06:51:11', '00:00:00', 1788, 1),
(1781, '2016-07-08 06:51:50', '00:00:00', 1810, 1),
(1782, '2016-07-08 06:52:08', '00:00:00', 1652, 1),
(1783, '2016-07-08 06:52:21', '00:00:00', 1722, 1),
(1784, '2016-07-08 06:52:31', '00:00:00', 1319, 1),
(1785, '2016-07-08 06:52:45', '00:00:00', 1320, 1),
(1786, '2016-07-08 06:52:56', '00:00:00', 1809, 1),
(1787, '2016-07-08 06:53:02', '00:00:00', 1425, 1),
(1788, '2016-07-08 06:53:13', '00:00:00', 1398, 1),
(1789, '2016-07-08 06:53:23', '00:00:00', 1559, 1),
(1790, '2016-07-08 06:53:25', '00:00:00', 1565, 1),
(1791, '2016-07-08 06:53:37', '00:00:00', 1506, 1),
(1792, '2016-07-08 06:53:44', '00:00:00', 1425, 1),
(1793, '2016-07-08 06:53:58', '00:00:00', 1506, 1),
(1794, '2016-07-08 06:54:11', '00:00:00', 1565, 1),
(1795, '2016-07-08 06:54:18', '00:00:00', 1409, 1),
(1796, '2016-07-08 06:54:35', '00:00:00', 1730, 1),
(1797, '2016-07-08 06:54:45', '00:00:00', 1372, 1),
(1798, '2016-07-08 06:54:46', '00:00:00', 1503, 1),
(1799, '2016-07-08 06:55:01', '00:00:00', 1572, 1),
(1800, '2016-07-08 06:55:11', '00:00:00', 1575, 1),
(1801, '2016-07-08 06:55:20', '00:00:00', 1716, 1),
(1802, '2016-07-08 06:56:06', '00:00:00', 1410, 1),
(1803, '2016-07-08 06:56:11', '00:00:00', 1571, 1),
(1804, '2016-07-08 06:56:22', '00:00:00', 1436, 1),
(1805, '2016-07-08 06:56:35', '00:00:00', 1692, 1),
(1806, '2016-07-08 06:56:37', '00:00:00', 1805, 1),
(1807, '2016-07-08 06:56:54', '00:00:00', 1579, 1),
(1808, '2016-07-08 06:57:05', '00:00:00', 1532, 1),
(1809, '2016-07-08 06:57:29', '00:00:00', 1557, 1),
(1810, '2016-07-08 06:58:01', '00:00:00', 1466, 1),
(1811, '2016-07-08 06:58:01', '00:00:00', 1485, 1),
(1812, '2016-07-08 06:58:14', '00:00:00', 1717, 1),
(1813, '2016-07-08 06:58:46', '00:00:00', 1690, 1),
(1814, '2016-07-08 06:58:51', '00:00:00', 1465, 1),
(1815, '2016-07-08 06:59:00', '00:00:00', 1313, 1),
(1816, '2016-07-08 06:59:28', '00:00:00', 1471, 1),
(1817, '2016-07-08 06:59:53', '00:00:00', 1326, 1),
(1818, '2016-07-08 07:00:36', '00:00:00', 1327, 1),
(1819, '2016-07-08 07:00:46', '00:00:00', 1769, 1),
(1820, '2016-07-08 07:01:42', '00:00:00', 1487, 1),
(1821, '2016-07-08 07:02:06', '00:00:00', 1687, 1),
(1822, '2016-07-08 07:03:05', '00:00:00', 1531, 1),
(1823, '2016-07-08 07:03:40', '00:00:00', 1580, 1),
(1824, '2016-07-08 07:03:43', '00:00:00', 1580, 1),
(1825, '2016-07-08 07:04:00', '00:00:00', 1586, 1),
(1826, '2016-07-08 07:04:13', '00:00:00', 1397, 1),
(1827, '2016-07-08 07:04:25', '00:00:00', 1399, 1),
(1828, '2016-07-08 07:05:08', '00:00:00', 1501, 1),
(1829, '2016-07-08 07:05:21', '00:00:00', 1363, 1),
(1830, '2016-07-08 07:05:36', '00:00:00', 1759, 1),
(1831, '2016-07-08 07:05:50', '00:00:00', 1756, 1),
(1832, '2016-07-08 07:06:01', '00:00:00', 1671, 1),
(1833, '2016-07-08 07:06:12', '00:00:00', 1718, 1),
(1834, '2016-07-08 07:06:43', '00:00:00', 1732, 1),
(1835, '2016-07-08 07:06:51', '00:00:00', 1786, 1),
(1836, '2016-07-08 07:07:31', '00:00:00', 1438, 1),
(1837, '2016-07-08 07:07:38', '00:00:00', 1360, 1),
(1838, '2016-07-08 07:07:48', '00:00:00', 1477, 1),
(1839, '2016-07-08 07:08:44', '00:00:00', 1663, 1),
(1840, '2016-07-08 07:09:13', '00:00:00', 1621, 1),
(1841, '2016-07-08 07:09:41', '00:00:00', 1621, 1),
(1842, '2016-07-08 07:10:00', '00:00:00', 1367, 1),
(1843, '2016-07-08 07:10:31', '00:00:00', 1373, 1),
(1844, '2016-07-08 07:10:41', '00:00:00', 1371, 1),
(1845, '2016-07-08 07:10:42', '00:00:00', 1524, 1),
(1846, '2016-07-08 07:10:53', '00:00:00', 1370, 1),
(1847, '2016-07-08 07:10:54', '00:00:00', 1524, 1),
(1848, '2016-07-08 07:11:04', '00:00:00', 1374, 1),
(1849, '2016-07-08 07:11:23', '00:00:00', 1545, 1),
(1850, '2016-07-08 07:11:37', '00:00:00', 1750, 1),
(1851, '2016-07-08 07:11:50', '00:00:00', 1524, 1),
(1852, '2016-07-08 07:12:00', '00:00:00', 1629, 1),
(1853, '2016-07-08 07:12:04', '00:00:00', 1440, 1),
(1854, '2016-07-08 07:12:19', '00:00:00', 1332, 1),
(1855, '2016-07-08 07:13:00', '00:00:00', 1491, 1),
(1856, '2016-07-08 07:13:35', '00:00:00', 1522, 1),
(1857, '2016-07-08 07:13:38', '00:00:00', 1522, 1),
(1858, '2016-07-08 07:14:22', '00:00:00', 1377, 1),
(1859, '2016-07-08 07:14:54', '00:00:00', 1422, 1),
(1860, '2016-07-08 07:15:23', '00:00:00', 1402, 1),
(1861, '2016-07-08 07:15:30', '00:00:00', 1404, 1),
(1862, '2016-07-08 07:17:44', '00:00:00', 1780, 1),
(1863, '2016-07-08 07:20:14', '00:00:00', 1723, 1),
(1864, '2016-07-08 07:20:37', '00:00:00', 1361, 1),
(1865, '2016-07-08 07:20:51', '00:00:00', 1369, 1),
(1866, '2016-07-08 07:21:34', '00:00:00', 1653, 1),
(1867, '2016-07-08 07:22:33', '00:00:00', 1772, 1),
(1868, '2016-07-08 07:23:47', '00:00:00', 1751, 1),
(1869, '2016-07-08 07:24:05', '00:00:00', 1330, 1),
(1870, '2016-07-08 07:24:55', '00:00:00', 1463, 1),
(1871, '2016-07-08 07:25:41', '00:00:00', 1803, 1),
(1872, '2016-07-08 07:28:32', '00:00:00', 1558, 1),
(1873, '2016-07-08 07:29:17', '00:00:00', 1724, 1),
(1874, '2016-07-08 07:29:58', '00:00:00', 1713, 1),
(1875, '2016-07-08 07:31:19', '00:00:00', 1705, 1),
(1876, '2016-07-08 07:45:11', '00:00:00', 1568, 1),
(1877, '2016-07-08 11:36:26', '00:00:00', 1313, 1),
(1878, '2016-07-08 11:36:35', '00:00:00', 1769, 1),
(1879, '2016-07-08 11:36:53', '00:00:00', 1514, 1),
(1880, '2016-07-08 11:37:08', '00:00:00', 1318, 1),
(1881, '2016-07-08 11:37:19', '00:00:00', 1563, 1),
(1882, '2016-07-08 11:37:30', '00:00:00', 1607, 1),
(1883, '2016-07-08 11:37:40', '00:00:00', 1706, 1),
(1884, '2016-07-08 11:37:52', '00:00:00', 1719, 1),
(1885, '2016-07-08 11:38:03', '00:00:00', 1329, 1),
(1886, '2016-07-08 13:08:12', '00:00:00', 1474, 1),
(1887, '2016-07-08 13:08:16', '00:00:00', 1478, 1),
(1888, '2016-07-08 13:08:20', '00:00:00', 1474, 1),
(1889, '2016-07-08 13:08:24', '00:00:00', 1475, 1),
(1890, '2016-07-08 13:08:34', '00:00:00', 1760, 1),
(1891, '2016-07-08 13:08:35', '00:00:00', 1474, 1),
(1892, '2016-07-08 13:08:39', '00:00:00', 1463, 1),
(1893, '2016-07-08 13:08:43', '00:00:00', 1472, 1),
(1894, '2016-07-08 13:08:47', '00:00:00', 1567, 1),
(1895, '2016-07-08 13:09:00', '00:00:00', 1575, 1),
(1896, '2016-07-08 13:09:04', '00:00:00', 1572, 1),
(1897, '2016-07-08 13:09:15', '00:00:00', 1571, 1),
(1898, '2016-07-08 13:09:17', '00:00:00', 1465, 1),
(1899, '2016-07-08 13:09:30', '00:00:00', 1731, 1),
(1900, '2016-07-08 13:09:42', '00:00:00', 1723, 1),
(1901, '2016-07-08 13:09:48', '00:00:00', 1724, 1),
(1902, '2016-07-08 13:10:01', '00:00:00', 1713, 1),
(1903, '2016-07-08 13:10:13', '00:00:00', 1698, 1),
(1904, '2016-07-08 13:10:21', '00:00:00', 1602, 1),
(1905, '2016-07-08 13:10:24', '00:00:00', 1558, 1),
(1906, '2016-07-08 13:10:30', '00:00:00', 1628, 1),
(1907, '2016-07-08 13:10:47', '00:00:00', 1653, 1),
(1908, '2016-07-08 13:10:52', '00:00:00', 1553, 1),
(1909, '2016-07-08 13:11:10', '00:00:00', 1557, 1),
(1910, '2016-07-08 13:11:22', '00:00:00', 1763, 1),
(1911, '2016-07-08 13:11:34', '00:00:00', 1482, 1),
(1912, '2016-07-08 13:11:34', '00:00:00', 1703, 1),
(1913, '2016-07-08 13:11:48', '00:00:00', 1573, 1),
(1914, '2016-07-08 13:11:50', '00:00:00', 1570, 1),
(1915, '2016-07-08 13:12:09', '00:00:00', 1591, 1),
(1916, '2016-07-08 13:12:11', '00:00:00', 1487, 1),
(1917, '2016-07-08 13:12:13', '00:00:00', 1404, 1),
(1918, '2016-07-08 13:12:30', '00:00:00', 1593, 1),
(1919, '2016-07-08 13:12:39', '00:00:00', 1678, 1),
(1920, '2016-07-08 13:12:40', '00:00:00', 1378, 1),
(1921, '2016-07-08 13:12:49', '00:00:00', 1506, 1),
(1922, '2016-07-08 13:12:54', '00:00:00', 1565, 1),
(1923, '2016-07-08 13:13:00', '00:00:00', 1398, 1),
(1924, '2016-07-08 13:13:04', '00:00:00', 1583, 1),
(1925, '2016-07-08 13:13:10', '00:00:00', 1386, 1),
(1926, '2016-07-08 13:13:28', '00:00:00', 1649, 1),
(1927, '2016-07-08 13:13:34', '00:00:00', 1644, 1),
(1928, '2016-07-08 13:13:51', '00:00:00', 1392, 1),
(1929, '2016-07-08 13:14:02', '00:00:00', 1393, 1),
(1930, '2016-07-08 13:14:05', '00:00:00', 1390, 1),
(1931, '2016-07-08 13:14:25', '00:00:00', 1730, 1),
(1932, '2016-07-08 13:14:38', '00:00:00', 1327, 1),
(1933, '2016-07-08 13:14:38', '00:00:00', 1402, 1),
(1934, '2016-07-08 13:14:52', '00:00:00', 1326, 1),
(1935, '2016-07-08 13:14:55', '00:00:00', 1503, 1),
(1936, '2016-07-08 13:15:04', '00:00:00', 1651, 1),
(1937, '2016-07-08 13:15:07', '00:00:00', 1338, 1),
(1938, '2016-07-08 13:15:14', '00:00:00', 1364, 1),
(1939, '2016-07-08 13:15:31', '00:00:00', 1501, 1),
(1940, '2016-07-08 13:15:32', '00:00:00', 1504, 1),
(1941, '2016-07-08 13:15:52', '00:00:00', 1806, 1),
(1942, '2016-07-08 13:15:55', '00:00:00', 1621, 1),
(1943, '2016-07-08 13:16:01', '00:00:00', 1564, 1),
(1944, '2016-07-08 13:16:11', '00:00:00', 1732, 1),
(1945, '2016-07-08 13:16:28', '00:00:00', 1541, 1),
(1946, '2016-07-08 13:16:41', '00:00:00', 1480, 1),
(1947, '2016-07-08 13:16:48', '00:00:00', 1461, 1),
(1948, '2016-07-08 13:16:56', '00:00:00', 1660, 1),
(1949, '2016-07-08 13:17:09', '00:00:00', 1579, 1),
(1950, '2016-07-08 13:17:12', '00:00:00', 1661, 1),
(1951, '2016-07-08 13:17:28', '00:00:00', 1464, 1),
(1952, '2016-07-08 13:17:33', '00:00:00', 1630, 1),
(1953, '2016-07-08 13:17:44', '00:00:00', 1752, 1),
(1954, '2016-07-08 13:17:57', '00:00:00', 1365, 1),
(1955, '2016-07-08 13:17:57', '00:00:00', 1549, 1),
(1956, '2016-07-08 13:18:07', '00:00:00', 1434, 1),
(1957, '2016-07-08 13:18:15', '00:00:00', 1507, 1),
(1958, '2016-07-08 13:18:19', '00:00:00', 1432, 1),
(1959, '2016-07-08 13:18:30', '00:00:00', 1460, 1),
(1960, '2016-07-08 13:18:36', '00:00:00', 1494, 1),
(1961, '2016-07-08 13:18:38', '00:00:00', 1780, 1),
(1962, '2016-07-08 13:18:48', '00:00:00', 1370, 1),
(1963, '2016-07-08 13:18:51', '00:00:00', 1374, 1),
(1964, '2016-07-08 13:18:52', '00:00:00', 1371, 1),
(1965, '2016-07-08 13:19:02', '00:00:00', 1722, 1),
(1966, '2016-07-08 13:19:08', '00:00:00', 1652, 1),
(1967, '2016-07-08 13:19:14', '00:00:00', 1669, 1),
(1968, '2016-07-08 13:19:19', '00:00:00', 1623, 1),
(1969, '2016-07-08 13:19:22', '00:00:00', 1588, 1),
(1970, '2016-07-08 13:19:30', '00:00:00', 1624, 1),
(1971, '2016-07-08 13:19:41', '00:00:00', 1382, 1),
(1972, '2016-07-08 13:19:44', '00:00:00', 1453, 1),
(1973, '2016-07-08 13:19:47', '00:00:00', 1786, 1),
(1974, '2016-07-08 13:19:54', '00:00:00', 1659, 1),
(1975, '2016-07-08 13:20:01', '00:00:00', 1511, 1),
(1976, '2016-07-08 13:20:07', '00:00:00', 1712, 1),
(1977, '2016-07-08 13:20:22', '00:00:00', 1452, 1),
(1978, '2016-07-08 13:20:29', '00:00:00', 1606, 1),
(1979, '2016-07-08 13:20:34', '00:00:00', 1495, 1),
(1980, '2016-07-08 13:20:44', '00:00:00', 1690, 1),
(1981, '2016-07-08 13:20:53', '00:00:00', 1679, 1),
(1982, '2016-07-08 13:21:00', '00:00:00', 1664, 1),
(1983, '2016-07-08 13:21:01', '00:00:00', 1735, 1),
(1984, '2016-07-08 13:21:12', '00:00:00', 1468, 1),
(1985, '2016-07-08 13:21:14', '00:00:00', 1485, 1),
(1986, '2016-07-08 13:21:22', '00:00:00', 1477, 1),
(1987, '2016-07-08 13:21:30', '00:00:00', 1396, 1),
(1988, '2016-07-08 13:21:35', '00:00:00', 1391, 1),
(1989, '2016-07-08 13:21:38', '00:00:00', 1471, 1),
(1990, '2016-07-08 13:21:44', '00:00:00', 1516, 1),
(1991, '2016-07-08 13:21:47', '00:00:00', 1423, 1),
(1992, '2016-07-08 13:21:51', '00:00:00', 1426, 1),
(1993, '2016-07-08 13:22:02', '00:00:00', 1488, 1),
(1994, '2016-07-08 13:22:02', '00:00:00', 1437, 1),
(1995, '2016-07-08 13:22:04', '00:00:00', 1424, 1),
(1996, '2016-07-08 13:22:15', '00:00:00', 1718, 1),
(1997, '2016-07-08 13:22:16', '00:00:00', 1425, 1),
(1998, '2016-07-08 13:22:20', '00:00:00', 1466, 1),
(1999, '2016-07-08 13:22:31', '00:00:00', 1717, 1),
(2000, '2016-07-08 13:22:32', '00:00:00', 1574, 1),
(2001, '2016-07-08 13:22:47', '00:00:00', 1522, 1),
(2002, '2016-07-08 13:23:02', '00:00:00', 1533, 1),
(2003, '2016-07-08 13:23:03', '00:00:00', 1662, 1),
(2004, '2016-07-08 13:23:03', '00:00:00', 1513, 1),
(2005, '2016-07-08 13:23:14', '00:00:00', 1491, 1),
(2006, '2016-07-08 13:23:20', '00:00:00', 1694, 1),
(2007, '2016-07-08 13:23:20', '00:00:00', 1532, 1),
(2008, '2016-07-08 13:23:25', '00:00:00', 1569, 1),
(2009, '2016-07-08 13:23:29', '00:00:00', 1332, 1),
(2010, '2016-07-08 13:23:33', '00:00:00', 1520, 1),
(2011, '2016-07-08 13:23:40', '00:00:00', 1625, 1),
(2012, '2016-07-08 13:23:46', '00:00:00', 1519, 1),
(2013, '2016-07-08 13:23:48', '00:00:00', 1667, 1),
(2014, '2016-07-08 13:23:58', '00:00:00', 1716, 1),
(2015, '2016-07-08 13:24:01', '00:00:00', 1677, 1),
(2016, '2016-07-08 13:24:09', '00:00:00', 1315, 1),
(2017, '2016-07-08 13:24:19', '00:00:00', 1556, 1),
(2018, '2016-07-08 13:24:20', '00:00:00', 1416, 1),
(2019, '2016-07-08 13:24:36', '00:00:00', 1372, 1),
(2020, '2016-07-08 13:24:37', '00:00:00', 1766, 1),
(2021, '2016-07-08 13:24:41', '00:00:00', 1373, 1),
(2022, '2016-07-08 13:24:51', '00:00:00', 1729, 1),
(2023, '2016-07-08 13:24:53', '00:00:00', 1727, 1),
(2024, '2016-07-08 13:25:03', '00:00:00', 1726, 1),
(2025, '2016-07-08 13:25:06', '00:00:00', 1710, 1),
(2026, '2016-07-08 13:25:11', '00:00:00', 1756, 1),
(2027, '2016-07-08 13:25:20', '00:00:00', 1759, 1),
(2028, '2016-07-08 13:25:24', '00:00:00', 1363, 1),
(2029, '2016-07-08 13:25:27', '00:00:00', 1609, 1),
(2030, '2016-07-08 13:25:36', '00:00:00', 1610, 1),
(2031, '2016-07-08 13:25:39', '00:00:00', 1333, 1),
(2032, '2016-07-08 13:25:41', '00:00:00', 1608, 1),
(2033, '2016-07-08 13:26:03', '00:00:00', 1697, 1),
(2034, '2016-07-08 13:26:09', '00:00:00', 1524, 1),
(2035, '2016-07-08 13:26:19', '00:00:00', 1343, 1),
(2036, '2016-07-08 13:26:30', '00:00:00', 1530, 1),
(2037, '2016-07-08 13:26:53', '00:00:00', 1381, 1),
(2038, '2016-07-08 13:26:54', '00:00:00', 1626, 1),
(2039, '2016-07-08 13:26:56', '00:00:00', 1543, 1),
(2040, '2016-07-08 13:27:11', '00:00:00', 1380, 1),
(2041, '2016-07-08 13:27:21', '00:00:00', 1377, 1),
(2042, '2016-07-08 13:27:41', '00:00:00', 1614, 1),
(2043, '2016-07-08 13:27:51', '00:00:00', 1631, 1),
(2044, '2016-07-08 13:28:02', '00:00:00', 1359, 1),
(2045, '2016-07-08 13:28:04', '00:00:00', 1543, 1),
(2046, '2016-07-08 13:28:11', '00:00:00', 1687, 1),
(2047, '2016-07-08 13:28:17', '00:00:00', 1686, 1),
(2048, '2016-07-08 13:28:21', '00:00:00', 1684, 1),
(2049, '2016-07-08 13:28:39', '00:00:00', 1666, 1),
(2050, '2016-07-08 13:28:40', '00:00:00', 1536, 1),
(2051, '2016-07-08 13:28:48', '00:00:00', 1563, 1),
(2052, '2016-07-08 13:28:56', '00:00:00', 1680, 1),
(2053, '2016-07-08 13:29:04', '00:00:00', 1547, 1),
(2054, '2016-07-08 13:29:11', '00:00:00', 1655, 1),
(2055, '2016-07-08 13:29:11', '00:00:00', 1739, 1),
(2056, '2016-07-08 13:29:16', '00:00:00', 1681, 1),
(2057, '2016-07-08 13:29:24', '00:00:00', 1683, 1),
(2058, '2016-07-08 13:29:31', '00:00:00', 1629, 1),
(2059, '2016-07-08 13:29:45', '00:00:00', 1447, 1),
(2060, '2016-07-08 13:29:52', '00:00:00', 1408, 1),
(2061, '2016-07-08 13:29:54', '00:00:00', 1772, 1),
(2062, '2016-07-08 13:30:06', '00:00:00', 1369, 1),
(2063, '2016-07-08 13:30:07', '00:00:00', 1692, 1),
(2064, '2016-07-08 13:30:17', '00:00:00', 1436, 1),
(2065, '2016-07-08 13:30:23', '00:00:00', 1403, 1),
(2066, '2016-07-08 13:30:29', '00:00:00', 1405, 1),
(2067, '2016-07-08 13:30:42', '00:00:00', 1514, 1),
(2068, '2016-07-08 13:30:58', '00:00:00', 1330, 1),
(2069, '2016-07-08 13:31:17', '00:00:00', 1330, 1),
(2070, '2016-07-08 13:31:27', '00:00:00', 1486, 1),
(2071, '2016-07-08 13:31:36', '00:00:00', 1663, 1),
(2072, '2016-07-08 13:31:38', '00:00:00', 1618, 1),
(2073, '2016-07-08 13:31:45', '00:00:00', 1617, 1),
(2074, '2016-07-08 13:31:49', '00:00:00', 1515, 1),
(2075, '2016-07-08 13:31:52', '00:00:00', 1590, 1),
(2076, '2016-07-08 13:31:54', '00:00:00', 1805, 1),
(2077, '2016-07-08 13:32:04', '00:00:00', 1314, 1),
(2078, '2016-07-08 13:32:09', '00:00:00', 1561, 1),
(2079, '2016-07-08 13:32:12', '00:00:00', 1578, 1),
(2080, '2016-07-08 13:32:17', '00:00:00', 1545, 1),
(2081, '2016-07-08 13:32:27', '00:00:00', 1493, 1),
(2082, '2016-07-08 13:32:29', '00:00:00', 1707, 1),
(2083, '2016-07-08 13:32:38', '00:00:00', 1737, 1),
(2084, '2016-07-08 13:32:39', '00:00:00', 1322, 1),
(2085, '2016-07-08 13:32:53', '00:00:00', 1586, 1),
(2086, '2016-07-08 13:33:00', '00:00:00', 1323, 1),
(2087, '2016-07-08 13:33:10', '00:00:00', 1409, 1),
(2088, '2016-07-08 13:33:21', '00:00:00', 1598, 1),
(2089, '2016-07-08 13:33:33', '00:00:00', 1552, 1),
(2090, '2016-07-08 13:33:37', '00:00:00', 1456, 1),
(2091, '2016-07-08 13:33:45', '00:00:00', 1580, 1),
(2092, '2016-07-08 13:34:00', '00:00:00', 1435, 1),
(2093, '2016-07-08 13:34:05', '00:00:00', 1750, 1),
(2094, '2016-07-08 13:34:08', '00:00:00', 1705, 1),
(2095, '2016-07-08 13:34:09', '00:00:00', 1362, 1),
(2096, '2016-07-08 13:34:27', '00:00:00', 1751, 1),
(2097, '2016-07-08 13:34:53', '00:00:00', 1769, 1),
(2098, '2016-07-08 13:35:00', '00:00:00', 1499, 1),
(2099, '2016-07-08 13:35:08', '00:00:00', 1783, 1),
(2100, '2016-07-08 13:35:27', '00:00:00', 1566, 1),
(2101, '2016-07-08 13:35:28', '00:00:00', 1449, 1),
(2102, '2016-07-08 13:35:34', '00:00:00', 1668, 1),
(2103, '2016-07-08 13:35:38', '00:00:00', 1521, 1),
(2104, '2016-07-08 13:35:52', '00:00:00', 1612, 1),
(2105, '2016-07-08 13:35:53', '00:00:00', 1782, 1),
(2106, '2016-07-08 13:35:59', '00:00:00', 1755, 1),
(2107, '2016-07-08 13:36:13', '00:00:00', 1566, 1),
(2108, '2016-07-08 13:36:17', '00:00:00', 1755, 1),
(2109, '2016-07-08 13:36:38', '00:00:00', 1765, 1),
(2110, '2016-07-08 13:37:20', '00:00:00', 1810, 1),
(2111, '2016-07-08 13:37:50', '00:00:00', 1810, 1),
(2112, '2016-07-08 13:38:05', '00:00:00', 1810, 1),
(2113, '2016-07-08 13:38:19', '00:00:00', 1803, 1),
(2114, '2016-07-08 13:38:56', '00:00:00', 1359, 1),
(2115, '2016-07-08 13:39:27', '00:00:00', 1354, 1),
(2116, '2016-07-08 13:39:31', '00:00:00', 1385, 1),
(2117, '2016-07-08 13:39:47', '00:00:00', 1351, 1),
(2118, '2016-07-08 13:39:56', '00:00:00', 1699, 1),
(2119, '2016-07-08 13:40:03', '00:00:00', 1353, 1),
(2120, '2016-07-08 13:40:28', '00:00:00', 1622, 1),
(2121, '2016-07-08 13:40:31', '00:00:00', 1538, 1),
(2122, '2016-07-08 13:40:39', '00:00:00', 1639, 1),
(2123, '2016-07-08 13:40:48', '00:00:00', 1639, 1),
(2124, '2016-07-08 13:41:00', '00:00:00', 1362, 1),
(2125, '2016-07-08 13:41:08', '00:00:00', 1344, 1),
(2126, '2016-07-08 13:41:21', '00:00:00', 1539, 1),
(2127, '2016-07-08 13:41:27', '00:00:00', 1738, 1),
(2128, '2016-07-08 13:41:55', '00:00:00', 1410, 1),
(2129, '2016-07-08 13:42:02', '00:00:00', 1791, 1),
(2130, '2016-07-08 13:42:42', '00:00:00', 1589, 1),
(2131, '2016-07-08 13:42:44', '00:00:00', 1331, 1),
(2132, '2016-07-08 13:42:57', '00:00:00', 1589, 1),
(2133, '2016-07-08 13:42:59', '00:00:00', 1355, 1),
(2134, '2016-07-08 13:43:13', '00:00:00', 1397, 1),
(2135, '2016-07-08 13:43:20', '00:00:00', 1399, 1),
(2136, '2016-07-08 13:43:26', '00:00:00', 1411, 1),
(2137, '2016-07-08 13:43:42', '00:00:00', 1741, 1),
(2138, '2016-07-08 13:43:58', '00:00:00', 1526, 1),
(2139, '2016-07-08 13:44:03', '00:00:00', 1346, 1),
(2140, '2016-07-08 13:44:10', '00:00:00', 1676, 1),
(2141, '2016-07-08 13:44:11', '00:00:00', 1768, 1),
(2142, '2016-07-08 13:44:21', '00:00:00', 1528, 1),
(2143, '2016-07-08 13:44:22', '00:00:00', 1489, 1),
(2144, '2016-07-08 13:44:29', '00:00:00', 1554, 1),
(2145, '2016-07-08 13:44:37', '00:00:00', 1318, 1),
(2146, '2016-07-08 13:44:42', '00:00:00', 1356, 1),
(2147, '2016-07-08 13:44:47', '00:00:00', 1358, 1),
(2148, '2016-07-08 13:44:57', '00:00:00', 1367, 1),
(2149, '2016-07-08 13:45:12', '00:00:00', 1366, 1),
(2150, '2016-07-08 13:45:39', '00:00:00', 1336, 1),
(2151, '2016-07-08 13:46:14', '00:00:00', 1525, 1),
(2152, '2016-07-08 13:46:50', '00:00:00', 1771, 1),
(2153, '2016-07-08 13:46:59', '00:00:00', 1316, 1),
(2154, '2016-07-08 13:48:20', '00:00:00', 1401, 1),
(2155, '2016-07-08 13:48:33', '00:00:00', 1534, 1),
(2156, '2016-07-08 13:48:55', '00:00:00', 1292, 1),
(2157, '2016-07-08 13:49:05', '00:00:00', 1548, 1),
(2158, '2016-07-08 13:49:10', '00:00:00', 1352, 1),
(2159, '2016-07-08 13:49:26', '00:00:00', 1798, 1),
(2160, '2016-07-08 13:49:36', '00:00:00', 1809, 1),
(2161, '2016-07-08 13:50:36', '00:00:00', 1339, 1),
(2162, '2016-07-08 13:50:37', '00:00:00', 1781, 1),
(2163, '2016-07-08 13:51:07', '00:00:00', 1395, 1),
(2164, '2016-07-08 13:51:11', '00:00:00', 1319, 1),
(2165, '2016-07-08 13:51:16', '00:00:00', 1604, 1),
(2166, '2016-07-08 13:51:20', '00:00:00', 1368, 1),
(2167, '2016-07-08 13:51:25', '00:00:00', 1422, 1),
(2168, '2016-07-08 13:51:29', '00:00:00', 1320, 1),
(2169, '2016-07-08 13:51:44', '00:00:00', 1671, 1),
(2170, '2016-07-08 13:52:24', '00:00:00', 1329, 1),
(2171, '2016-07-08 13:55:25', '00:00:00', 1333, 1),
(2172, '2016-07-08 13:55:33', '00:00:00', 1711, 1),
(2173, '2016-07-08 13:55:41', '00:00:00', 1419, 1),
(2174, '2016-07-08 13:55:49', '00:00:00', 1406, 1),
(2175, '2016-07-08 13:56:04', '00:00:00', 1394, 1),
(2176, '2016-07-08 13:56:07', '00:00:00', 1492, 1),
(2177, '2016-07-08 13:56:15', '00:00:00', 1313, 1),
(2178, '2016-07-08 13:57:12', '00:00:00', 1448, 1),
(2179, '2016-07-08 13:57:57', '00:00:00', 1706, 1),
(2180, '2016-07-08 13:59:06', '00:00:00', 1361, 1),
(2181, '2016-07-08 13:59:12', '00:00:00', 1440, 1),
(2182, '2016-07-08 13:59:28', '00:00:00', 1438, 1),
(2183, '2016-07-08 13:59:38', '00:00:00', 1360, 1),
(2184, '2016-07-08 13:59:43', '00:00:00', 1559, 1),
(2185, '2016-07-08 14:07:22', '00:00:00', 1328, 1),
(2186, '2016-07-08 14:07:52', '00:00:00', 1758, 1),
(2187, '2016-07-08 14:07:57', '00:00:00', 1632, 1),
(2188, '2016-07-08 14:12:59', '00:00:00', 1505, 1),
(2189, '2016-07-08 14:18:16', '00:00:00', 1420, 1),
(2190, '2016-07-08 14:18:21', '00:00:00', 1430, 1),
(2191, '2016-07-08 14:18:26', '00:00:00', 1427, 1),
(2192, '2016-07-08 14:18:33', '00:00:00', 1415, 1),
(2193, '2016-07-08 14:18:44', '00:00:00', 1719, 1),
(2194, '2016-07-08 14:18:49', '00:00:00', 1383, 1),
(2195, '2016-07-08 14:19:10', '00:00:00', 1421, 1),
(2196, '2016-07-08 14:20:00', '00:00:00', 1607, 1),
(2197, '2016-07-08 14:20:26', '00:00:00', 1362, 1),
(2198, '2016-07-08 14:22:46', '00:00:00', 1673, 1),
(2199, '2016-07-08 14:25:59', '00:00:00', 1745, 1),
(2200, '2016-07-08 14:46:29', '00:00:00', 1508, 1),
(2201, '2016-07-08 14:48:59', '00:00:00', 1609, 1),
(2202, '2016-07-08 14:49:14', '00:00:00', 1610, 1),
(2203, '2016-07-08 14:49:28', '00:00:00', 1608, 1),
(2204, '2016-07-08 16:34:18', '00:00:00', 1617, 1),
(2205, '2016-07-08 16:34:28', '00:00:00', 1495, 1),
(2206, '2016-07-08 16:34:44', '00:00:00', 1328, 1),
(2207, '2016-07-08 16:34:59', '00:00:00', 1666, 1),
(2208, '2016-07-08 16:35:10', '00:00:00', 1427, 1),
(2209, '2016-07-08 16:35:22', '00:00:00', 1421, 1),
(2210, '2016-07-08 16:35:32', '00:00:00', 1699, 1),
(2211, '2016-07-08 16:35:47', '00:00:00', 1315, 1),
(2212, '2016-07-08 16:38:42', '00:00:00', 1758, 1),
(2213, '2016-07-08 16:38:55', '00:00:00', 1632, 1),
(2214, '2016-07-08 16:39:08', '00:00:00', 1402, 1),
(2215, '2016-07-08 17:14:11', '00:00:00', 1526, 1),
(2216, '2016-07-08 17:14:23', '00:00:00', 1528, 1),
(2217, '2016-07-08 17:20:25', '00:00:00', 1809, 1),
(2218, '2016-07-08 17:20:37', '00:00:00', 1474, 1),
(2219, '2016-07-08 17:20:41', '00:00:00', 1475, 1),
(2220, '2016-07-08 17:20:44', '00:00:00', 1760, 1),
(2221, '2016-07-08 17:20:47', '00:00:00', 1478, 1),
(2222, '2016-07-08 17:20:53', '00:00:00', 1530, 1),
(2223, '2016-07-08 17:20:58', '00:00:00', 1492, 1),
(2224, '2016-07-08 17:21:03', '00:00:00', 1626, 1),
(2225, '2016-07-08 17:21:06', '00:00:00', 1381, 1),
(2226, '2016-07-08 17:21:13', '00:00:00', 1382, 1),
(2227, '2016-07-08 17:21:18', '00:00:00', 1394, 1),
(2228, '2016-07-08 17:21:19', '00:00:00', 1385, 1),
(2229, '2016-07-08 17:21:24', '00:00:00', 1351, 1),
(2230, '2016-07-08 17:21:30', '00:00:00', 1394, 1),
(2231, '2016-07-08 17:21:31', '00:00:00', 1798, 1),
(2232, '2016-07-08 17:21:41', '00:00:00', 1380, 1),
(2233, '2016-07-08 17:21:45', '00:00:00', 1425, 1),
(2234, '2016-07-08 17:21:50', '00:00:00', 1423, 1),
(2235, '2016-07-08 17:21:52', '00:00:00', 1791, 1),
(2236, '2016-07-08 17:21:54', '00:00:00', 1488, 1),
(2237, '2016-07-08 17:21:58', '00:00:00', 1437, 1),
(2238, '2016-07-08 17:21:59', '00:00:00', 1791, 1),
(2239, '2016-07-08 17:22:02', '00:00:00', 1516, 1),
(2240, '2016-07-08 17:22:06', '00:00:00', 1424, 1),
(2241, '2016-07-08 17:22:15', '00:00:00', 1426, 1),
(2242, '2016-07-08 17:22:15', '00:00:00', 1756, 1),
(2243, '2016-07-08 17:22:20', '00:00:00', 1759, 1),
(2244, '2016-07-08 17:22:26', '00:00:00', 1545, 1),
(2245, '2016-07-08 17:22:27', '00:00:00', 1786, 1),
(2246, '2016-07-08 17:22:33', '00:00:00', 1507, 1),
(2247, '2016-07-08 17:22:38', '00:00:00', 1365, 1),
(2248, '2016-07-08 17:22:45', '00:00:00', 1434, 1),
(2249, '2016-07-08 17:22:45', '00:00:00', 1494, 1),
(2250, '2016-07-08 17:22:49', '00:00:00', 1460, 1),
(2251, '2016-07-08 17:22:53', '00:00:00', 1697, 1),
(2252, '2016-07-08 17:22:55', '00:00:00', 1432, 1),
(2253, '2016-07-08 17:23:00', '00:00:00', 1468, 1),
(2254, '2016-07-08 17:23:06', '00:00:00', 1659, 1),
(2255, '2016-07-08 17:23:13', '00:00:00', 1464, 1),
(2256, '2016-07-08 17:23:19', '00:00:00', 1477, 1),
(2257, '2016-07-08 17:23:19', '00:00:00', 1752, 1),
(2258, '2016-07-08 17:23:23', '00:00:00', 1472, 1),
(2259, '2016-07-08 17:23:29', '00:00:00', 1463, 1),
(2260, '2016-07-08 17:23:35', '00:00:00', 1583, 1),
(2261, '2016-07-08 17:23:35', '00:00:00', 1567, 1),
(2262, '2016-07-08 17:23:43', '00:00:00', 1465, 1),
(2263, '2016-07-08 17:23:44', '00:00:00', 1398, 1),
(2264, '2016-07-08 17:23:48', '00:00:00', 1565, 1),
(2265, '2016-07-08 17:23:51', '00:00:00', 1506, 1),
(2266, '2016-07-08 17:23:55', '00:00:00', 1378, 1),
(2267, '2016-07-08 17:24:01', '00:00:00', 1386, 1),
(2268, '2016-07-08 17:24:12', '00:00:00', 1480, 1),
(2269, '2016-07-08 17:24:13', '00:00:00', 1541, 1),
(2270, '2016-07-08 17:24:18', '00:00:00', 1461, 1),
(2271, '2016-07-08 17:24:22', '00:00:00', 1772, 1),
(2272, '2016-07-08 17:24:25', '00:00:00', 1435, 1),
(2273, '2016-07-08 17:24:30', '00:00:00', 1420, 1),
(2274, '2016-07-08 17:24:32', '00:00:00', 1369, 1),
(2275, '2016-07-08 17:24:36', '00:00:00', 1453, 1),
(2276, '2016-07-08 17:24:44', '00:00:00', 1383, 1),
(2277, '2016-07-08 17:24:48', '00:00:00', 1732, 1),
(2278, '2016-07-08 17:24:50', '00:00:00', 1322, 1),
(2279, '2016-07-08 17:24:55', '00:00:00', 1323, 1),
(2280, '2016-07-08 17:24:58', '00:00:00', 1430, 1),
(2281, '2016-07-08 17:25:04', '00:00:00', 1680, 1),
(2282, '2016-07-08 17:25:07', '00:00:00', 1683, 1),
(2283, '2016-07-08 17:25:11', '00:00:00', 1606, 1),
(2284, '2016-07-08 17:25:12', '00:00:00', 1681, 1),
(2285, '2016-07-08 17:25:16', '00:00:00', 1561, 1),
(2286, '2016-07-08 17:25:24', '00:00:00', 1668, 1),
(2287, '2016-07-08 17:25:29', '00:00:00', 1771, 1),
(2288, '2016-07-08 17:25:31', '00:00:00', 1449, 1),
(2289, '2016-07-08 17:25:36', '00:00:00', 1741, 1),
(2290, '2016-07-08 17:25:41', '00:00:00', 1600, 1),
(2291, '2016-07-08 17:25:51', '00:00:00', 1353, 1),
(2292, '2016-07-08 17:25:54', '00:00:00', 1601, 1),
(2293, '2016-07-08 17:26:03', '00:00:00', 1397, 1),
(2294, '2016-07-08 17:26:07', '00:00:00', 1543, 1),
(2295, '2016-07-08 17:26:07', '00:00:00', 1602, 1),
(2296, '2016-07-08 17:26:12', '00:00:00', 1628, 1),
(2297, '2016-07-08 17:26:17', '00:00:00', 1769, 1),
(2298, '2016-07-08 17:26:18', '00:00:00', 1333, 1),
(2299, '2016-07-08 17:26:23', '00:00:00', 1660, 1),
(2300, '2016-07-08 17:26:26', '00:00:00', 1661, 1),
(2301, '2016-07-08 17:26:28', '00:00:00', 1508, 1),
(2302, '2016-07-08 17:26:36', '00:00:00', 1485, 1),
(2303, '2016-07-08 17:26:37', '00:00:00', 1564, 1),
(2304, '2016-07-08 17:26:47', '00:00:00', 1474, 1),
(2305, '2016-07-08 17:26:51', '00:00:00', 1553, 1),
(2306, '2016-07-08 17:26:57', '00:00:00', 1651, 1),
(2307, '2016-07-08 17:26:59', '00:00:00', 1471, 1),
(2308, '2016-07-08 17:27:02', '00:00:00', 1653, 1),
(2309, '2016-07-08 17:27:06', '00:00:00', 1719, 1),
(2310, '2016-07-08 17:27:11', '00:00:00', 1371, 1),
(2311, '2016-07-08 17:27:12', '00:00:00', 1557, 1),
(2312, '2016-07-08 17:27:15', '00:00:00', 1370, 1),
(2313, '2016-07-08 17:27:19', '00:00:00', 1399, 1),
(2314, '2016-07-08 17:27:22', '00:00:00', 1374, 1),
(2315, '2016-07-08 17:27:24', '00:00:00', 1448, 1),
(2316, '2016-07-08 17:27:25', '00:00:00', 1415, 1),
(2317, '2016-07-08 17:27:29', '00:00:00', 1373, 1),
(2318, '2016-07-08 17:27:33', '00:00:00', 1372, 1),
(2319, '2016-07-08 17:27:37', '00:00:00', 1574, 1),
(2320, '2016-07-08 17:27:46', '00:00:00', 1332, 1),
(2321, '2016-07-08 17:28:03', '00:00:00', 1566, 1),
(2322, '2016-07-08 17:28:09', '00:00:00', 1406, 1),
(2323, '2016-07-08 17:28:12', '00:00:00', 1419, 1),
(2324, '2016-07-08 17:28:24', '00:00:00', 1549, 1),
(2325, '2016-07-08 17:28:29', '00:00:00', 1344, 1),
(2326, '2016-07-08 17:28:59', '00:00:00', 1522, 1),
(2327, '2016-07-08 17:29:04', '00:00:00', 1499, 1),
(2328, '2016-07-08 17:29:19', '00:00:00', 1629, 1),
(2329, '2016-07-08 17:29:31', '00:00:00', 1607, 1),
(2330, '2016-07-08 17:29:40', '00:00:00', 1354, 1),
(2331, '2016-07-08 17:29:53', '00:00:00', 1676, 1),
(2332, '2016-07-08 17:30:04', '00:00:00', 1655, 1),
(2333, '2016-07-08 17:30:22', '00:00:00', 1750, 1),
(2334, '2016-07-08 17:30:25', '00:00:00', 1703, 1),
(2335, '2016-07-08 17:30:31', '00:00:00', 1410, 1),
(2336, '2016-07-08 17:30:39', '00:00:00', 1673, 1),
(2337, '2016-07-08 17:30:49', '00:00:00', 1408, 1),
(2338, '2016-07-08 17:30:53', '00:00:00', 1337, 1),
(2339, '2016-07-08 17:31:01', '00:00:00', 1751, 1),
(2340, '2016-07-08 17:31:18', '00:00:00', 1639, 1),
(2341, '2016-07-08 17:31:38', '00:00:00', 1538, 1),
(2342, '2016-07-08 17:31:48', '00:00:00', 1548, 1),
(2343, '2016-07-08 17:32:55', '00:00:00', 1706, 1),
(2344, '2016-07-08 17:33:09', '00:00:00', 1324, 1),
(2345, '2016-07-08 17:33:25', '00:00:00', 1621, 1),
(2346, '2016-07-08 17:33:30', '00:00:00', 1339, 1),
(2347, '2016-07-08 17:33:36', '00:00:00', 1536, 1),
(2348, '2016-07-08 17:33:42', '00:00:00', 1491, 1),
(2349, '2016-07-08 17:34:08', '00:00:00', 1570, 1),
(2350, '2016-07-08 17:35:08', '00:00:00', 1678, 1),
(2351, '2016-07-08 17:35:27', '00:00:00', 1487, 1),
(2352, '2016-07-08 17:35:40', '00:00:00', 1482, 1),
(2353, '2016-07-08 17:35:41', '00:00:00', 1573, 1),
(2354, '2016-07-08 17:36:43', '00:00:00', 1677, 1),
(2355, '2016-07-08 17:36:47', '00:00:00', 1489, 1),
(2356, '2016-07-08 17:37:47', '00:00:00', 1515, 1),
(2357, '2016-07-08 17:37:56', '00:00:00', 1314, 1),
(2358, '2016-07-08 17:38:01', '00:00:00', 1486, 1),
(2359, '2016-07-08 17:38:20', '00:00:00', 1622, 1),
(2360, '2016-07-08 17:38:50', '00:00:00', 1395, 1),
(2361, '2016-07-08 17:39:12', '00:00:00', 1409, 1),
(2362, '2016-07-08 17:39:27', '00:00:00', 1505, 1),
(2363, '2016-07-08 17:39:56', '00:00:00', 1352, 1),
(2364, '2016-07-08 17:40:32', '00:00:00', 1405, 1),
(2365, '2016-07-08 17:40:56', '00:00:00', 1403, 1),
(2366, '2016-07-08 17:41:18', '00:00:00', 1782, 1),
(2367, '2016-07-08 17:41:40', '00:00:00', 1547, 1),
(2368, '2016-07-08 17:42:32', '00:00:00', 1593, 1),
(2369, '2016-07-08 17:42:58', '00:00:00', 1618, 1),
(2370, '2016-07-08 17:43:40', '00:00:00', 1727, 1),
(2371, '2016-07-08 17:43:54', '00:00:00', 1330, 1),
(2372, '2016-07-08 17:43:59', '00:00:00', 1729, 1),
(2373, '2016-07-08 17:44:06', '00:00:00', 1612, 1),
(2374, '2016-07-08 17:45:26', '00:00:00', 1336, 1),
(2375, '2016-07-08 17:45:34', '00:00:00', 1525, 1),
(2376, '2016-07-08 17:46:27', '00:00:00', 1368, 1),
(2377, '2016-07-08 17:46:31', '00:00:00', 1367, 1),
(2378, '2016-07-08 17:46:34', '00:00:00', 1355, 1),
(2379, '2016-07-08 17:46:59', '00:00:00', 1438, 1),
(2380, '2016-07-08 17:47:03', '00:00:00', 1440, 1),
(2381, '2016-07-08 17:47:07', '00:00:00', 1360, 1),
(2382, '2016-07-08 17:47:43', '00:00:00', 1361, 1),
(2383, '2016-07-08 17:47:50', '00:00:00', 1649, 1),
(2384, '2016-07-08 17:47:54', '00:00:00', 1361, 1),
(2385, '2016-07-08 17:47:56', '00:00:00', 1644, 1),
(2386, '2016-07-08 17:47:59', '00:00:00', 1390, 1),
(2387, '2016-07-08 17:48:02', '00:00:00', 1392, 1),
(2388, '2016-07-08 17:48:05', '00:00:00', 1393, 1),
(2389, '2016-07-08 17:48:11', '00:00:00', 1439, 1),
(2390, '2016-07-08 17:48:53', '00:00:00', 1705, 1),
(2391, '2016-07-08 17:49:25', '00:00:00', 1343, 1),
(2392, '2016-07-08 17:49:30', '00:00:00', 1534, 1),
(2393, '2016-07-08 17:49:34', '00:00:00', 1401, 1),
(2394, '2016-07-08 17:49:39', '00:00:00', 1391, 1),
(2395, '2016-07-08 17:49:46', '00:00:00', 1589, 1),
(2396, '2016-07-08 17:49:53', '00:00:00', 1358, 1),
(2397, '2016-07-08 17:50:01', '00:00:00', 1366, 1),
(2398, '2016-07-08 17:50:09', '00:00:00', 1768, 1),
(2399, '2016-07-08 17:50:33', '00:00:00', 1539, 1),
(2400, '2016-07-08 17:50:38', '00:00:00', 1452, 1),
(2401, '2016-07-08 17:51:39', '00:00:00', 1590, 1),
(2402, '2016-07-08 17:51:42', '00:00:00', 1318, 1),
(2403, '2016-07-08 17:51:46', '00:00:00', 1436, 1),
(2404, '2016-07-08 17:51:52', '00:00:00', 1692, 1),
(2405, '2016-07-08 17:51:57', '00:00:00', 1338, 1),
(2406, '2016-07-08 17:52:30', '00:00:00', 1580, 1),
(2407, '2016-07-08 17:52:47', '00:00:00', 1586, 1),
(2408, '2016-07-08 17:52:51', '00:00:00', 1552, 1),
(2409, '2016-07-08 17:52:56', '00:00:00', 1598, 1),
(2410, '2016-07-08 17:53:45', '00:00:00', 1456, 1),
(2411, '2016-07-08 17:53:48', '00:00:00', 1783, 1),
(2412, '2016-07-08 17:54:33', '00:00:00', 1364, 1),
(2413, '2016-07-08 17:55:59', '00:00:00', 1359, 1),
(2414, '2016-07-08 17:57:05', '00:00:00', 1319, 1),
(2415, '2016-07-08 17:57:15', '00:00:00', 1329, 1),
(2416, '2016-07-08 17:57:32', '00:00:00', 1320, 1),
(2417, '2016-07-08 17:57:32', '00:00:00', 1679, 1),
(2418, '2016-07-08 17:57:38', '00:00:00', 1690, 1),
(2419, '2016-07-08 17:57:46', '00:00:00', 1671, 1),
(2420, '2016-07-08 17:58:06', '00:00:00', 1765, 1),
(2421, '2016-07-08 17:58:12', '00:00:00', 1346, 1),
(2422, '2016-07-08 17:58:31', '00:00:00', 1781, 1),
(2423, '2016-07-08 17:59:47', '00:00:00', 1664, 1),
(2424, '2016-07-08 18:02:31', '00:00:00', 1524, 1),
(2425, '2016-07-08 18:02:48', '00:00:00', 1438, 1),
(2426, '2016-07-08 18:03:01', '00:00:00', 1738, 1),
(2427, '2016-07-08 18:06:19', '00:00:00', 1737, 1),
(2428, '2016-07-08 18:22:01', '00:00:00', 1331, 1),
(2429, '2016-07-08 18:23:29', '00:00:00', 1316, 1),
(2430, '2016-07-08 18:24:12', '00:00:00', 1554, 1),
(2431, '2016-07-08 18:24:21', '00:00:00', 1313, 1),
(2432, '2016-07-08 18:24:39', '00:00:00', 1591, 1),
(2433, '2016-07-08 18:24:56', '00:00:00', 1411, 1),
(2434, '2016-07-08 18:25:11', '00:00:00', 1356, 1),
(2435, '2016-07-08 18:26:18', '00:00:00', 1711, 1),
(2436, '2016-07-08 18:26:37', '00:00:00', 1396, 1),
(2437, '2016-07-08 18:27:26', '00:00:00', 1422, 1),
(2438, '2016-07-09 05:45:48', '00:00:00', 1352, 1),
(2439, '2016-07-09 05:47:04', '00:00:00', 1526, 1),
(2440, '2016-07-09 05:47:09', '00:00:00', 1528, 1),
(2441, '2016-07-09 05:47:13', '00:00:00', 1604, 1),
(2442, '2016-07-09 05:49:11', '00:00:00', 1600, 1),
(2443, '2016-07-09 05:49:13', '00:00:00', 1572, 1),
(2444, '2016-07-09 05:49:23', '00:00:00', 1353, 1),
(2445, '2016-07-09 05:49:27', '00:00:00', 1380, 1),
(2446, '2016-07-09 05:49:33', '00:00:00', 1354, 1),
(2447, '2016-07-09 05:49:38', '00:00:00', 1726, 1),
(2448, '2016-07-09 05:49:50', '00:00:00', 1385, 1),
(2449, '2016-07-09 05:50:03', '00:00:00', 1434, 1),
(2450, '2016-07-09 05:50:05', '00:00:00', 1707, 1),
(2451, '2016-07-09 05:50:11', '00:00:00', 1361, 1),
(2452, '2016-07-09 05:50:11', '00:00:00', 1386, 1),
(2453, '2016-07-09 05:50:13', '00:00:00', 1460, 1),
(2454, '2016-07-09 05:50:20', '00:00:00', 1494, 1),
(2455, '2016-07-09 05:50:20', '00:00:00', 1553, 1),
(2456, '2016-07-09 05:51:29', '00:00:00', 1437, 1),
(2457, '2016-07-09 05:53:39', '00:00:00', 1482, 1),
(2458, '2016-07-09 05:54:03', '00:00:00', 1430, 1),
(2459, '2016-07-09 05:54:20', '00:00:00', 1338, 1),
(2460, '2016-07-09 05:54:30', '00:00:00', 1737, 1),
(2461, '2016-07-09 05:54:40', '00:00:00', 1765, 1),
(2462, '2016-07-09 05:54:47', '00:00:00', 1346, 1),
(2463, '2016-07-09 05:55:36', '00:00:00', 1741, 1),
(2464, '2016-07-09 05:55:43', '00:00:00', 1327, 1),
(2465, '2016-07-09 05:55:53', '00:00:00', 1651, 1),
(2466, '2016-07-09 05:56:16', '00:00:00', 1416, 1),
(2467, '2016-07-09 05:56:20', '00:00:00', 1381, 1),
(2468, '2016-07-09 05:56:32', '00:00:00', 1565, 1),
(2469, '2016-07-09 05:58:09', '00:00:00', 1536, 1),
(2470, '2016-07-09 05:58:37', '00:00:00', 1495, 1),
(2471, '2016-07-09 05:58:41', '00:00:00', 1344, 1),
(2472, '2016-07-09 05:58:54', '00:00:00', 1678, 1),
(2473, '2016-07-09 05:59:03', '00:00:00', 1686, 1),
(2474, '2016-07-09 05:59:14', '00:00:00', 1486, 1),
(2475, '2016-07-09 05:59:14', '00:00:00', 1549, 1),
(2476, '2016-07-09 05:59:14', '00:00:00', 1499, 1),
(2477, '2016-07-09 05:59:26', '00:00:00', 1631, 1),
(2478, '2016-07-09 05:59:34', '00:00:00', 1630, 1),
(2479, '2016-07-09 05:59:40', '00:00:00', 1378, 1),
(2480, '2016-07-09 06:00:03', '00:00:00', 1538, 1),
(2481, '2016-07-09 06:00:05', '00:00:00', 1499, 1),
(2482, '2016-07-09 06:00:05', '00:00:00', 1736, 1),
(2483, '2016-07-09 06:00:12', '00:00:00', 1539, 1),
(2484, '2016-07-09 06:00:49', '00:00:00', 1554, 1),
(2485, '2016-07-09 06:01:40', '00:00:00', 1328, 1),
(2486, '2016-07-09 06:01:56', '00:00:00', 1328, 1),
(2487, '2016-07-09 06:02:14', '00:00:00', 1662, 1),
(2488, '2016-07-09 06:02:31', '00:00:00', 1465, 1),
(2489, '2016-07-09 06:04:18', '00:00:00', 1315, 1),
(2490, '2016-07-09 06:06:48', '00:00:00', 1363, 1),
(2491, '2016-07-09 06:07:30', '00:00:00', 1480, 1),
(2492, '2016-07-09 06:07:53', '00:00:00', 1548, 1),
(2493, '2016-07-09 06:08:16', '00:00:00', 1703, 1),
(2494, '2016-07-09 06:08:41', '00:00:00', 1406, 1),
(2495, '2016-07-09 06:08:51', '00:00:00', 1419, 1),
(2496, '2016-07-09 06:09:08', '00:00:00', 1314, 1),
(2497, '2016-07-09 06:09:11', '00:00:00', 1583, 1),
(2498, '2016-07-09 06:09:20', '00:00:00', 1521, 1),
(2499, '2016-07-09 06:09:21', '00:00:00', 1625, 1),
(2500, '2016-07-09 06:09:29', '00:00:00', 1520, 1),
(2501, '2016-07-09 06:09:29', '00:00:00', 1519, 1),
(2502, '2016-07-09 06:09:37', '00:00:00', 1638, 1),
(2503, '2016-07-09 06:09:42', '00:00:00', 1365, 1),
(2504, '2016-07-09 06:09:52', '00:00:00', 1602, 1),
(2505, '2016-07-09 06:09:53', '00:00:00', 1432, 1),
(2506, '2016-07-09 06:10:07', '00:00:00', 1425, 1),
(2507, '2016-07-09 06:10:28', '00:00:00', 1505, 1),
(2508, '2016-07-09 06:10:29', '00:00:00', 1466, 1),
(2509, '2016-07-09 06:10:41', '00:00:00', 1393, 1),
(2510, '2016-07-09 06:10:42', '00:00:00', 1390, 1),
(2511, '2016-07-09 06:10:52', '00:00:00', 1507, 1),
(2512, '2016-07-09 06:10:55', '00:00:00', 1509, 1),
(2513, '2016-07-09 06:11:05', '00:00:00', 1512, 1),
(2514, '2016-07-09 06:11:15', '00:00:00', 1382, 1),
(2515, '2016-07-09 06:11:36', '00:00:00', 1629, 1),
(2516, '2016-07-09 06:12:39', '00:00:00', 1561, 1),
(2517, '2016-07-09 06:12:53', '00:00:00', 1461, 1),
(2518, '2016-07-09 06:13:05', '00:00:00', 1578, 1),
(2519, '2016-07-09 06:13:21', '00:00:00', 1771, 1),
(2520, '2016-07-09 06:13:45', '00:00:00', 1426, 1),
(2521, '2016-07-09 06:13:54', '00:00:00', 1813, 1),
(2522, '2016-07-09 06:13:58', '00:00:00', 1766, 1),
(2523, '2016-07-09 06:14:02', '00:00:00', 1318, 1),
(2524, '2016-07-09 06:15:11', '00:00:00', 1468, 1),
(2525, '2016-07-09 06:16:08', '00:00:00', 1716, 1),
(2526, '2016-07-09 06:16:33', '00:00:00', 1328, 1),
(2527, '2016-07-09 06:16:34', '00:00:00', 1660, 1),
(2528, '2016-07-09 06:16:54', '00:00:00', 1659, 1),
(2529, '2016-07-09 06:16:54', '00:00:00', 1661, 1),
(2530, '2016-07-09 06:17:09', '00:00:00', 1667, 1),
(2531, '2016-07-09 06:17:14', '00:00:00', 1392, 1),
(2532, '2016-07-09 06:17:22', '00:00:00', 1805, 1),
(2533, '2016-07-09 06:17:30', '00:00:00', 1770, 1),
(2534, '2016-07-09 06:17:36', '00:00:00', 1370, 1),
(2535, '2016-07-09 06:17:49', '00:00:00', 1673, 1),
(2536, '2016-07-09 06:17:49', '00:00:00', 1372, 1),
(2537, '2016-07-09 06:17:57', '00:00:00', 1472, 1),
(2538, '2016-07-09 06:18:12', '00:00:00', 1591, 1),
(2539, '2016-07-09 06:18:17', '00:00:00', 1601, 1),
(2540, '2016-07-09 06:18:43', '00:00:00', 1570, 1),
(2541, '2016-07-09 06:18:47', '00:00:00', 1573, 1),
(2542, '2016-07-09 06:18:49', '00:00:00', 1623, 1),
(2543, '2016-07-09 06:18:51', '00:00:00', 1684, 1),
(2544, '2016-07-09 06:19:15', '00:00:00', 1730, 1),
(2545, '2016-07-09 06:19:20', '00:00:00', 1423, 1),
(2546, '2016-07-09 06:19:25', '00:00:00', 1424, 1),
(2547, '2016-07-09 06:19:28', '00:00:00', 1411, 1),
(2548, '2016-07-09 06:19:50', '00:00:00', 1579, 1),
(2549, '2016-07-09 06:20:03', '00:00:00', 1524, 1),
(2550, '2016-07-09 06:20:13', '00:00:00', 1477, 1),
(2551, '2016-07-09 06:20:39', '00:00:00', 1359, 1),
(2552, '2016-07-09 06:20:41', '00:00:00', 1508, 1),
(2553, '2016-07-09 06:20:52', '00:00:00', 1547, 1),
(2554, '2016-07-09 06:22:40', '00:00:00', 1624, 1),
(2555, '2016-07-09 06:23:30', '00:00:00', 1322, 1),
(2556, '2016-07-09 06:23:32', '00:00:00', 1435, 1),
(2557, '2016-07-09 06:23:37', '00:00:00', 1677, 1),
(2558, '2016-07-09 06:23:41', '00:00:00', 1323, 1),
(2559, '2016-07-09 06:23:42', '00:00:00', 1655, 1),
(2560, '2016-07-09 06:24:08', '00:00:00', 1782, 1),
(2561, '2016-07-09 06:24:11', '00:00:00', 1533, 1),
(2562, '2016-07-09 06:25:21', '00:00:00', 1574, 1),
(2563, '2016-07-09 06:25:24', '00:00:00', 1712, 1);
INSERT INTO `asistencia` (`idasistencia`, `fecha`, `hora`, `id_participante`, `id_acceso`) VALUES
(2564, '2016-07-09 06:25:36', '00:00:00', 1669, 1),
(2565, '2016-07-09 06:25:39', '00:00:00', 1575, 1),
(2566, '2016-07-09 06:25:57', '00:00:00', 1530, 1),
(2567, '2016-07-09 06:26:22', '00:00:00', 1752, 1),
(2568, '2016-07-09 06:26:47', '00:00:00', 1628, 1),
(2569, '2016-07-09 06:27:07', '00:00:00', 1383, 1),
(2570, '2016-07-09 06:27:19', '00:00:00', 1639, 1),
(2571, '2016-07-09 06:27:33', '00:00:00', 1607, 1),
(2572, '2016-07-09 06:27:56', '00:00:00', 1440, 1),
(2573, '2016-07-09 06:29:23', '00:00:00', 1557, 1),
(2574, '2016-07-09 06:29:58', '00:00:00', 1420, 1),
(2575, '2016-07-09 06:30:03', '00:00:00', 1421, 1),
(2576, '2016-07-09 06:30:05', '00:00:00', 1427, 1),
(2577, '2016-07-09 06:30:05', '00:00:00', 1415, 1),
(2578, '2016-07-09 06:30:16', '00:00:00', 1719, 1),
(2579, '2016-07-09 06:30:24', '00:00:00', 1781, 1),
(2580, '2016-07-09 06:31:16', '00:00:00', 1515, 1),
(2581, '2016-07-09 06:31:29', '00:00:00', 1493, 1),
(2582, '2016-07-09 06:31:43', '00:00:00', 1541, 1),
(2583, '2016-07-09 06:31:55', '00:00:00', 1566, 1),
(2584, '2016-07-09 06:31:57', '00:00:00', 1664, 1),
(2585, '2016-07-09 06:33:15', '00:00:00', 1463, 1),
(2586, '2016-07-09 06:33:36', '00:00:00', 1603, 1),
(2587, '2016-07-09 06:33:40', '00:00:00', 1695, 1),
(2588, '2016-07-09 06:34:12', '00:00:00', 1571, 1),
(2589, '2016-07-09 06:34:17', '00:00:00', 1697, 1),
(2590, '2016-07-09 06:34:22', '00:00:00', 1492, 1),
(2591, '2016-07-09 06:34:27', '00:00:00', 1394, 1),
(2592, '2016-07-09 06:34:42', '00:00:00', 1398, 1),
(2593, '2016-07-09 06:35:10', '00:00:00', 1449, 1),
(2594, '2016-07-09 06:35:12', '00:00:00', 1453, 1),
(2595, '2016-07-09 06:35:17', '00:00:00', 1774, 1),
(2596, '2016-07-09 06:35:30', '00:00:00', 1676, 1),
(2597, '2016-07-09 06:35:53', '00:00:00', 1313, 1),
(2598, '2016-07-09 06:36:43', '00:00:00', 1806, 1),
(2599, '2016-07-09 06:38:33', '00:00:00', 1444, 1),
(2600, '2016-07-09 06:39:17', '00:00:00', 1617, 1),
(2601, '2016-07-09 06:39:23', '00:00:00', 1366, 1),
(2602, '2016-07-09 06:39:42', '00:00:00', 1706, 1),
(2603, '2016-07-09 06:39:48', '00:00:00', 1680, 1),
(2604, '2016-07-09 06:40:19', '00:00:00', 1699, 1),
(2605, '2016-07-09 06:41:28', '00:00:00', 1343, 1),
(2606, '2016-07-09 06:41:32', '00:00:00', 1436, 1),
(2607, '2016-07-09 06:41:32', '00:00:00', 1326, 1),
(2608, '2016-07-09 06:41:41', '00:00:00', 1371, 1),
(2609, '2016-07-09 06:41:48', '00:00:00', 1608, 1),
(2610, '2016-07-09 06:41:55', '00:00:00', 1722, 1),
(2611, '2016-07-09 06:41:56', '00:00:00', 1610, 1),
(2612, '2016-07-09 06:41:59', '00:00:00', 1609, 1),
(2613, '2016-07-09 06:42:06', '00:00:00', 1652, 1),
(2614, '2016-07-09 06:42:42', '00:00:00', 1489, 1),
(2615, '2016-07-09 06:42:49', '00:00:00', 1711, 1),
(2616, '2016-07-09 06:42:54', '00:00:00', 1442, 1),
(2617, '2016-07-09 06:42:55', '00:00:00', 1478, 1),
(2618, '2016-07-09 06:42:59', '00:00:00', 1464, 1),
(2619, '2016-07-09 06:43:05', '00:00:00', 1506, 1),
(2620, '2016-07-09 06:43:13', '00:00:00', 1516, 1),
(2621, '2016-07-09 06:43:40', '00:00:00', 1622, 1),
(2622, '2016-07-09 06:43:49', '00:00:00', 1333, 1),
(2623, '2016-07-09 06:43:50', '00:00:00', 1545, 1),
(2624, '2016-07-09 06:44:10', '00:00:00', 1606, 1),
(2625, '2016-07-09 06:44:20', '00:00:00', 1590, 1),
(2626, '2016-07-09 06:44:25', '00:00:00', 1364, 1),
(2627, '2016-07-09 06:44:32', '00:00:00', 1653, 1),
(2628, '2016-07-09 06:44:49', '00:00:00', 1511, 1),
(2629, '2016-07-09 06:45:03', '00:00:00', 1314, 1),
(2630, '2016-07-09 06:45:21', '00:00:00', 1532, 1),
(2631, '2016-07-09 06:45:48', '00:00:00', 1626, 1),
(2632, '2016-07-09 06:45:53', '00:00:00', 1360, 1),
(2633, '2016-07-09 06:46:07', '00:00:00', 1666, 1),
(2634, '2016-07-09 06:46:08', '00:00:00', 1683, 1),
(2635, '2016-07-09 06:46:13', '00:00:00', 1438, 1),
(2636, '2016-07-09 06:46:27', '00:00:00', 1760, 1),
(2637, '2016-07-09 06:46:28', '00:00:00', 1474, 1),
(2638, '2016-07-09 06:46:33', '00:00:00', 1475, 1),
(2639, '2016-07-09 06:46:36', '00:00:00', 1671, 1),
(2640, '2016-07-09 06:46:37', '00:00:00', 1760, 1),
(2641, '2016-07-09 06:47:51', '00:00:00', 1408, 1),
(2642, '2016-07-09 06:48:23', '00:00:00', 1487, 1),
(2643, '2016-07-09 06:48:23', '00:00:00', 1694, 1),
(2644, '2016-07-09 06:48:36', '00:00:00', 1809, 1),
(2645, '2016-07-09 06:48:38', '00:00:00', 1351, 1),
(2646, '2016-07-09 06:49:08', '00:00:00', 1768, 1),
(2647, '2016-07-09 06:50:16', '00:00:00', 1331, 1),
(2648, '2016-07-09 06:50:36', '00:00:00', 1485, 1),
(2649, '2016-07-09 06:50:50', '00:00:00', 1327, 1),
(2650, '2016-07-09 06:51:00', '00:00:00', 1373, 1),
(2651, '2016-07-09 06:51:09', '00:00:00', 1738, 1),
(2652, '2016-07-09 06:51:21', '00:00:00', 1705, 1),
(2653, '2016-07-09 06:51:23', '00:00:00', 1738, 1),
(2654, '2016-07-09 06:51:29', '00:00:00', 1358, 1),
(2655, '2016-07-09 06:51:33', '00:00:00', 1356, 1),
(2656, '2016-07-09 06:52:00', '00:00:00', 1525, 1),
(2657, '2016-07-09 06:53:20', '00:00:00', 1798, 1),
(2658, '2016-07-09 06:53:25', '00:00:00', 1649, 1),
(2659, '2016-07-09 06:53:37', '00:00:00', 1644, 1),
(2660, '2016-07-09 06:54:03', '00:00:00', 1759, 1),
(2661, '2016-07-09 06:54:29', '00:00:00', 1739, 1),
(2662, '2016-07-09 06:55:38', '00:00:00', 1593, 1),
(2663, '2016-07-09 06:55:42', '00:00:00', 1569, 1),
(2664, '2016-07-09 06:55:48', '00:00:00', 1374, 1),
(2665, '2016-07-09 06:56:01', '00:00:00', 1335, 1),
(2666, '2016-07-09 06:56:19', '00:00:00', 1788, 1),
(2667, '2016-07-09 06:57:55', '00:00:00', 1783, 1),
(2668, '2016-07-09 06:57:57', '00:00:00', 1456, 1),
(2669, '2016-07-09 06:57:59', '00:00:00', 1586, 1),
(2670, '2016-07-09 06:58:27', '00:00:00', 1729, 1),
(2671, '2016-07-09 06:58:34', '00:00:00', 1727, 1),
(2672, '2016-07-09 06:58:35', '00:00:00', 1718, 1),
(2673, '2016-07-09 06:59:57', '00:00:00', 1336, 1),
(2674, '2016-07-09 07:00:03', '00:00:00', 1681, 1),
(2675, '2016-07-09 07:00:46', '00:00:00', 1401, 1),
(2676, '2016-07-09 07:01:34', '00:00:00', 1410, 1),
(2677, '2016-07-09 07:01:57', '00:00:00', 1769, 1),
(2678, '2016-07-09 07:02:05', '00:00:00', 1618, 1),
(2679, '2016-07-09 07:02:18', '00:00:00', 1810, 1),
(2680, '2016-07-09 07:02:34', '00:00:00', 1621, 1),
(2681, '2016-07-09 07:02:57', '00:00:00', 1588, 1),
(2682, '2016-07-09 07:03:05', '00:00:00', 1687, 1),
(2683, '2016-07-09 07:03:05', '00:00:00', 1690, 1),
(2684, '2016-07-09 07:03:13', '00:00:00', 1756, 1),
(2685, '2016-07-09 07:03:19', '00:00:00', 1439, 1),
(2686, '2016-07-09 07:03:27', '00:00:00', 1750, 1),
(2687, '2016-07-09 07:04:00', '00:00:00', 1395, 1),
(2688, '2016-07-09 07:04:05', '00:00:00', 1337, 1),
(2689, '2016-07-09 07:04:09', '00:00:00', 1422, 1),
(2690, '2016-07-09 07:04:12', '00:00:00', 1331, 1),
(2691, '2016-07-09 07:04:28', '00:00:00', 1337, 1),
(2692, '2016-07-09 07:04:38', '00:00:00', 1751, 1),
(2693, '2016-07-09 07:04:39', '00:00:00', 1316, 1),
(2694, '2016-07-09 07:04:50', '00:00:00', 1543, 1),
(2695, '2016-07-09 07:04:55', '00:00:00', 1534, 1),
(2696, '2016-07-09 07:05:03', '00:00:00', 1710, 1),
(2697, '2016-07-09 07:05:05', '00:00:00', 1614, 1),
(2698, '2016-07-09 07:05:10', '00:00:00', 1368, 1),
(2699, '2016-07-09 07:05:16', '00:00:00', 1452, 1),
(2700, '2016-07-09 07:05:21', '00:00:00', 1791, 1),
(2701, '2016-07-09 07:05:37', '00:00:00', 1717, 1),
(2702, '2016-07-09 07:05:38', '00:00:00', 1786, 1),
(2703, '2016-07-09 07:05:43', '00:00:00', 1355, 1),
(2704, '2016-07-09 07:05:57', '00:00:00', 1339, 1),
(2705, '2016-07-09 07:06:10', '00:00:00', 1598, 1),
(2706, '2016-07-09 07:06:13', '00:00:00', 1552, 1),
(2707, '2016-07-09 07:06:14', '00:00:00', 1732, 1),
(2708, '2016-07-09 07:06:47', '00:00:00', 1780, 1),
(2709, '2016-07-09 07:07:15', '00:00:00', 1405, 1),
(2710, '2016-07-09 07:07:24', '00:00:00', 1399, 1),
(2711, '2016-07-09 07:07:44', '00:00:00', 1612, 1),
(2712, '2016-07-09 07:09:57', '00:00:00', 1403, 1),
(2713, '2016-07-09 07:10:14', '00:00:00', 1632, 1),
(2714, '2016-07-09 07:10:30', '00:00:00', 1758, 1),
(2715, '2016-07-09 07:11:24', '00:00:00', 1589, 1),
(2716, '2016-07-09 07:11:34', '00:00:00', 1377, 1),
(2717, '2016-07-09 07:11:46', '00:00:00', 1556, 1),
(2718, '2016-07-09 07:12:17', '00:00:00', 1735, 1),
(2719, '2016-07-09 07:12:32', '00:00:00', 1692, 1),
(2720, '2016-07-09 07:12:56', '00:00:00', 1471, 1),
(2721, '2016-07-09 07:13:14', '00:00:00', 1332, 1),
(2722, '2016-07-09 07:13:24', '00:00:00', 1522, 1),
(2723, '2016-07-09 07:16:42', '00:00:00', 1367, 1),
(2724, '2016-07-09 07:16:52', '00:00:00', 1468, 1),
(2725, '2016-07-09 07:17:00', '00:00:00', 1567, 1),
(2726, '2016-07-09 07:19:09', '00:00:00', 1668, 1),
(2727, '2016-07-09 07:19:18', '00:00:00', 1319, 1),
(2728, '2016-07-09 07:19:26', '00:00:00', 1329, 1),
(2729, '2016-07-09 07:19:34', '00:00:00', 1320, 1),
(2730, '2016-07-09 07:19:40', '00:00:00', 1457, 1),
(2731, '2016-07-09 07:19:49', '00:00:00', 1455, 1),
(2732, '2016-07-09 07:19:56', '00:00:00', 1458, 1),
(2733, '2016-07-09 07:21:49', '00:00:00', 1580, 1),
(2734, '2016-07-09 07:23:29', '00:00:00', 1491, 1),
(2735, '2016-07-09 07:25:11', '00:00:00', 1443, 1),
(2736, '2016-07-09 07:25:19', '00:00:00', 1516, 1),
(2737, '2016-07-09 07:25:27', '00:00:00', 1514, 1),
(2738, '2016-07-09 07:25:46', '00:00:00', 1559, 1),
(2739, '2016-07-09 07:26:37', '00:00:00', 1704, 1),
(2740, '2016-07-09 07:27:51', '00:00:00', 1445, 1),
(2741, '2016-07-09 07:28:28', '00:00:00', 1681, 1),
(2742, '2016-07-09 07:28:39', '00:00:00', 1330, 1),
(2743, '2016-07-09 07:29:10', '00:00:00', 1772, 1),
(2744, '2016-07-09 07:31:09', '00:00:00', 1402, 1),
(2745, '2016-07-09 07:32:58', '00:00:00', 1409, 1),
(2746, '2016-07-09 07:39:08', '00:00:00', 1391, 1),
(2747, '2016-07-09 07:39:14', '00:00:00', 1396, 1),
(2748, '2016-07-09 07:43:08', '00:00:00', 1397, 1),
(2749, '2016-07-09 07:43:23', '00:00:00', 1399, 1),
(2750, '2016-07-09 07:51:27', '00:00:00', 1369, 1),
(2751, '2016-07-09 09:53:03', '00:00:00', 1551, 1);

-- --------------------------------------------------------

--
-- Estructura de tabla para la tabla `coloquio`
--

CREATE TABLE IF NOT EXISTS `coloquio` (
  `id_coloquio` int(11) NOT NULL AUTO_INCREMENT,
  `nombre` varchar(600) NOT NULL COMMENT 'Nombre del coloquio',
  `comentario` varchar(2000) NOT NULL,
  `lugar` varchar(1000) NOT NULL COMMENT 'Lugar de realizacion',
  `fecha_inicio` date NOT NULL,
  `fecha_fin` date NOT NULL,
  `status` tinyint(1) NOT NULL DEFAULT '1',
  `costo` double NOT NULL DEFAULT '0',
  `cartel` varchar(1000) NOT NULL DEFAULT 'ninguno',
  `cupo` int(11) NOT NULL DEFAULT '0',
  `cuenta` int(11) NOT NULL DEFAULT '0',
  `coordinacion` varchar(100) NOT NULL,
  PRIMARY KEY (`id_coloquio`)
) ENGINE=InnoDB  DEFAULT CHARSET=utf8 AUTO_INCREMENT=13 ;

--
-- Volcado de datos para la tabla `coloquio`
--

INSERT INTO `coloquio` (`id_coloquio`, `nombre`, `comentario`, `lugar`, `fecha_inicio`, `fecha_fin`, `status`, `costo`, `cartel`, `cupo`, `cuenta`, `coordinacion`) VALUES
(12, 'XV COLOQUIO DE POSGRADO', 'LA INVESTIGACION EDUCATIVA: UN CAMPO ABIERTO PARA LA GENERACION DEL CONOCIMIENTO', 'HOTEL MAYA TABASCO', '2016-07-08', '2016-07-09', 1, 0, 'ninguno', 1000, 528, '');

-- --------------------------------------------------------

--
-- Estructura de tabla para la tabla `costo_coloquio`
--

CREATE TABLE IF NOT EXISTS `costo_coloquio` (
  `id_coloquio` int(11) DEFAULT NULL,
  `nombre` varchar(11) DEFAULT NULL,
  `comentario` int(11) DEFAULT NULL,
  `lugar` int(11) DEFAULT NULL,
  `fecha_inicio` int(11) DEFAULT NULL,
  `fecha_fin` int(11) DEFAULT NULL,
  `status` int(11) DEFAULT NULL,
  `costo` int(11) DEFAULT NULL,
  `cupo` int(11) DEFAULT NULL,
  `cuenta` int(11) DEFAULT NULL,
  `id_costo` int(11) DEFAULT NULL,
  `alumno_lic` int(11) DEFAULT NULL,
  `alumno_mtr` int(11) DEFAULT NULL,
  `maestro_upn` int(11) DEFAULT NULL,
  `externo` int(11) DEFAULT NULL
) ENGINE=InnoDB DEFAULT CHARSET=latin1;

-- --------------------------------------------------------

--
-- Estructura de tabla para la tabla `datoparticipante`
--

CREATE TABLE IF NOT EXISTS `datoparticipante` (
  `id_dato` int(11) NOT NULL AUTO_INCREMENT,
  `nombre` varchar(100) NOT NULL,
  `apellido` varchar(100) NOT NULL,
  `genero` varchar(10) NOT NULL COMMENT '1 es Hombre 2 es Mujer',
  `rfc` varchar(20) NOT NULL,
  `telefono` varchar(30) NOT NULL,
  `email` varchar(200) NOT NULL,
  `fecha_alta` datetime NOT NULL,
  `tipo` varchar(45) NOT NULL,
  `status` tinyint(1) NOT NULL DEFAULT '1',
  PRIMARY KEY (`id_dato`)
) ENGINE=InnoDB  DEFAULT CHARSET=utf8 AUTO_INCREMENT=1824 ;

--
-- Volcado de datos para la tabla `datoparticipante`
--

INSERT INTO `datoparticipante` (`id_dato`, `nombre`, `apellido`, `genero`, `rfc`, `telefono`, `email`, `fecha_alta`, `tipo`, `status`) VALUES
(1292, 'FIDELIO', 'CASTILLO ROMERO', 'Masculino', 'CARF681010', '9932289278', 'fromero105@gmail.com', '2016-06-18 17:42:01', 'alumno_lic', 1),
(1293, 'FIDELIO', 'CASTILLO ROMERO', 'Masculino', 'CARF681010', '9', 'fromero105@gmail.com', '2016-06-19 12:10:17', 'alumno_lic', 1),
(1294, 'FIDELIO', 'CASTILLO ROMERO', 'Masculino', 'CARF681010', '9', 'fromero105@gmail.com', '2016-06-19 12:10:21', 'alumno_lic', 1),
(1295, 'FIDELIO', 'CASTILLO ROMERO', 'Masculino', 'CARF681010', '9', 'fromero105@gmail.com', '2016-06-19 12:15:42', 'alumno_lic', 1),
(1296, 'FIDELIO', 'CASTILLO ROMERO', 'Masculino', 'CARF681010', '9', 'fromero105@gmail.com', '2016-06-19 12:21:51', 'alumno_lic', 1),
(1297, 'FIDELIO ALEXANDER EDGAR GISELLE', 'CASTILLO ROMERO', 'Masculino', 'CARF681010', '9', 'fromero105@gmail.com', '2016-06-19 13:07:11', 'alumno_lic', 1),
(1298, 'FIDELIO', 'CASTILLO ROMERO', 'Masculino', 'CARF681010', '9', 'fromero105@gmail.com', '2016-06-19 13:08:29', 'alumno_lic', 1),
(1299, 'FIDELIO', 'CASTILLO ROMERO', 'Masculino', 'CARF681010', '9932289278', 'fromero105@gmail.com', '2016-06-20 07:08:30', 'alumno_mtr', 1),
(1300, 'FIDELIO', 'CASTILLO ROMERO', 'Masculino', 'CARF681010', '9', 'fromero105@gmail.com', '2016-06-20 07:14:31', 'docente', 1),
(1301, 'FIDELIO', 'CASTILLO ROMERO', 'Masculino', 'CARF681010', '9', 'fromero105@gmail.com', '2016-06-20 07:23:41', 'docente', 1),
(1302, 'FIDELIO', 'CASTILLO ROMERO', 'Masculino', 'CARF681010', '9', 'fromero105@gmail.com', '2016-06-20 07:36:52', 'alumno_mtr', 1),
(1303, 'FIDELIO', 'CASTILLO ROMERO', 'Masculino', 'CARF681010', '9', 'fromero105@gmail.com', '2016-06-20 07:54:10', 'ext_alumno', 1),
(1304, 'FIDELIO', 'CASTILLO ROMERO', 'Masculino', 'CARF681010', '9', 'fromero105@gmail.com', '2016-06-20 07:59:10', 'ext_alum_otras', 1),
(1305, 'FIDELIO', 'CASTILLO ROMERO', 'Masculino', 'CARF681010', '9', 'fromero105@gmail.com', '2016-06-20 10:13:13', 'ext_alumno', 1),
(1306, 'FIDELIO', 'CASTILLO ROMERO', 'Masculino', 'CARF681010', '9', 'fromero105@gmail.com', '2016-06-21 09:50:50', 'ext_alumno', 1),
(1307, 'FIDELIO', 'CASTILLO ROMERO', 'Masculino', 'CARF681010', '9', 'fromero105@gmail.com', '2016-06-21 10:02:50', 'ext_alum_otras', 1),
(1308, 'FIDELIO', 'CASTILLO ROMERO', 'Masculino', 'CARF681010', '9', 'fromero105@gmail.com', '2016-06-21 10:12:11', 'ext_maestronormales', 1),
(1309, 'FIDELIO', 'CASTILLO ROMERO', 'Masculino', 'CARF681010', '9', 'fromero105@gmail.com', '2016-06-21 10:21:23', 'otro', 1),
(1310, 'FIDELIO', 'CASTILLO ROMERO', 'Masculino', 'CARF681010', '9', 'fromero105@gmail.com', '2016-06-21 10:33:29', 'otro', 1),
(1311, 'FIDELIO', 'CASTILLO ROMERO', 'Masculino', 'CARF681010', '9', 'fromero105@gmail.com', '2016-06-21 12:43:14', 'otro', 1),
(1312, 'FIDELIO', 'CASTILLO ROMERO', 'Masculino', 'CARF681010', '9', 'fromero105@gmail.com', '2016-06-21 12:52:32', 'alumno_lic', 1),
(1313, 'MARIBEL ', 'SANTOS LÓPEZ', 'Femenino', 'SALM760506AQ2', '9933643504', 'masalo_08@hotmail.com', '2016-06-22 08:02:23', 'alumno_mtr', 1),
(1314, 'Teresita de Jesús', 'Álvarez Pérez', 'Femenino', 'AAPT8510148V3', '9931922876', 'tere231@hotmail.com', '2016-06-22 09:08:43', 'alumno_mtr', 1),
(1315, 'Ángel Javier ', 'Núñez García ', 'Masculino', 'Nuga1283np1', '9931442506', 'Angeldelamuerte1284@hotmail.com', '2016-06-22 12:21:33', 'alumno_mtr', 1),
(1316, 'SARAHI', 'CHÁVEZ ROMÁN', 'Femenino', 'CARS8701033F8', '9931203604', 'cars162@hotmail.es', '2016-06-22 12:40:59', 'alumno_mtr', 1),
(1317, 'Jacqueline', 'Zárate Ruiz', 'Femenino', 'ZARJ730129A69', '9932061662', 'jackyzarate35@hotmail.com', '2016-06-22 12:57:52', 'alumno_mtr', 1),
(1318, 'Fabiola Guadalupe ', 'Vela Horta', 'Femenino', 'VEHF9301205P2', '', 'fabii_horta@hotmail.com', '2016-06-22 13:34:31', 'alumno_mtr', 1),
(1319, 'Beatriz Adriana', 'Hernández Aguilar', 'Femenino', 'HEAB780707MX6', '9932844865', 'beatrizadriana_269@hotmail.com', '2016-06-22 14:55:14', 'alumno_mtr', 1),
(1320, 'Moisés', 'Ramírez Gerónimo', 'Masculino', 'RAGM8802111H4', '9932494443', 'mrg1188@hotmail.com', '2016-06-22 15:07:24', 'alumno_mtr', 1),
(1321, 'Leonel', 'Pèrez Rivera ', 'Masculino', 'PERL560117TP0', '9141215206', 'lperezrivera56@gmail.com', '2016-06-22 15:36:25', 'ext_alum_otras', 1),
(1322, 'Violeta Guadalupe', 'Rojas Carranco', 'Femenino', 'ROCV740110', '9141244137', 'vrojas_17@hotmail.com', '2016-06-22 16:06:31', 'alumno_mtr', 1),
(1323, 'Domingo', 'de la Cruz Hernández', 'Masculino', 'CUHD730617', '9141214731', 'profesorsunday@hotmail.com', '2016-06-22 16:09:09', 'alumno_mtr', 1),
(1324, 'FRANCISCA', 'POTENCIANO LIZCANO', 'Femenino', 'POLF581009RR9', '9931961574', 'fpotencianoll@hotmail.com', '2016-06-22 16:17:18', 'docente', 1),
(1325, 'TILA EL CARMEN', 'LOPEZ CABRERA', 'Femenino', 'LOCT7612148N6', '9933637268', 'lorey_14@hotmail.com', '2016-06-22 16:19:06', 'alumno_lic', 1),
(1326, 'KAREN CRISTEL ', 'HERNANDEZ GARCIA', 'Femenino', 'HEGK940812IN6', '9931383889', 'rockaren94@hotmail.com', '2016-06-22 16:39:11', 'alumno_lic', 1),
(1327, 'YEDID SELENE', 'GRIMALDO VIESCA', 'Femenino', 'GIVS830628', '9932594805', 'hohaniatenea@gmail.com', '2016-06-22 16:53:56', 'alumno_lic', 1),
(1328, 'Guadalupe ', 'Morales Pérez', 'Femenino', 'MOPG6301091N9', '9141228973', 'lupita_morales30@hotmail.com', '2016-06-22 17:03:17', 'alumno_mtr', 1),
(1329, 'SALOMON', 'RAMIREZ SILVAN', 'Masculino', 'RASS751009TY9', '9931802116', 'salosilvan@hotmail.com', '2016-06-22 17:06:50', 'alumno_mtr', 1),
(1330, 'AIDEE ', 'CRUZ CARDENAS', 'Femenino', 'CUCA850215RI5', '9931624881', 'cruzide50@hotmail.com', '2016-06-22 17:48:50', 'alumno_mtr', 1),
(1331, 'JESSICA ALBINA', 'RAMIREZ GASPAR', 'Femenino', 'RAGJ91102998A', '0449933760517', 'jesy_raga16@live.com', '2016-06-22 18:15:40', 'alumno_mtr', 1),
(1332, 'LAURA ALICIA', 'LOPEZ GUZMAN', 'Femenino', 'LOGL751006678', '9933471049', 'alyguz75@hotmail.com', '2016-06-22 18:32:06', 'alumno_mtr', 1),
(1333, 'FATIMA DEL CARMEN ', 'RAMIREZ IZQUIERDO', 'Femenino', 'RAIF820512MB5', '9931905430', 'pooh1282@hotmail.com', '2016-06-22 18:56:57', 'alumno_mtr', 1),
(1334, 'EMMA', 'MENDEZ ROSAS', 'Femenino', 'MERE740301KZ4', '9931336099', 'emmy_rosas@hotmail.com', '2016-06-22 19:00:06', 'alumno_mtr', 1),
(1335, 'Mirna', 'Alvarez Salvador', 'Femenino', 'AASM910201N99', '9364042691', 'bratz-91@hotmail.com', '2016-06-22 19:29:48', 'alumno_mtr', 1),
(1336, 'LUIS ENRIQUE ', 'NIETO GUZMAN', 'Masculino', 'NIGL7607204Z7', '9365636447', 'bush-isa@hotmail.com', '2016-06-22 19:55:33', 'alumno_mtr', 1),
(1337, 'Cristina Guadalupe', 'Ríos Díaz', 'Femenino', 'RIDC871013UZ6', '9931672384', 'chis.tina@hotmail.com', '2016-06-22 20:37:36', 'ext_maestronormales', 1),
(1338, 'Cristina Guadalupe', 'Ríos Díaz', 'Femenino', 'RIDC871013UZ6', '9931672384', 'chis.tina@hotmail.com', '2016-06-22 20:43:20', 'alumno_mtr', 1),
(1339, 'Silvia', 'Juárez  López', 'Femenino', 'JULS760422IE0', '9361104402', 'LaMaestraSilviaJL@hotmail.com', '2016-06-22 21:41:59', 'alumno_mtr', 1),
(1340, 'TILA MARÍA', 'MIRANDA MORALES', 'Femenino', 'TIM840622', '9931573592', 'cielo_bonita6@hotmail.com', '2016-06-23 07:46:32', 'alumno_lic', 1),
(1341, 'TILA MARÍA', 'MIRANDA MORALES', 'Femenino', 'TIM840622', '9931573592', 'cielo_bonita6@hotmail.com', '2016-06-23 07:46:55', 'alumno_lic', 1),
(1342, 'TILA MARÍA', 'MIRANDA MORALES', '', 'MIMT840622', '9931573592', 'cielo_bonita6@hotmail.com', '2016-06-23 07:50:25', 'alumno_lic', 1),
(1343, 'ALICIA DEL CARMEN', 'SUÁREZ DE LA O', 'Masculino', 'SUOA720407', '9931044997', 'asuarez100@hotmail.com', '2016-06-23 12:45:54', 'alumno_mtr', 1),
(1344, 'YULIANA', 'TORRES HERNÁNDEZ', 'Femenino', 'TOHY870121QH6', '9931488712', 'babygirl_scorpionblue@hotmail.com', '2016-06-23 14:12:14', 'alumno_mtr', 1),
(1345, 'Jesús Erasmo', 'Juan Pérez', 'Masculino', 'jupj650626GV8', '9932472449', 'erasgato69@hotmail.com.mx', '2016-06-23 15:44:52', 'ext_maestronormales', 1),
(1346, 'Jesús Erasmo', 'Juan Pérez', 'Masculino', 'jupj650626GV8', '9932472449', 'erasgato69@hotmail.com.mx', '2016-06-23 17:01:17', 'alumno_mtr', 1),
(1347, 'lorena', 'arias morales', 'Femenino', 'aiml950921', '9331370924', 'lore.morales-21@hotmail.com', '2016-06-23 17:03:11', 'alumno_lic', 1),
(1348, 'Francisco Javier ', 'Silvan de la O.', 'Masculino', 'SIOF730704', '9191389859', 'quico_silvan@hotmail.com', '2016-06-23 17:08:44', 'alumno_mtr', 1),
(1349, 'Francisco Javier ', 'Silvan de la O.', 'Masculino', 'SIOF7307044C0', '9191389859', 'quico_silvan@hotmail.com', '2016-06-23 17:16:19', 'alumno_mtr', 1),
(1350, 'lorena', 'arias morales', 'Femenino', 'AIML950921', '9331370924', 'lore.morales-21@hotmail.com', '2016-06-23 17:16:37', 'alumno_lic', 1),
(1351, 'lorena', 'arias morales', 'Femenino', 'AIML950921', '9331370924', 'lore.morales-21@hotmail.com', '2016-06-23 17:18:56', 'alumno_lic', 1),
(1352, 'Francisco Javier ', 'Silván de la O.', 'Masculino', 'SIOF7307044C0', '9191389859', 'quico_silvan@hotmail.com', '2016-06-23 17:27:31', 'alumno_mtr', 1),
(1353, 'Francisca', 'Beltrán de los Santos', 'Femenino', 'BESF731004', '9932964340', 'mision.cultural_07@hotmail.com', '2016-06-23 17:51:44', 'alumno_mtr', 1),
(1354, 'PERLA CRISTHELL', 'MORALES RAMOS', 'Femenino', 'MORP960719', '9932879778', 'crissramos_19@hotmail.com', '2016-06-23 19:02:24', 'alumno_lic', 1),
(1355, 'PERLA RUBI', 'ORTIZ RAMIREZ', 'Femenino', 'OIRP910809G28', '9931296063', 'rubi_ortiz09@hotmail.com', '2016-06-23 19:26:55', 'alumno_mtr', 1),
(1356, 'YASMIN DE JESUS', 'GORDILLO ', 'Femenino', 'GOEY911216R85', '9371210208', 'yasgordillo16@gmail.com', '2016-06-23 19:46:17', 'alumno_mtr', 1),
(1357, 'MARÍA DELCARMEN', 'HERNÁNDEZ', 'Femenino', 'HEHC790801', '9932098514', 'carmyta2006@yahoo.com.mx', '2016-06-23 20:24:47', 'otro', 1),
(1358, 'YOANDRA MONSERRATT ', 'PÉREZ VERA ', 'Femenino', 'PEVY930616M83', '9932643959', 'monse.veera@hotmail.com', '2016-06-23 20:34:37', 'alumno_mtr', 1),
(1359, 'GUADALUPE', 'JIMÉNEZ ARJONA', 'Masculino', 'JIAG670905R51', '9321121387', 'samjimper@hotmail.com', '2016-06-23 20:45:56', 'alumno_mtr', 1),
(1360, 'Naty Cristell ', 'Garcia Avalos ', 'Femenino', 'GAAN940830', '9932649336', 'gerafangarcia08@gmail.com', '2016-06-23 21:45:53', 'alumno_lic', 1),
(1361, 'Sandra', 'Alcudia Mendez', 'Femenino', 'AUMS930730', '9931043290', 'sandy_alcudiam@hotmail.com', '2016-06-23 21:55:36', 'alumno_lic', 1),
(1362, 'Monica de Jesus', 'Gonzalez Dominguez', 'Femenino', 'GODM930117', '9933893395', 'Gonzalez1993mon@gmail.com', '2016-06-23 22:05:12', 'alumno_lic', 1),
(1363, 'Karla Maria ', 'Alvarez Mirabal', 'Femenino', 'AAMK950816RY1', '9141370808', 'miguelito29carmen@hotmail.com', '2016-06-24 05:06:15', 'alumno_lic', 1),
(1364, 'JESUSITA', 'DIAZ ZURITA', 'Femenino', 'DIZJ800404SPA', '9931838390', 'jedizu04@hotmail.com', '2016-06-24 06:22:19', 'alumno_mtr', 1),
(1365, 'Alma Doris ', 'de la Cruz de la Cruz ', 'Femenino', 'CUCA970607', '9931470108', 'almadoris07061997@hotmail.com', '2016-06-24 07:45:30', 'alumno_lic', 1),
(1366, 'Erick Alberto', 'Solis Avalos', 'Masculino', 'SOAE8708151R1', '9931321969', 'erick.mp3@hotmail.com', '2016-06-24 08:56:02', 'alumno_mtr', 1),
(1367, 'JULIETA', 'CAMPOS JIMENEZ', 'Femenino', 'CAJJ910910G84', '9931654467', 'julietacampos10@hotmail.com', '2016-06-24 09:00:02', 'alumno_mtr', 1),
(1368, 'Guadalupe', 'López Santiago', 'Femenino', 'LOSG821212SI3', '9361118401', 'unich_sociologa@hotmail.com', '2016-06-24 09:49:56', 'alumno_mtr', 1),
(1369, 'CYNTHIA CRISTELL ', 'Camacho Camacho', 'Femenino', 'cacc880525km8', '9933091455', 'cynthiacristell.camachocamacho@gmail.com', '2016-06-24 10:06:54', 'alumno_mtr', 1),
(1370, 'ANA GABRIELA', 'VAZQUEZ JERONIMO', 'Femenino', 'VAJA900613', '9931467772', 'gabyvazquez1990@hotmail.com', '2016-06-24 11:57:10', 'alumno_lic', 1),
(1371, 'SHEILA FELICITA', 'DAMIAN GARCIA', 'Femenino', 'DAGS880412S16', '9933881406', 'sheidamiangarcia@hotmail.com', '2016-06-24 12:01:03', 'alumno_lic', 1),
(1372, 'JESSICA', 'GARCIA VALENCIA', 'Femenino', 'GAVJ930609', '9933746692', 'jessi_jun@hotmail.com', '2016-06-24 12:04:39', 'alumno_lic', 1),
(1373, 'DEYSI NOEMI', 'SALVADOR GARCIA', 'Femenino', 'SAGD940524', '9932236896', 'gabyvazquez1990@hotmail.com', '2016-06-24 12:07:36', 'alumno_lic', 1),
(1374, 'JAVIER ', 'GARCIA GOMEZ', 'Masculino', 'GAGJ9206096X8', '9931468204', 'gabyvazquez1990@hotmail.com', '2016-06-24 12:22:10', '', 1),
(1375, 'Nayeli', 'de la Cruz Martínez ', 'Femenino', 'cumn960708', '9931065639', 'naye_mtnz@hotmail.com', '2016-06-24 12:48:05', 'alumno_lic', 1),
(1376, 'ALEJANDRA', 'LUNA OVANDO', 'Femenino', 'LUOA940414M93', '9933401351', 'moon-truelove@hotmail.com', '2016-06-24 12:51:16', 'alumno_lic', 1),
(1377, 'ALEJANDRA', 'LUNA OVANDO', 'Femenino', 'LUOA940414M93', '9933401351', 'moon-truelove@hotmail.com', '2016-06-24 12:52:48', 'alumno_lic', 1),
(1378, 'Nayeli', 'de la Cruz Martínez ', 'Femenino', 'cumn960708', '9931065639', 'naye_mtnz@hotmail.com', '2016-06-24 12:56:31', 'alumno_lic', 1),
(1379, 'Aura Mercedes', 'Mendez Alejo', 'Femenino', 'MEAA970317', '9931629056', 'bebita_chapis@hotmail.com', '2016-06-24 13:43:48', 'alumno_lic', 1),
(1380, 'SANDRA IVETH', 'TORRES GOMEZ', 'Femenino', 'TOGS910705PQ2', '9932099741', 'sandyvetgomez91@gmail.com', '2016-06-24 13:51:40', 'alumno_lic', 1),
(1381, 'Guadalupe cristel', 'Ulin magaña', 'Masculino', 'UIMG900124', '9932764449', 'Lupisulin_24@hotmail.com', '2016-06-24 14:13:55', 'alumno_lic', 1),
(1382, 'Maria cruz', 'Alvarez jimenez', 'Femenino', 'AAJC720614', '9931291853', 'mary_ajimenez@hotmal.com', '2016-06-24 14:19:16', 'alumno_lic', 1),
(1383, 'JUANITA DEL SOCORRO', 'PALACIO DIAZ.', 'Femenino', 'PADJ800730SX3', '9932408608', 'chapis30_80@outlook.com', '2016-06-24 14:21:55', 'alumno_mtr', 1),
(1384, 'DANIA CRISTELL', 'AQUINO ANTONIO ', 'Femenino', 'AUAD951101191', '9931099116', 'baby_crazy1995@msn.com', '2016-06-24 14:23:23', 'alumno_lic', 1),
(1385, 'Dorotea ', 'Raymundo esteban', 'Femenino', 'RAED8402283W0', '9141330435', 'dore_stars84@hotmail.com', '2016-06-24 14:27:26', 'alumno_lic', 1),
(1386, 'aura mercedes', 'mendez alejo', 'Femenino', 'MEAA970317', '9931629056', 'bebita_chapis@hotmail.com', '2016-06-24 14:50:52', 'alumno_lic', 1),
(1387, 'mayra lizbeth', 'garcia valencia', 'Femenino', 'GAVM941002', '9933663937', 'oct_94@live.com.mx', '2016-06-24 16:30:30', 'alumno_lic', 1),
(1388, 'mayra lizbeth', 'garcia valencia', 'Femenino', 'GAVM941002', '9933663937', 'oct_94@live.com.mx', '2016-06-24 16:30:41', 'alumno_lic', 1),
(1389, 'Mayra Lizbeth', 'García Valencia', 'Femenino', 'GAVM941002', '9933663937', 'oct_94@live.com.mx', '2016-06-24 16:31:44', 'alumno_lic', 1),
(1390, 'Mayra Lizbeth', 'García Valencia', 'Femenino', 'GAVM941002', '9933663937', 'oct_94@live.com.mx', '2016-06-24 16:33:10', 'alumno_lic', 1),
(1391, 'YESENIA NOEMI', 'HERNÁNDEZ ORDOÑEZ', 'Femenino', 'HEOY890712UK7', '9625939540', 'techi_nho@hotmail.com', '2016-06-24 16:36:36', 'alumno_mtr', 1),
(1392, 'Claribel', 'Magaña Hipolito', 'Femenino', 'MAHC930607', '9933019241', 'mahi-1993junio@hotmail.com', '2016-06-24 16:38:25', 'alumno_lic', 1),
(1393, 'Olinda', 'Morales Salvador', 'Femenino', 'MOSO910505', '9932637265', 'tauro_05051@hotmail.com', '2016-06-24 16:41:43', 'alumno_lic', 1),
(1394, 'Ernesto', 'Garcia lopez', 'Masculino', 'GALE971025', '9365938118', 'ernes_exterminator@hotmail.com', '2016-06-24 16:47:00', 'alumno_lic', 1),
(1395, 'IRMA', 'CARRERA CEFERINO', 'Femenino', 'CACI7011271K3', '9931068469', 'Carrerasoyyo@outlook.com', '2016-06-24 17:27:46', 'alumno_mtr', 1),
(1396, 'NORMA JUDITH', 'HERNÁNDEZ ORDOÑEZ', 'Femenino', 'HEON901105RC6', '9621901028', 'NORJUTHDZ90@GMAIL.COM', '2016-06-24 17:33:26', 'alumno_mtr', 1),
(1397, 'Nory Jazmín', 'Ulín Álvarez', 'Femenino', 'UIAN880704PQ2', '9935610080', 'nory_brunette@hotmail.com', '2016-06-24 17:53:35', 'alumno_mtr', 1),
(1398, 'YURIANA DEL CARMEN', 'ORTIZ CHAN', 'Femenino', 'OICY900727', '9933642461', 'panchitogatita@hotmail.com', '2016-06-24 17:55:07', 'alumno_lic', 1),
(1399, 'Luis Roberto', 'Almeida Méndez', 'Masculino', 'AEML880823IF5', '9932316705', 'luis_almeida88@hotmail.com', '2016-06-24 17:57:54', 'alumno_mtr', 1),
(1400, 'JAVIER ANTONIO', 'GARCIA HERNANDEZ', 'Masculino', 'GAHJ7402019Y0', '9321085269', 'javier_garcia1974@hotmail.com', '2016-06-24 18:41:58', 'otro', 1),
(1401, 'HILSIA DEL CARMEN', 'VÁZQUEZ GARCÍA', 'Femenino', 'VAGH790604AY8', '9931154982', 'HILVAGAR@HOTMAIL.COM', '2016-06-24 20:33:38', 'alumno_mtr', 1),
(1402, 'Paola Guadalupe', 'Velazquez Gonzalez', 'Femenino', 'VEGP891212CZ5', '9361003442', 'pikabu_12@hotmail.com', '2016-06-24 20:38:12', 'alumno_lic', 1),
(1403, 'Ana Karen', 'García Vargas', 'Femenino', 'GAVA901024QF7', '9932785379', 'karenco24@hotmail.com', '2016-06-24 20:40:15', 'alumno_mtr', 1),
(1404, 'Laura Esther', 'De la Cruz Julian', 'Femenino', 'CRJL1803MX3', '9361208312', 'laur-esther@hotmail.com', '2016-06-24 20:43:26', 'alumno_lic', 1),
(1405, 'Citlali del Carmen', 'Mendez Perez', 'Femenino', 'MEPC900731V10', '9932347417', 'gehirn_citla@hotmail.es', '2016-06-25 03:35:19', 'alumno_mtr', 1),
(1406, 'LEIDY DEL CARMEN', 'VÁZQUEZ CAMACHO', 'Femenino', 'VACL850713641', '9932050375', 'leidyv_1323@hotmail.com', '2016-06-25 06:03:53', 'alumno_mtr', 1),
(1407, 'LEIDY DEL CARMEN', 'VÁZQUEZ CAMACHO', 'Femenino', 'VACL850713641', '9932050375', 'leidyv_1323@hotmail.com', '2016-06-25 06:16:03', 'alumno_mtr', 1),
(1408, 'Liliana', 'Hernandez Cantoral', 'Femenino', 'HECL9103148E2', '9141139417', 'lilicantoral548@hotmail.com', '2016-06-25 06:19:27', 'alumno_mtr', 1),
(1409, 'Ana Evelyth', 'rivero espinosa ', 'Femenino', 'EIRA8012029S0', '9931524871', 'evelytharivero@gmail.com', '2016-06-25 06:24:20', 'alumno_mtr', 1),
(1410, 'ANA LAURA', 'TRIANO VALENZUELA', 'Femenino', 'TIVA9004033U8', '9931991661', 'ana.trianovalenzuela@gmail.com', '2016-06-25 06:25:42', 'alumno_mtr', 1),
(1411, 'ADRIANA', 'BAUTISTA ACOSTA', 'Femenino', 'BAAA720928U82', '9932349444', 'aba.2872@gmail.com', '2016-06-25 07:09:49', 'alumno_mtr', 1),
(1412, 'JOSE GABRIEL', 'LOPEZ GARCIA ', 'Masculino', 'LOGG900212RW1', '9932354649', 'angel_gabry@live.com.mx', '2016-06-25 07:10:37', 'alumno_mtr', 1),
(1413, 'ADRIANA', 'BAUTISTA ACOSTA', 'Femenino', 'BAAA720928U82', '9932349444', 'aba.2872@gmail.com', '2016-06-25 07:20:56', 'alumno_mtr', 1),
(1414, 'ERICK FABIAN ', 'OJEDA ARELLANOS', 'Masculino', 'OEAE910119IZ7', '9141351590', 'erick_record@hotmail.com', '2016-06-25 08:05:48', 'alumno_mtr', 1),
(1415, 'Maria del Rocio', 'Cerino', 'Femenino', 'CEHR860312KA1', '9141328683', 'mariadelrocio386@hotmail.com', '2016-06-25 08:14:44', 'alumno_mtr', 1),
(1416, 'ERICK FABIAN ', 'OJEDA ARELLANOS', 'Masculino', 'OEAE910119IZ7', '9141351590', 'erick_record@hotmail.com', '2016-06-25 08:23:03', 'alumno_mtr', 1),
(1417, 'LEIDY DEL CARMEN', 'VÁZQUEZ CAMACHO', 'Femenino', 'VACL850713641', '9932050375', 'leidyv_1323@hotmail.com', '2016-06-25 09:00:25', 'alumno_mtr', 1),
(1418, 'LEIDY DEL CARMEN', 'VÁZQUEZ CAMACHO', 'Femenino', 'VACL850713641', '9932050375', 'leidyv_1323@hotmail.com', '2016-06-25 09:00:46', 'alumno_mtr', 1),
(1419, 'IRASEMA', 'GALÁN OLÁN', 'Femenino', 'GAOI7412066W7', '9931191852', 'irasemagalan@gmail', '2016-06-25 09:03:22', 'alumno_mtr', 1),
(1420, 'Christi Guadalupe ', 'Avalos Ramón', 'Femenino', 'AARC890927QN4', '9141239331', 'cris_avalosramon@hotmail.com', '2016-06-25 09:25:52', 'alumno_mtr', 1),
(1421, 'Mariela Guadalupe', 'Ramón de la Cruz', 'Femenino', 'RACM881210VC6', '9331669331', 'mayitadiciembre88@outlook.com', '2016-06-25 09:32:16', 'alumno_mtr', 1),
(1422, 'NANCY STHEPHANIE ', 'MARTINEZ VELAZQUEZ', 'Femenino', 'MAVN910803QN1', '9932226192', 'ing.nancy_marvel@hotmail.com', '2016-06-25 09:49:35', 'alumno_mtr', 1),
(1423, 'Nelly Fabiola', 'Cornelio Cerino', 'Femenino', 'COCN910702', '9933220340', 'cornelio_faby@hotmail.com', '2016-06-25 10:24:42', 'alumno_lic', 1),
(1424, 'Yolanda Yulissa', 'Valencia Garcia', 'Femenino', 'VAGY970722', '9933460016', 'yolandayuliss@hotmail.com', '2016-06-25 10:25:41', 'alumno_lic', 1),
(1425, 'NATIVIDAD', 'SALVADOR', 'Femenino', 'SAVN921020', '9933785901', 'naty_princess2010@hotmail.com', '2016-06-25 10:30:13', 'alumno_lic', 1),
(1426, 'azalia', 'arcos gonzalez', 'Femenino', 'AOGA960622', '9933915863', 'azalia012arcos@gmail.com', '2016-06-25 10:30:49', 'alumno_lic', 1),
(1427, 'guadalupe ', 'lazaro ramon', 'Femenino', 'LARG881210IP6', '9141371595', 'lic.glazra@gmail.com', '2016-06-25 10:47:52', 'alumno_mtr', 1),
(1428, 'guadalupe ', 'lazaro ramon', 'Femenino', 'LARG881210IP6', '9141371595', 'lic.glazra@gmail.com', '2016-06-25 10:47:55', 'alumno_mtr', 1),
(1429, 'guadalupe ', 'lazaro ramon', 'Femenino', 'LARG881210IP6', '9141371595', 'lic.glazra@gmail.com', '2016-06-25 10:48:05', 'alumno_mtr', 1),
(1430, 'Leonel', 'Perez Rivera', 'Masculino', 'PERL560117TP0', '9141215206', 'lperezrivera56@gmail.com', '2016-06-25 10:59:01', 'alumno_mtr', 1),
(1431, 'cecilia', 'santos leon', 'Femenino', 'SALC871122KN9', '9141025178', 'tweetyxxii@hotmail.com', '2016-06-25 11:20:53', 'alumno_mtr', 1),
(1432, 'minerva', 'de la cruz chable', 'Femenino', 'CUCM960407', '9932129807', 'minerva96cruz@gmail.com', '2016-06-25 12:47:51', 'alumno_lic', 1),
(1433, 'MARISOL DEL CARMEN', 'TEJERO MUÑOZ', 'Femenino', 'TEMM70122059A', '9343481472', 'marisoldelcarmentejero@gmail.com', '2016-06-25 12:54:38', 'ext_maestronormales', 1),
(1434, 'ANA VERONICA ', 'TORRES GOMEZ', 'Femenino', 'TOGA960304', '9931267394', 'aurora96.gomez@gmail.com', '2016-06-25 13:05:11', 'alumno_lic', 1),
(1435, 'Francisca', 'de la Cruz Hernández', 'Femenino', 'CUHF721010QK1', '9141225007', 'francisca_cruz80@hotmail.com', '2016-06-25 13:47:42', 'alumno_mtr', 1),
(1436, 'MARTHA SUSANA', 'PEREZ MENDEZ', 'Femenino', 'PEMM910102BFA', '9932757966', 'martha.perezmendez1@gmail.com', '2016-06-25 15:51:27', 'alumno_mtr', 1),
(1437, 'Cristy Gissell', 'Garcia Marin', 'Femenino', 'GAMC940531', '9932596229', 'fashioncris19@hotmail.com', '2016-06-25 16:39:41', 'alumno_lic', 1),
(1438, 'Abi Serelene', 'Castillo Rivera', 'Femenino', 'CARA930819', '9932518099', 'cari35.ascr@gmail.com', '2016-06-25 16:58:49', 'alumno_lic', 1),
(1439, 'CECILIA ', 'DIONICIO HERNÁNDEZ', 'Femenino', 'DIHC911122', '9935618811', 'ceci22@hotmail.com', '2016-06-25 17:03:27', 'alumno_lic', 1),
(1440, 'DIANA SOFIA', 'CORTAZAR TORRES ', 'Femenino', 'COTD940704', '9933465343', 'sofia_04_diana@hotmail.com', '2016-06-25 17:30:14', 'alumno_lic', 1),
(1441, 'CARLOS ENRIQUE', 'MONDRAGON GARCIA ', 'Masculino', 'MOGC950122', '9934005796', 'nenegro57@gmail.com', '2016-06-25 18:59:00', 'alumno_lic', 1),
(1442, 'XOCHIL ', 'LEYVA RAMON', 'Femenino', 'LERX870215EB2', '9932634402', 'xtgmg_150287@hotmail.com', '2016-06-26 10:59:29', 'alumno_lic', 1),
(1443, 'JEANY SUGEY', 'PERAZA CRUZ', 'Femenino', 'PECJ830209CH3', '9321029149', 'takahashi83.jp@gmail.com', '2016-06-26 11:12:42', 'alumno_lic', 1),
(1444, 'MANUEL JESUS', 'DOMINGUEZ RODRIGUEZ', 'Masculino', 'DORM760124AL9', '9331366375', 'dorm76@hotmail.com', '2016-06-26 11:17:21', 'alumno_lic', 1),
(1445, 'EVANGELINA', 'JIMENEZ VARGAS', 'Femenino', 'JIVE2509253A9', '9932415334', 'evangelina.jimenez@live.com.mx', '2016-06-26 12:04:28', 'alumno_lic', 1),
(1446, 'LISSET GUADALUPE', 'GANG CHAVEZ', 'Femenino', 'GACL810612675', '9321056615', 'lisetitagang_07@hotmail.com', '2016-06-26 12:11:19', 'alumno_lic', 1),
(1447, 'MIGUEL ANGEL', 'DE LA CRUZ GARCIA', 'Masculino', 'CUGM8408029E5', '9932778751', 'angelomua@live.com', '2016-06-26 12:55:07', 'alumno_lic', 1),
(1448, 'Diana Carolina', 'Domínguez López', 'Femenino', 'DOLD870112FW1', '9131120686', 'dianadolop@hotmail.com', '2016-06-26 18:02:14', 'alumno_mtr', 1),
(1449, 'Maria del Carmen', 'Palacio de los Santos', 'Femenino', 'PASC960425', '9931928905', 'Carmenpalacio_96@hotmail.com', '2016-06-26 19:25:35', 'alumno_lic', 1),
(1450, 'citlaly paola', 'alcudia acosta', 'Femenino', 'AUAC971002', '9933739989', 'lalita_90_40@hotmail.com', '2016-06-26 20:40:01', 'alumno_lic', 1),
(1451, 'citlali paola ', 'alcudia acosta', 'Femenino', 'AUAC971002', '9933739989', 'LALITA_90_40@HOTMAIL.COM', '2016-06-26 20:53:35', 'alumno_lic', 1),
(1452, 'CELIA ', 'REFUGIO FLORES', 'Femenino', 'REFC910619H94', '9933183083', 'cely_geminis@hotmail.com', '2016-06-26 21:16:08', 'alumno_mtr', 1),
(1453, 'MARIBEL', 'CÁRDENAS CRUZ', 'Femenino', 'CACM780924BT7', '9932335026', 'maribel-cardenasc@hotmail.com', '2016-06-27 06:18:46', 'alumno_mtr', 1),
(1454, 'Belén Beatriz ', 'García Cordova ', 'Femenino', 'grcrbl96040227', '9932773530', 'bettycord02@hotmail.com', '2016-06-27 08:11:11', 'alumno_lic', 1),
(1455, 'MARÌA DE LA LUZ', 'MARÌN RODRÌGUEZ', 'Femenino', 'MARL680418CX3', '9341055144', 'malenamarin@hotmail.com', '2016-06-27 08:25:19', 'ext_maestronormales', 1),
(1456, 'CECILIA GUADALUPE ', 'CHAN LANDERO', 'Femenino', 'CALC910927235', '9341113141', 'chan2709@hotmail.com', '2016-06-27 08:31:03', 'alumno_mtr', 1),
(1457, 'LAURA', 'ROMERO XIU', 'Femenino', 'ROXL720217A30', '9341136342', 'lauraxiu17@hotmail.com', '2016-06-27 08:52:17', 'ext_maestronormales', 1),
(1458, 'MARISOL DEL CARMEN', 'TEJERO MUÑOZ', 'Femenino', 'TEMM70122059A', '9343481472', 'marisoldelcarmentejero@gmail.com', '2016-06-27 08:58:49', 'ext_maestronormales', 1),
(1459, 'GUADALUPE DE LOS ANGELES', 'GONZALEZ SANTIAGO', 'Femenino', 'GOSG791101AM8', '9341185414', 'gonzalezsantiagoangeles@gmail.com', '2016-06-27 09:10:55', 'ext_maestronormales', 1),
(1460, 'Tila ', 'Roman Hernandez ', 'Femenino', 'ROHT920112', '9141311560', 'tilarh@hotmail.com', '2016-06-27 09:33:47', 'alumno_lic', 1),
(1461, 'Genesis Core', 'Hernandez Garcia', 'Femenino', 'HEGG9506291W4', '9932001560', 'genegarcia95@outlook.com', '2016-06-27 11:45:25', 'alumno_lic', 1),
(1462, 'Román', 'Carrera', 'Masculino', 'CAPR940505', '9933268003', 'rcarrera_94@hotmail.com', '2016-06-27 12:52:26', 'alumno_lic', 1),
(1463, 'Cynthia Dileri ', 'Valencia Garcia', 'Femenino', 'VAGC890305', '9933148685', 'dileri_89piscis@hotmail.com', '2016-06-27 13:18:30', 'alumno_lic', 1),
(1464, 'HERACLEO', 'ZAVALA VAZQUEZ', 'Masculino', 'ZAVH820304884', '9931570559', 'heracleo.zavala@gmail.com', '2016-06-27 13:48:13', 'alumno_lic', 1),
(1465, 'CLAUDIA', 'GASPAR DE LA CRUZ', 'Femenino', 'GACC920319', '9933877740', 'Claumoxa_0392@hotmail.com', '2016-06-27 13:52:16', 'alumno_lic', 1),
(1466, 'ANABEL', 'PEREZ DE LA CRUZ', 'Femenino', 'PECA880827', '9931501539', 'anipc27@hotmail.com', '2016-06-27 13:56:47', 'alumno_lic', 1),
(1467, 'GUADALUPE ALEJANDRA', 'JIMÉNEZ LANDERO', 'Femenino', 'JILG880102', '9932503927', 'corazon588@hotmail.com', '2016-06-27 14:02:16', 'alumno_lic', 1),
(1468, 'TANIA REGINA', 'MARTÍNEZ CRUZ', 'Femenino', 'MACT930412', '9931325381', 'rojita_estrella@hotmail.com', '2016-06-27 14:05:52', 'alumno_lic', 1),
(1469, 'EVER', 'LOPEZ LUIS', 'Masculino', 'LOLE8601111S4', '9321084561', 'palmers_86@hotmail.com', '2016-06-27 14:07:25', 'alumno_lic', 1),
(1470, 'Lipni jokabeth', 'May Landero', 'Femenino', 'MALL950226', '9933997667', 'jokabeth_95@hotmail.com', '2016-06-27 14:39:54', 'ext_alumno', 1),
(1471, 'Lipni jokabeth', 'May Landero', 'Femenino', 'MALL950226', '9933997667', 'jokabeth_95@hotmail.com', '2016-06-27 14:41:58', 'alumno_lic', 1),
(1472, 'MARGARITA', 'HERNANDEZ VELAZQUEZ', 'Femenino', 'HEVM942201', '9931369279', 'magi_smille@hotmail.com', '2016-06-27 15:03:12', 'alumno_lic', 1),
(1473, 'KAREN DUWANIA', 'GARCIAS ROSAS', 'Femenino', 'GARK920130', '9932218847', 'XXX@GMAIL.COM', '2016-06-27 15:12:36', 'alumno_lic', 1),
(1474, 'KAREN DUWANIA', 'GARCIA ROSAS', 'Femenino', 'GARK920130', '9932218847', 'XXX@GMAIL.COM', '2016-06-27 15:13:08', 'alumno_lic', 1),
(1475, 'ASUNCIÓN ALBERTO', 'SILVA ARIAS', 'Masculino', 'SIAA910705', '9933489454', 'XXX@GMAIL.COM', '2016-06-27 15:22:27', 'alumno_lic', 1),
(1476, 'LIDIA ', 'PÉREZ MARTÍNEZ', 'Femenino', 'PEML850228', '9933897072', 'lidiapz85@hotmail.com', '2016-06-27 15:24:29', 'alumno_lic', 1),
(1477, 'ANA RUTH', 'DE LA CRUZ CUSTODIO', 'Femenino', 'CUCA950414', '9931328655', 'anicustodio@hotmail.es', '2016-06-27 15:25:07', 'alumno_lic', 1),
(1478, 'GABRIELA ASUNCIÓN', 'AVALOS DE LA CRUZ', 'Femenino', 'AACG950808', '9331291073', 'XXX@GMAIL.COM', '2016-06-27 15:27:01', 'alumno_lic', 1),
(1479, 'LIDIA ', 'PÉREZ MARTÍNEZ', 'Femenino', 'PEML850228', '9933897072', 'lidiapz85@hotmail.com', '2016-06-27 15:27:12', 'alumno_lic', 1),
(1480, 'Valery Eloisa', 'Mandez Alcudia', 'Femenino', 'MEAV971017MTC', '9934007108', 'genegarcia95@outlook.com', '2016-06-27 15:27:41', 'alumno_lic', 1),
(1481, 'DULCE CANDY', 'DOMINGUEZ PEREZ', 'Femenino', 'DOPD930202', '9331343308', 'XXX@GMAIL.COM', '2016-06-27 15:29:21', 'alumno_lic', 1),
(1482, 'LIDIA ', 'PÉREZ MARTÍNEZ', 'Femenino', 'PEML850228', '9933897072', 'lidiapz85@hotmail.com', '2016-06-27 15:30:18', 'alumno_lic', 1),
(1483, 'LARISSA ALONDRA', 'LÓPEZ SOLÍS', 'Femenino', 'LOSL890516', '9932439501', 'XXX@GMAIL.COM', '2016-06-27 15:32:22', 'alumno_lic', 1),
(1484, 'Laura cristina', 'ascencio', 'Femenino', 'MOAL950309', '9931981834', 'lau.cris090395@gmail.com', '2016-06-27 15:39:26', 'alumno_lic', 1),
(1485, 'Laura cristina', 'morales ascencio', 'Femenino', 'MOAL950309', '9931981834', 'lau.cris090395@gmail.com', '2016-06-27 15:40:26', 'alumno_lic', 1),
(1486, 'GUADALUPE', 'HERNANDEZ MARTINEZ', 'Femenino', 'HEMG910907936', '9931901777', 'lupiss_07_9@hotmail.com', '2016-06-27 15:48:16', 'alumno_mtr', 1),
(1487, 'FRANCISCA', 'ORTIZ ARIAS', 'Femenino', 'OIAF721013', '9131000716', 'francisca_sarlat@hotmail.com', '2016-06-27 16:06:13', 'alumno_lic', 1),
(1488, 'citlaly paola', 'alcudia acosta', 'Femenino', 'AUAC971002', '9933739989', 'lalita_90_40@hotmail.com', '2016-06-27 16:34:48', 'alumno_lic', 1),
(1489, 'MARIA DEL CARMEN', 'HERNANDEZ HERNANDEZ', 'Femenino', 'HEHC790801', '9932098514', 'carmyta2006@yahoo.com.mx', '2016-06-27 16:56:07', 'alumno_mtr', 1),
(1490, 'MARIA', 'PEREZ MORALES', 'Femenino', 'PEMM800919DN1', '9932364184', 'yramperz9@gmail.com', '2016-06-27 17:06:13', 'ext_maestronormales', 1),
(1491, 'MARIA', 'PEREZ MORALES', 'Femenino', 'PEMM800919DN1', '9932364184', 'yramperz9@gmail.com', '2016-06-27 17:15:40', 'alumno_mtr', 1),
(1492, 'juan jose', 'Alamilla Hernandez', 'Masculino', 'aahj961210htclrn01', ' 9931263039', 'milan1996az@gmail.com', '2016-06-27 17:20:25', 'alumno_lic', 1),
(1493, 'MARITZA ITZEL', 'PATLÁN MARÍN', 'Femenino', '951022MTCTRR05', '9931325545', 'corazonzeetoo@hotmail.com', '2016-06-27 18:33:29', 'alumno_lic', 1),
(1494, 'BEATRIZ', 'PÉREZ MARTÍNEZ', 'Femenino', 'PEMB870330', '9931294608', 'Betty87perez@hotmail.com', '2016-06-27 19:01:32', 'alumno_lic', 1),
(1495, 'Ana Karen ', 'Morales Gómez', 'Masculino', 'MOGA8901183B9', '9931563479', 'karim230_8@hotmail.com', '2016-06-27 19:12:04', 'alumno_mtr', 1),
(1496, 'Román', 'Carrera', 'Masculino', 'CAPR940505', '9933268003', 'rcarrera_94@hotmail.com', '2016-06-27 19:34:01', 'alumno_lic', 1),
(1497, 'Esther', 'Ocaña', 'Femenino', 'OACE950101', '9933260537', 'pedagogia1995_esther@hotmail.com', '2016-06-27 19:37:25', 'alumno_lic', 1),
(1498, 'yuridiana ', 'ortiz valencia', 'Femenino', 'oivy920519', '9931168069', 'yov_1992@hotmail.com', '2016-06-27 20:48:13', 'alumno_lic', 1),
(1499, 'Esli Yaret ', 'Bolon Naranjo ', 'Masculino', 'BONE970930', '9932079296', 'bolonnaranjo@hotmail.com', '2016-06-27 20:48:45', 'alumno_lic', 1),
(1500, 'YURIDIANA ', 'ORTIZ VALENCIA ', 'Femenino', 'OIVY920519', '9931168069', 'yov_1992@hotmail.com', '2016-06-27 20:50:06', 'alumno_lic', 1),
(1501, 'YURIDIANA ', 'ORTIZ VALENCIA ', 'Femenino', 'OIVY920519', '9931168069', 'yov_1992@hotmail.com', '2016-06-27 20:52:06', 'alumno_lic', 1),
(1502, '', '', 'Masculino', '', '', '', '2016-06-27 21:04:31', 'alumno_lic', 1),
(1503, 'Ricardo de los Santos', 'Hernandez Hernandez', 'Masculino', 'HEHR951031', '9141335448', 'richihermoso@hotmail.com', '2016-06-28 06:08:32', 'alumno_lic', 1),
(1504, 'ISAMAR ', 'MAY DE LA CRUZ ', 'Femenino', 'MACI940509', '9932519650', 'isa_primavera@hotmail.com', '2016-06-28 07:17:40', 'alumno_lic', 1),
(1505, 'HERMAS AZAEL', 'RODRÍGUEZ ANGULO', 'Masculino', 'ROAH800404E29', '9371278276', 'azardgz08@outlook.com', '2016-06-28 07:34:07', 'alumno_mtr', 1),
(1506, 'karla Christell', 'Alcudia Perez', 'Femenino', 'AUPK961011', '9933592447', 'more_96karli@hotmail.com', '2016-06-28 07:51:00', 'alumno_lic', 1),
(1507, 'NELY ROSBELLY', 'JIMENEZ OCAÑA', 'Femenino', 'JION940724', '9931705859', 'rosbelly_94@hotmail.com', '2016-06-28 07:53:06', 'alumno_lic', 1),
(1508, 'Elena', 'Alcoser Martínez', 'Femenino', 'AOME631226M46', '9931215691', 'maestraalcoser@hotmail.com', '2016-06-28 08:12:31', 'docente', 1),
(1509, 'Rosa Elvira ', 'Morales Magaña', 'Femenino', 'MOMR940831', '9931375812', 'Rozhy-octuber94@hotmail.com', '2016-06-28 08:47:14', 'alumno_lic', 1),
(1510, 'LEYDY NOEMI', 'BAUTISTA GARCIA', 'Femenino', 'BAGL920108', '9934027955', 'luis_amorleydi@hotmail.com', '2016-06-28 08:51:50', 'alumno_lic', 1),
(1511, 'LEYDY NOEMI', 'BAUTISTA GARCIA', 'Femenino', 'BAGL920108', '9934027955', 'luis_amorleydi@hotmail.com', '2016-06-28 08:52:29', 'alumno_lic', 1),
(1512, 'Francisco', 'Hernández Pérez ', 'Masculino', 'HEPF930504', '9932648879', 'Pacoperez93@hotmail.com', '2016-06-28 08:55:42', 'alumno_lic', 1),
(1513, 'Jose Omar ', 'Gonzalez Mancilla', 'Masculino', 'GOMO930730', '9931767912', 'leo_cristomi93@hotmail.com', '2016-06-28 09:16:49', 'alumno_lic', 1),
(1514, 'VIRIDIANA ', 'DE LA CRUZ HERNANDEZ', 'Femenino', 'CUHV921101UD8', '9931438542', 'viridiana.dlh@outlook.com', '2016-06-28 09:36:11', 'alumno_lic', 1),
(1515, 'CINDY KARINA ', 'JERONIMO MARQUEZ ', 'Femenino', 'JEMC910208N51', '9932862161', 'cindyka_08@hotmail.com', '2016-06-28 09:51:34', 'alumno_mtr', 1),
(1516, 'KATERI DEL CARMEN ', 'AVALOS ROUSELL', 'Femenino', 'AARK961106KN4', '9931374171', 'kateri_nena@hotmail.com', '2016-06-28 10:12:15', 'alumno_lic', 1),
(1517, 'carolina', 'zuñiga lopez', 'Femenino', 'ZULC940527', '9933610800', 'carit2794@hotmail.com', '2016-06-28 10:29:47', 'alumno_lic', 1),
(1518, 'Elena Oralia', 'De La Parra Cárdenas', 'Femenino', 'PACE661112', '9931899290', 'helen-12-66@hotmail.com', '2016-06-28 10:32:36', 'alumno_mtr', 1),
(1519, 'YULIANA', 'PALACIO ALEGRIA', 'Femenino', 'PAAY950109', '9932901646', 'yuli_palacio@hotmail.com', '2016-06-28 10:43:14', 'alumno_lic', 1),
(1520, 'LILIANA KARINA', 'BAEZA OLAN', 'Femenino', 'BAOL950606', '9932386268', 'karina_baeza@hotmai.com', '2016-06-28 10:48:11', 'alumno_lic', 1),
(1521, 'MARIA MONSERRAT', 'JESUS ORAMAS', 'Femenino', 'JEOM930908', '9375934476', 'monse_jesusoramas8@hotmail.com', '2016-06-28 10:52:29', 'alumno_lic', 1),
(1522, 'EMMA', 'MENDEZ ROSAS', 'Masculino', 'MERE740301KZ4', '9931336099', 'emmy_rosas@hotmail.com', '2016-06-28 11:40:52', 'alumno_mtr', 1),
(1523, 'Rocio', 'Hernandez Yera', 'Femenino', 'HERY880701', '9171270070', 'cancer_rocio88@hotmail.com', '2016-06-28 13:14:54', 'alumno_lic', 1),
(1524, 'valeria', 'perez de la cruz', 'Femenino', 'PECV931031', '9931786199', 'escorpio_311093@hotmail.com', '2016-06-28 13:36:19', 'alumno_lic', 1),
(1525, 'DANIEL', 'ROMERO MORALES', 'Masculino', 'ROMD781021', '9932067102', 'dan.rom@live.com', '2016-06-28 13:56:03', 'alumno_mtr', 1),
(1526, 'GILBERTO', 'DE LA CRUZ JIMENEZ', 'Masculino', 'CUJG790204MX5', '9932622173', 'gilcj.maestria@gmail.com', '2016-06-28 14:06:42', 'alumno_mtr', 1),
(1527, 'Abel Omar', 'Arevalo Aguilar', 'Masculino', 'AEAA970913', '9932755651', 'areabel_97@hotmail.com', '2016-06-28 14:17:44', 'alumno_lic', 1),
(1528, 'OCTAVIO', 'CASTILLO RUIZ', 'Masculino', 'CARO811101U85', '9141189312', 'OCTAVIO_44@HOTMAIL.COM', '2016-06-28 14:30:45', 'alumno_mtr', 1),
(1529, 'Delia', 'Cornelio Arias', 'Masculino', 'coad770326762', '9233221413', 'deliacorne78@hotmail.com', '2016-06-28 14:51:15', 'docente', 1),
(1530, 'Vanya Guadalupe', 'López Olan ', 'Femenino', 'loov951020mtc', '9934022608', 'vanya.olan@gmail.com', '2016-06-28 15:18:42', 'alumno_lic', 1),
(1531, 'Nallely', 'Muñoz', 'Femenino', 'mubn870122hc7', '9371556113', 'nayimb@hotmail.com', '2016-06-28 15:19:01', 'otro', 1),
(1532, 'ALMA ROSA', 'LOPEZ LOPEZ', 'Femenino', 'LOLA920517', '9931021072', 'almarosita92@hotmail.com', '2016-06-28 15:40:46', 'alumno_lic', 1),
(1533, 'CARLA CECILIA', 'GÓMEZ ALMEIDA', 'Femenino', 'GOAC871122', '9141204305', 'carlagomalm@hotmail.com', '2016-06-28 15:40:51', 'alumno_lic', 1),
(1534, 'ROSA MARIA', 'DAMIAN GERONIMO', 'Masculino', 'DAGR761129B68', '9361160960', 'Dicarosda_rosy@yahoo.com.mx', '2016-06-28 17:13:24', 'alumno_mtr', 1),
(1535, 'nallely', 'Muñoz', 'Femenino', 'mubn870122hc7', '9371556113', 'nayimb@hotmail.com', '2016-06-28 17:34:10', 'otro', 1),
(1536, 'ENRIQUE', 'GÓMEZ SÁNCHEZ', 'Masculino', 'GOSE8107189L4', '9932793740', 'gomezsen@hotmail.com', '2016-06-28 18:48:00', 'alumno_mtr', 1),
(1537, 'JARED ANIER', 'GÓNGORA RAMOS', 'Masculino', 'GORJ9106144P5', '9341171302', 'rockeamimundo@hotmail.com', '2016-06-28 19:14:53', 'alumno_mtr', 1),
(1538, 'JOHANA MARGARITA', 'JUAREZ ESPEJO ', 'Femenino', 'JUEJ930810IT8', '9371083340', 'johana-espejo@hotmail.com', '2016-06-28 19:54:12', 'alumno_mtr', 1),
(1539, 'JOSE', 'CARCAMO LANDERO', 'Masculino', 'CALJ921009JZ2', '9341239739', 'joseph334@live.com', '2016-06-28 19:56:47', 'alumno_mtr', 1),
(1540, 'MARÍA GUADALUPE', 'LÁZARO HERNÁNDEZ', 'Femenino', 'LAHG810702B69', '9933921276', 'kilups_52_princesa@hotmail.com', '2016-06-28 20:31:59', 'alumno_mtr', 1),
(1541, 'Nicole Monserrat ', 'De la Rosa Perez', 'Femenino', 'ROPN940503', '9931668537', 'nickiecute@hotmail.com', '2016-06-28 20:37:17', 'alumno_lic', 1),
(1542, 'Karina', 'Rodrigrez Lopez', 'Femenino', 'RDLPKR920313', '9142798434', 'kary_gatit@hotmail.com', '2016-06-28 20:55:20', 'ext_alumno', 1),
(1543, 'Karina', 'Rodrigrez Lopez', 'Femenino', 'RDLPKR920313', '9142798434', 'kary_gatit@hotmail.com', '2016-06-28 21:25:05', 'alumno_lic', 1),
(1544, 'DIANA MAYTÉ', 'SASTRÉ MÁRQUEZ', 'Femenino', 'SAMD840122', '9932780887', 'maytis@hotmail.com', '2016-06-28 21:32:21', 'alumno_lic', 1),
(1545, 'DIANA MAYTÉ', 'SASTRÉ MÁRQUEZ', 'Femenino', 'SAMD840122', '9932780887', 'maytis@hotmail.com', '2016-06-28 21:34:14', 'alumno_lic', 1),
(1546, 'Juan Alberto', 'Morales Garcia', 'Masculino', 'MOGJ560513P90', '9933129331', 'amigotabasco@hotmail.com', '2016-06-28 21:55:50', 'ext_alum_otras', 1),
(1547, 'MARIA DEL CARMEN', 'HERNÁNDEZ SUÁREZ', 'Femenino', 'HESC780926BA4', '9932808214', 'marhesc@outlook.com', '2016-06-28 22:44:08', 'alumno_mtr', 1),
(1548, 'Erika Martina ', 'Gallegos Jiménez', 'Femenino', 'gaje890517392', '9932077965', 'erikita_1709@hotmail.com', '2016-06-29 04:45:41', 'alumno_mtr', 1),
(1549, 'Elena Oralia', 'De La Parra Cárdenas', 'Femenino', 'PACE661112', '9931899290', 'helen-12-66@hotmail.com', '2016-06-29 05:08:16', 'alumno_mtr', 1),
(1550, 'ANDRES MANUEL', 'DE LA CRUZ ARIAS', 'Masculino', 'CUAA930411', '9141192096', 'andrewman04@outlook.com', '2016-06-29 05:38:48', 'alumno_lic', 1),
(1551, 'Lorena Del Carmen', 'Morales Miss', 'Femenino', 'MOML741122', '9931468515', 'misslorena74@hotmail.com', '2016-06-29 05:49:05', 'docente', 1),
(1552, 'MIGUEL AURELIO ', 'DURAN RODRIGUEZ', 'Masculino', 'DURM910829II7', '9341052504', 'duran_ronaldo7@hotmail.com', '2016-06-29 05:57:36', 'alumno_mtr', 1),
(1553, 'karla Iveet', 'Estrada Bautista ', 'Femenino', 'eabk960730', '9931997270', 'leoncita0522@gmail.com', '2016-06-29 07:22:58', 'alumno_lic', 1),
(1554, 'MAGALLY', 'ARIAS BEAURREGARD', 'Femenino', 'AIBM841120N83', '9931054622', 'Arias11_20@hotmail.com', '2016-06-29 07:25:10', 'alumno_mtr', 1),
(1555, 'Deysi Cristell', 'Jimenez Torres', 'Femenino', 'jitd930201', '9932417614', 'leoncita0522@gmail.com', '2016-06-29 07:31:33', 'alumno_lic', 1),
(1556, 'Diana Laura ', 'Zavala Garcia', 'Femenino', 'ZAGD9408194C1', '9932837323', 'diana.zg@hotmail.com', '2016-06-29 07:57:45', 'alumno_lic', 1),
(1557, 'SANDY ARLET', 'MARIN DE DIOS', 'Femenino', 'MADS960316', '9932606319', 'queen_maripus@hotmail.com', '2016-06-29 08:04:30', 'alumno_lic', 1),
(1558, 'ANA KRISTELL', 'CANDELERO RODRIGUEZ ', 'Femenino', 'CARA940615', '9142793153', 'anita.candelero.r@hotmail.com', '2016-06-29 08:17:09', 'alumno_lic', 1),
(1559, 'Santos Ivan', 'Escudero Diaz', 'Masculino', 'EUDS9408313T7', '9933305643', 'ivan_escudero12@hotmail.com', '2016-06-29 08:31:46', 'alumno_lic', 1),
(1560, 'Luis Alberto ', 'Salvador Hernandez', 'Masculino', '602HTCLRS07', '9931040449', 'luis_gund@hotmail.com', '2016-06-29 08:56:55', 'alumno_lic', 1),
(1561, 'LUIS ALBERTO', 'SALVADOR HERNANDEZ ', 'Masculino', '602HTCLRS07', '9931040449', 'luis_gund@hotmail.com', '2016-06-29 09:03:59', 'alumno_lic', 1),
(1562, 'DIANA CITLALY', 'GARCÍA GARCÍA', 'Femenino', 'GAGD940610', '9933753607', 'citla_luka06@hotmail.com', '2016-06-29 09:28:55', 'alumno_lic', 1),
(1563, 'DIANA CITLALY', 'GARCÍA GARCÍA', 'Femenino', 'GAGD940610', '9933753607', 'citla_luka06@hotmail.com', '2016-06-29 09:30:20', 'alumno_lic', 1),
(1564, 'yuliana lisbeth ', 'bayona martinez', 'Femenino', 'bamy900817h85', '9933637372', 'bamy_lop1708@hotmail.com', '2016-06-29 10:02:30', 'alumno_lic', 1),
(1565, 'Miriam Lisbeth del Socorro', 'Vazquez Contreras ', 'Femenino', 'VACM961226', '9932123311', 'miriam96contrerad@gmail.com', '2016-06-29 10:02:30', 'alumno_lic', 1),
(1566, 'Diana Karen', 'Mendoza Gómez', 'Femenino', 'MEGD970725', '9933086337', 'dianakremg@outlook.com', '2016-06-29 11:31:31', 'alumno_lic', 1),
(1567, 'JUDITH', 'GARCIA HERNANDEZ', 'Femenino', 'GAHJ930108MTCRRD08', '9931342514', 'jugarcia_2010@hotmail.com', '2016-06-29 11:34:29', 'alumno_lic', 1),
(1568, 'Ana Cristell ', 'Perez Lopez', 'Femenino', 'PELA960226', '9161260050', 'flor_locaxty@hotmail.com', '2016-06-29 12:09:23', 'alumno_lic', 1),
(1569, 'yissell', 'magaña gonzalez', 'Femenino', 'MAGY930612', '9933746678', 'yimago@hotmail.com', '2016-06-29 13:33:00', 'alumno_lic', 1),
(1570, 'fiama', 'hernandez diaz', 'Femenino', 'HEDF920423', '9932561010', 'fiama0474@gmail.com', '2016-06-29 13:39:10', 'alumno_lic', 1),
(1571, 'Alma Yedid', 'Reyes Hernandez ', 'Femenino', 'REHA960711', '9141372509', 'almi.reyes95@hotmail.com', '2016-06-29 13:50:02', 'alumno_lic', 1),
(1572, 'YARIBETH', 'DE LA O OVANDO', 'Femenino', 'OXOY950810', '9141284488', 'BLACK_SARA95@HOTMAIL.COM', '2016-06-29 13:55:40', 'alumno_lic', 1),
(1573, 'carolina christell ', 'villatoro guzman', 'Femenino', 'VIGC920527', '9933773238', 'carovillatoro27@gmail.com', '2016-06-29 13:58:02', 'alumno_lic', 1),
(1574, 'andres manuel', 'de la cruz arias', 'Femenino', 'CUAA930411', '9141192096', 'andrewman04@outlook.com', '2016-06-29 14:02:15', 'alumno_lic', 1),
(1575, 'YESSICA ', 'MARTINEZ LOPEZ ', 'Femenino', 'MALY950807', '9141286328', 'MTZ.ELI-18@HOTMAIL.COM', '2016-06-29 14:02:29', 'alumno_lic', 1),
(1576, 'LAURA CECILIA ', 'CHANONA PEREZ', 'Femenino', 'LAPL760313', '9932322657', 'laceci1376@hotmail.com', '2016-06-29 14:10:36', 'alumno_lic', 1),
(1577, 'ITZEL DEL CARMEN', 'VIDAL MONDRAGON', 'Femenino', 'VIMI950628', '9932436940', 'itzelvidal_1995@hotmail.com', '2016-06-29 14:16:13', 'alumno_lic', 1),
(1578, 'ITZEL DEL CARMEN', 'VIDAL MONDRAGON', 'Femenino', 'VIMI950628', '9932436940', 'itzelvidal_1995@hotmail.com', '2016-06-29 14:16:23', 'alumno_lic', 1),
(1579, 'marisol', 'de los santos castellanos', 'Femenino', 'sacm920713', '9932089888', 'mary_solecito09@hotmail.com', '2016-06-29 14:34:28', 'alumno_lic', 1),
(1580, 'DELIA ANTONIA', 'QUETZ VIDAL', 'Femenino', 'QUVD910107VC4', '9341049053', 'quetz_078@hotmail.com', '2016-06-29 14:44:16', 'alumno_mtr', 1),
(1581, 'DELIA ANTONIA', 'QUETZ VIDAL', 'Femenino', 'QUVD910107VC4', '9341049053', 'quetz_078@hotmail.com', '2016-06-29 14:44:20', 'alumno_mtr', 1),
(1582, 'DELIA ANTONIA', 'QUETZ VIDAL', 'Femenino', 'QUVD910107VC4', '9341049053', 'quetz_078@hotmail.com', '2016-06-29 14:44:20', 'alumno_mtr', 1),
(1583, 'Maria Fernanda ', 'Galicia Camacho', 'Femenino', 'GACF920826', '9321248609', 'nanda-1015@hotmail.com', '2016-06-29 15:14:13', 'alumno_lic', 1),
(1584, 'JENNIFER', 'BUENFIL RAMOS', 'Masculino', 'BURJ911109KL1', '9932776933', 'jenniferbuen@hotmail.com', '2016-06-29 15:20:59', 'alumno_mtr', 1),
(1585, 'JENNIFER', 'BUENFIL RAMOS', 'Masculino', 'BURJ911109KL1', '9932776933', 'jenniferbuen@hotmail.com', '2016-06-29 15:20:59', 'alumno_mtr', 1),
(1586, 'JENNIFER', 'BUENFIL RAMOS', 'Masculino', 'BURJ911109KL1', '9932776933', 'jenniferbuen@hotmail.com', '2016-06-29 15:21:07', 'alumno_mtr', 1),
(1587, 'Francisco javier', 'Pérez Sánchez ', 'Masculino', 'Pesf860909-7p7', '9931055052', 'franciscoperez131524@gmail.com', '2016-06-29 15:44:23', 'alumno_lic', 1),
(1588, 'Graciela', 'Torres de los Santos', 'Femenino', 'TOSG941229', '9371016630', 'Diosesamor@hotmai.com', '2016-06-29 15:59:33', 'alumno_lic', 1),
(1589, 'MARTHA CRISTINA', 'OLVERA DIAZ', 'Femenino', 'OEDM920731NS3', '9931526419', 'OLVERA_MARTHA@HOTMAIL.COM', '2016-06-29 16:04:11', 'alumno_mtr', 1),
(1590, 'Yessenia Guadalupe', 'Yañez Lopez', 'Femenino', 'YALY890617', '9931899843', 'yesenia_guadalupe89@hotmail.com', '2016-06-29 16:55:37', 'alumno_mtr', 1),
(1591, 'HUGO ARMANDO', 'FELIX CUBA', 'Masculino', 'FECH900517JM3', '9931169642', 'huhget@hotmail.com', '2016-06-29 17:02:17', 'alumno_mtr', 1),
(1592, 'Domitila ', 'Jimenez ', 'Femenino', '830524MTCMZM01', '9931339874', 'domitilajimenez@hotmail.com', '2016-06-29 17:19:07', 'alumno_lic', 1),
(1593, 'Domitila ', 'Jimenez ', 'Femenino', '830524MTCMZM01', '9931339874', 'domitilajimenez@hotmail.com', '2016-06-29 17:26:28', 'alumno_lic', 1),
(1594, 'NALLELY', 'AES GARCÍA', 'Femenino', 'AEGN890311B21', '9141286651', 'star_sailor8@hotmail.com', '2016-06-29 18:13:37', 'alumno_mtr', 1),
(1595, 'MARTÍN', 'UCO HERNÁNDEZ', 'Masculino', 'UOHM890712LB3', '9142793181', 'sinceridad_100xciento@hotmail.com', '2016-06-29 18:28:12', 'alumno_mtr', 1),
(1596, 'Mayra Guadalupe', 'Jiménez Cabrera', 'Femenino', 'JICM960524TL1', '9932257687', 'lupitahjimenes@hotmail.com', '2016-06-29 18:56:18', 'ext_alumno', 1),
(1597, 'Mayra Guadalupe', 'Jiménez Cabrera', 'Femenino', 'JICM960524TL1', '9932257687', 'lupitahjimenes@hotmail.com', '2016-06-29 19:26:58', 'alumno_lic', 1),
(1598, 'JARED ANIER', 'GÓNGORA RAMOS', 'Masculino', 'GORJ9106144P5', '9341171302', 'rockeamimundo@hotmail.com', '2016-06-29 19:36:08', 'alumno_mtr', 1),
(1599, 'Nancy Marina', 'Florez Cruz', 'Femenino', 'FOCN960822', '9931471067', 'nancy08010@hotmail.com', '2016-06-29 19:37:16', 'alumno_lic', 1),
(1600, 'Mayra Guadalupe', 'Jiménez Cabrera', 'Femenino', 'JICM960524', '9932257687', 'lupitahjimenes@hotmail.com', '2016-06-29 19:39:05', 'alumno_lic', 1),
(1601, 'Nancy Marina', 'Flores Cruz', 'Femenino', 'FOCN960822', '9931471067', 'nancy08010@hotmail.com', '2016-06-29 19:41:57', 'alumno_lic', 1),
(1602, 'MARIA  GUADALUPE ', 'MONTEJO  ALVAREZ', 'Femenino', 'MOAG861108R57', '9141202279', 'lupita81186@hotmail.com', '2016-06-29 19:42:55', 'alumno_mtr', 1),
(1603, 'Ana Lucia', 'Hernandez Hernandez', 'Femenino', 'HEHA911214', '9931251412', 'ana_200812_v@hotmail.com', '2016-06-29 19:51:00', 'alumno_lic', 1),
(1604, 'IRENE', 'SANCHEZ LUNA', 'Femenino', 'SALI750704SJ5', '9931168843', 'lunaire@outlook.com', '2016-06-29 19:55:37', 'alumno_mtr', 1),
(1605, 'maria fernanda', 'castillo aguilar', 'Femenino', 'CAAF931010', '9932550249', 'aguilar2008@hotmail.com', '2016-06-29 19:55:53', 'alumno_lic', 1),
(1606, 'Erika Del Carmen', 'Cardoza León', 'Femenino', 'CALE910215CC3', '9932794495', 'erika15_acuario@hotmail.com', '2016-06-29 20:09:30', 'alumno_mtr', 1),
(1607, 'Cristina del Carmen', 'Ricardez Santos', 'Femenino', 'RISC900206PA9', '9331353207', 'kity6284@gmail.com', '2016-06-29 20:28:36', 'alumno_mtr', 1),
(1608, 'MANUELA ISABEL', 'CASTRO GOMEZ', 'Femenino', 'CAGM860311MTCSMN06', '9931882873', 'negrac128@hotmail.com', '2016-06-29 20:33:13', 'alumno_lic', 1),
(1609, 'DIANA CRISTELL', 'ARCOS PINEDA', 'Masculino', 'AOPD941111MTCRNN05', '9361160752', 'negrac128@hotmail.com', '2016-06-29 20:41:47', 'alumno_lic', 1),
(1610, 'CARMEN ', 'CAMACHO MONTESINOS', 'Masculino', 'CAMC870729MTCMR07', '9931882873', 'negrac128@hotmail.com', '2016-06-29 20:47:19', 'alumno_lic', 1),
(1611, 'Flor del Carmen', 'García Pérez', 'Femenino', 'GAPF790323', '9932050338', 'kenya1979f@hotmail.com', '2016-06-29 20:47:33', 'alumno_mtr', 1),
(1612, 'karla ivannel', 'carrillo vinagre', 'Femenino', 'CUCK9101068GA', '9931303334', 'karlaivannelcarrillo@outlook.com', '2016-06-29 20:49:50', 'alumno_mtr', 1),
(1613, 'SAMANTHA', 'DE LOS SANTOS HERNANDEZ', 'Femenino', 'SAHS951017', '9932017570', 'samh95@icloud.com', '2016-06-29 20:49:52', 'alumno_lic', 1),
(1614, 'SAMANTHA', 'DE LOS SANTOS HERNANDEZ', 'Femenino', 'SAHS951017', '9932017570', 'samh95@icloud.com', '2016-06-29 20:51:09', 'alumno_lic', 1),
(1615, 'Marisol', 'jiménez gonzález ', 'Femenino', 'JIGM790412SA6', '9935905410', 'marychaparrita@hotmail.com', '2016-06-29 20:51:22', 'alumno_mtr', 1),
(1616, 'Edgar', 'Villasís Corona', 'Masculino', 'VICE780610', '9371289160', 'villacoronaed@hotmail.com', '2016-06-29 20:52:23', 'alumno_mtr', 1),
(1617, 'Marisol', 'Jiménez González ', 'Femenino', 'JIGM790412SA6', '9935905410', 'marychaparrita@hotmail.com', '2016-06-29 20:52:45', 'alumno_mtr', 1),
(1618, 'ELIZABETH ', 'USCANGA MARTINEZ', 'Femenino', 'UAME801014H78', '9931694803', 'ely5510@hotmail.com', '2016-06-29 21:00:25', 'alumno_mtr', 1),
(1619, 'Flor del Carmen', 'García Pérez', 'Femenino', 'GAPF790323', '9932050338', 'kenya1979f@hotmail.com', '2016-06-29 21:02:27', 'alumno_mtr', 1),
(1620, 'Flor del Carmen', 'García Pérez', 'Femenino', 'GAPF790323', '9932050338', 'kenya1979f@hotmail.com', '2016-06-29 21:03:21', 'alumno_mtr', 1),
(1621, 'Flor del Carmen', 'García Pérez', 'Femenino', 'GAPF790323', '9932050338', 'kenya1979f@hotmail.com', '2016-06-29 21:04:44', 'alumno_mtr', 1),
(1622, 'OLGA YOSSELIN', 'MAYO MIRANDA', 'Femenino', 'MXMO920830', '9932791169', 'yossi926@hotmail.com', '2016-06-29 21:08:52', 'alumno_mtr', 1),
(1623, 'Cinthia Karina ', 'Montejo Ulin', 'Femenino', 'MOUC950909', '9371294563', 'cordovafue@hotmail.com', '2016-06-29 21:11:10', 'alumno_lic', 1),
(1624, 'Lucero Guadalupe', 'Cordóva Nárvaez ', 'Femenino', 'CONL951130', '9932111279', 'cordovafue@gmail.com', '2016-06-29 21:15:42', 'alumno_lic', 1),
(1625, 'ZULEIMA CRISTEL ', 'DE LA CRUZ JIMENEZ', 'Femenino', 'CUJZ930628', '9932091486', 'zuley_121@hotmail.com', '2016-06-29 21:29:23', 'alumno_lic', 1),
(1626, 'lorena del carmen', 'martinez hernandez', 'Femenino', 'MAHL-950906-BF2', '9142797289', 'virgo_e95@hotmail.com', '2016-06-29 21:32:52', 'alumno_lic', 1),
(1627, 'Vanessa Del Carmen ', 'Ovando Lopéz ', 'Femenino', 'OALV960618', '9933884207', 'cinthia_america@live.com', '2016-06-29 21:32:53', 'alumno_lic', 1);
INSERT INTO `datoparticipante` (`id_dato`, `nombre`, `apellido`, `genero`, `rfc`, `telefono`, `email`, `fecha_alta`, `tipo`, `status`) VALUES
(1628, 'LAURA DEL CARMEN', 'GARCILIANO SANCHEZ', 'Femenino', 'GASL780324', '9933875875', 'garci25@hotmail.com', '2016-06-29 22:35:02', 'alumno_mtr', 1),
(1629, 'Gabriela', 'Sarracino', 'Femenino', 'SASG781205', '9932220936', 'gabrielasarracino_1978@hotmail.com', '2016-06-29 23:12:53', 'alumno_mtr', 1),
(1630, 'BEATRIZ', 'DE LA CRUZ PEREZ', 'Femenino', 'CUPB941009', '9141199138', 'betzy_cruz_09@hotmail.com', '2016-06-29 23:15:16', 'alumno_lic', 1),
(1631, 'KARLA LUCRECIA', 'DE LA CRUZ PEREZ', 'Femenino', 'CUPK910919', '9141130198', 'lucrecia_colibri@hotmail.com', '2016-06-29 23:18:19', 'alumno_lic', 1),
(1632, 'MAYRA DEL CARMEN', 'HERNÁNDEZ LEÓN', 'Femenino', 'HELM831028UG1', '9931489750', 'mayratabasco@hotmail.com', '2016-06-30 06:18:25', 'alumno_mtr', 1),
(1633, 'María Isabel', 'Guillén Sánchez', 'Femenino', 'GUSI931102', '9932068290', 'chabelitha_herrmoxa@hotmail.com', '2016-06-30 06:28:21', 'alumno_lic', 1),
(1634, 'María Isabel', 'Guillén Sánchez', 'Masculino', 'GUSI931102', '9932068290', 'chabelitha_herrmoxa@hotmail.com', '2016-06-30 06:34:58', 'alumno_lic', 1),
(1635, 'María Isabel', 'Guillén Sánchez', 'Femenino', 'GUSI931102', '9932068290', 'chabelitha_herrmoxa@hotmail.com', '2016-06-30 06:44:22', 'alumno_lic', 1),
(1636, 'María Isabel', 'Guillén Sánchez', 'Femenino', 'GUSI931102', '9932068290', 'chabelitha_herrmoxa@hotmail.com', '2016-06-30 06:44:23', 'alumno_lic', 1),
(1637, 'María Isabel', 'Guillén Sánchez', 'Femenino', 'GUSI931102', '9932068290', 'chabelitha_herrmoxa@hotmail.com', '2016-06-30 06:44:23', 'alumno_lic', 1),
(1638, 'Patricia Yareli', 'Díaz De La Cruz', 'Femenino', 'DICP960619', '9932297171', 'pattydiaz52@gmail.com', '2016-06-30 06:55:33', 'alumno_lic', 1),
(1639, 'guadalupe del carmen', 'ramos chable', 'Femenino', 'RACG890210912', '9933756138', 'MISSLUPITARAMOS@HOTMAIL.COM', '2016-06-30 07:29:55', 'alumno_mtr', 1),
(1640, 'FIDELIO', 'CASTILO ROMERO', 'Masculino', 'CARF681010', '112', 'fromero105@gmail.com', '2016-06-30 07:30:30', 'ext_alumno', 1),
(1641, 'FIDELIO', 'CASTILO ROMERO', 'Masculino', 'CARF681010', '123', 'fromero105@gmail.com', '2016-06-30 07:31:31', 'ext_alum_otras', 1),
(1642, 'FIDELIO', 'CASTILO ROMERO', 'Masculino', 'CARF681010', '1', 'fromero105@gmail.com', '2016-06-30 07:33:19', 'ext_maestronormales', 1),
(1643, 'FIDELIO', 'CASTILO ROMERO', 'Masculino', 'CARF681010', '1', 'fromero105@gmail.com', '2016-06-30 07:33:59', 'otro', 1),
(1644, 'maria fernanda ', 'castillo aguilar', 'Femenino', 'CAAF931010', '9932550249', 'aguilar2008@hotmail.com', '2016-06-30 07:36:09', 'alumno_lic', 1),
(1645, 'FIDELIO', 'CASTILO ROMERO', 'Masculino', 'CARF681010', '1', 'fromero105@gmail.com', '2016-06-30 07:37:43', 'otro', 1),
(1646, 'FIDELIO', 'CASTILO ROMERO', 'Masculino', 'CARF681010', '1', 'fromero105@gmail.com', '2016-06-30 07:38:32', 'alumno_lic', 1),
(1647, 'FIDELIO', 'CASTILO ROMERO', 'Masculino', 'CARF681010', '1', 'fromero105@gmail.com', '2016-06-30 07:41:34', 'alumno_mtr', 1),
(1648, 'FIDELIO', 'CASTILO ROMERO', 'Masculino', 'CARF681010', '1', 'fromero105@gmail.com', '2016-06-30 07:42:11', 'docente', 1),
(1649, 'Maria de los Angeles ', 'Bocanegra Perez', 'Femenino', 'BOPA910926', '9933947929', 'maya20141993@hotmail.com', '2016-06-30 07:44:05', 'alumno_lic', 1),
(1650, 'María del Rosario', 'González villegas', 'Masculino', 'GOVM951001', '9931399455', 'mariiGv.95@hotmail.com', '2016-06-30 08:03:57', 'alumno_lic', 1),
(1651, 'María del Rosario', 'González villegas', 'Femenino', 'GOVM951001', '9931399455', 'mariiGv.95@hotmail.com', '2016-06-30 08:06:09', 'alumno_lic', 1),
(1652, 'Gabriela Guadalupe', 'Cabrera de la Cruz', 'Femenino', 'CADG9602266C7', '9931939053', 'Lyche_morji@hotmail.com', '2016-06-30 08:14:30', 'alumno_lic', 1),
(1653, 'ANA RITA', 'ARIAS HERNANDEZ', 'Femenino', 'AIHA940522', '9141226618', 'Anrita_arias@hotmail.com', '2016-06-30 08:15:46', 'alumno_lic', 1),
(1654, 'Eduardo', 'Méndez Torres', 'Masculino', 'mete640227', '9173743428', 'mete640227@hotmail.com', '2016-06-30 08:24:21', 'alumno_mtr', 1),
(1655, 'Eduardo', 'Méndez Torres', 'Masculino', 'mete640227', '9173743428', 'mete640227@hotmail.com', '2016-06-30 08:26:45', 'alumno_mtr', 1),
(1656, 'jesus manuel', 'ovando aguilar', 'Masculino', 'OAAJ950822', '9131018028', 'aeiou71@hotmail.com', '2016-06-30 08:35:12', 'alumno_lic', 1),
(1657, 'ANA KAREN', 'MAY CORDOVA', 'Femenino', 'maca940703', '9932385287', 'annayam37@gmail.com', '2016-06-30 08:40:48', 'ext_alumno', 1),
(1658, 'ANA KAREN', 'MAY CORDOVA', 'Femenino', 'maca940703', '9932385287', 'annayam37@gmail.com', '2016-06-30 08:43:18', 'alumno_lic', 1),
(1659, 'ANA KAREN', 'MAY CORDOVA', 'Femenino', 'maca940703', '9932385287', 'annayam37@gmail.com', '2016-06-30 08:43:36', 'alumno_lic', 1),
(1660, 'SARAI', ' LEYVA DE LA CRUZ', 'Femenino', 'LECS940112MTCYRR01', '9331063404', 'negrac128@Gmail.com', '2016-06-30 08:52:53', 'alumno_lic', 1),
(1661, 'PAMELA GISELLY', 'SALAZAR LOPEZ', 'Femenino', 'SALP940309', '9331326753', 'fergie_pame@hotmail.com', '2016-06-30 08:58:34', 'alumno_lic', 1),
(1662, 'MARIA VICTORIA', 'SILVAN HERNANDEZ', 'Femenino', 'SIHV950728MTCLRC09', '9934013687', 'CHIKITA_AGUILA1995@HOTMAIL.COM', '2016-06-30 09:12:17', 'alumno_lic', 1),
(1663, 'MARÍA ASUNCION', 'GOMEZ OVANDO', 'Femenino', 'GOOA881215MTCMVS09', '9932134488', 'EOA_1968@hotmail.com', '2016-06-30 09:47:12', 'alumno_lic', 1),
(1664, 'Lucia del sagrario ', 'Magdaleno Solís ', 'Femenino', 'MASL901313QC9', '9371291633', 'mcdaleno_13@hotmail.com', '2016-06-30 09:55:45', 'alumno_mtr', 1),
(1665, 'Juana ', 'Garcia torres', 'Femenino', 'GRTRJN90062427M', '9933842183', 'juanita_torresgarcia@hotmail.com', '2016-06-30 09:56:25', 'alumno_lic', 1),
(1666, 'Alexis Guadalupe ', 'Berdón Mendoza ', 'Femenino', 'Bema8712165T9', '9932002019', 'sixela_1612@hotmail.com', '2016-06-30 10:26:04', 'alumno_mtr', 1),
(1667, 'MONICA', 'BAUTISTA ORTÍZ', 'Femenino', 'BAOM940715', '9933886449', 'mbauor@gmail.com', '2016-06-30 10:33:15', 'alumno_lic', 1),
(1668, 'Karol Denisse', 'Valencia Marín', 'Femenino', 'VAMK960107', '9935907908', 'karolvalenciamarin@gmail.com', '2016-06-30 10:35:00', 'alumno_lic', 1),
(1669, 'María Isabel', 'Guillén Sánchez', 'Femenino', 'GUSI931102', '9932068290', 'chabelitha_herrmoxa@hotmail.com', '2016-06-30 11:02:35', 'alumno_lic', 1),
(1670, 'MARIA DEL CARMEN', 'LAUREANO SEGURA', 'Femenino', 'LASCM761117', '9361141333', 'malu_laureano@hotmail.com', '2016-06-30 11:13:15', 'ext_alum_otras', 1),
(1671, 'Marisol', 'De la Cruz Vázquez', 'Femenino', 'CUVM920506259', '9931604940', 'mary.vazquez06@gmail.com', '2016-06-30 11:14:37', 'alumno_lic', 1),
(1672, 'MARIA DEL CARMEN', 'LAUREANO SEGURA', 'Femenino', 'LASCM761117', '9361141333', 'malu_laureano@hotmail.com', '2016-06-30 11:16:33', 'ext_alum_otras', 1),
(1673, 'Manuel Esteban', 'Cortés Oyosa', 'Masculino', 'COOM751010AJA', '9932363035', 'mcortesoyosa@gmail.com', '2016-06-30 11:21:31', 'alumno_lic', 1),
(1674, 'MARIA DEL CARMEN', 'LAUREANO SEGURA', 'Femenino', 'LASCM761117', '9361141333', 'malu_laureano@hotmail.com', '2016-06-30 11:27:23', 'ext_maestronormales', 1),
(1675, 'Rosa Elvira ', 'Nuñez Velazquez', 'Femenino', 'NUVR730918', '9933948756', 'rosynuve@outlook.com', '2016-06-30 11:31:56', 'ext_maestronormales', 1),
(1676, 'José  Jesús ', 'Hernández Pascual', 'Masculino', 'hepj8608181p8', '9361142480', 'jesus1p86@hotmail.com', '2016-06-30 11:42:35', 'alumno_mtr', 1),
(1677, 'MONSERRAT  ', 'GONZÁLEZ TIRADO', 'Femenino', 'GOTM620418', '9931596374', 'mogo418@hotmail.com', '2016-06-30 11:49:44', 'ext_alumno', 1),
(1678, 'LUIS FERNANDO', 'LÓPEZ HERNÁNDEZ', 'Masculino', 'LOHL940610', '9331548230', 'lopez_nandojr@hotmail.com', '2016-06-30 13:00:15', 'alumno_lic', 1),
(1679, 'MARIANA DE LOS ÁNGELES ', 'ALVARADO QUINTAL', 'Femenino', 'AAQM920205BY2', '9371034921', 'mare.alvarado@hotmail.com', '2016-06-30 13:33:45', 'alumno_mtr', 1),
(1680, 'citlali', 'hernandez', 'Femenino', 'hehc890915tb3', '9931936663', 'laly_kozt@hotmail.com', '2016-06-30 13:35:13', 'alumno_mtr', 1),
(1681, 'MARIA DEL CARMEN ', 'LAUREANO SEGURA', 'Femenino', 'LASC761117', '9361141333', 'malu_laureano@hotmail.com', '2016-06-30 13:54:04', 'alumno_mtr', 1),
(1682, 'TANIA ALEJANDRA ', 'JIMENEZ AQUINO', 'Femenino', 'JIAT951012', '9371691100', 'Alhee_Aquino@hotmail.com', '2016-06-30 13:57:03', 'alumno_lic', 1),
(1683, 'ROSA ELVIRA', 'NUÑEZ VELASQUEZ', 'Femenino', 'NUVR730918', '9931604861', 'rosynuve@outlook.com', '2016-06-30 13:58:10', 'alumno_mtr', 1),
(1684, 'TANIA ALEJANDRA ', 'JIMENEZ AQUINO', 'Femenino', 'JIAT951012', '9371691100', 'Alhee_Aquino@hotmail.com', '2016-06-30 14:00:34', 'alumno_lic', 1),
(1685, 'Karina', 'Garcia Camara', 'Femenino', 'GACK860203HH2', '9932075856', 'chely2005@hotmail.com', '2016-06-30 14:20:21', 'ext_alum_otras', 1),
(1686, 'ROCIO GUADALUPE ', 'OSORIO OSORIO', 'Femenino', 'OOOR940830', '9131021228', 'seidy_amores@hotmail.com', '2016-06-30 14:25:30', 'alumno_lic', 1),
(1687, 'LIZBETH ', 'VALENCIA HERNANDEZ ', 'Femenino', 'VLHRL931209', '9933886735', 'EOA_1968@hotmail.com', '2016-06-30 14:29:41', 'alumno_lic', 1),
(1688, 'ANA LUISA', 'HERNANDEZ LEON', 'Femenino', 'HELA890124MC4', '9933995873', 'mtra.anita.hdez@gmail.com', '2016-06-30 14:38:26', 'alumno_mtr', 1),
(1689, 'ANA LUISA', 'HERNANDEZ LEON', 'Femenino', 'HELA890124MC4', '9933995873', 'mtra.anita.hdez@gmail.com', '2016-06-30 14:43:33', 'alumno_mtr', 1),
(1690, 'JENY DEL REMEDIO', 'ARIAS BRABATA', 'Femenino', 'AIBJ780817VD3', '9932625358', 'jenyab78@gmail.com', '2016-06-30 14:46:54', 'alumno_mtr', 1),
(1691, 'PATRICIA EUGENIA', 'VILLANUEVA GONZÁLEZ', 'Femenino', 'VIGP740712E3A', '9932607952', 'pevg01@hotmail.com', '2016-06-30 14:50:59', 'alumno_mtr', 1),
(1692, 'ILIANA RUBII ', 'MOLINA SÁNCHEZ', 'Femenino', 'MOSI910418DN0', '9931951131', 'iliana.molinasanchez@gmail.com', '2016-06-30 15:04:20', 'alumno_mtr', 1),
(1693, 'VERONICA', 'CANDELERO GARCIA', 'Femenino', 'CAGV890322', '9933725257', 'vero_22march@hotmail.com', '2016-06-30 15:06:22', 'alumno_lic', 1),
(1694, 'ANA MERCEDES', 'RUIZ DOMINGUEZ', 'Femenino', 'RUDA9106296T4', '9141376648', 'MECHE_OSO@HOTMAIL.COM', '2016-06-30 15:09:57', 'alumno_lic', 1),
(1695, 'VERONICA', 'CANDELERO GARCIA', 'Femenino', 'CACV890322', '9933725257', 'vero_22march@hotmail.com', '2016-06-30 15:45:42', 'alumno_lic', 1),
(1696, 'JUANA BEATRIZ', 'MENDOZA CRUZ', 'Femenino', 'MECJ831125LG2', '9361207349', 'betylynda_25@live.com', '2016-06-30 15:46:58', 'alumno_mtr', 1),
(1697, 'JUANA BEATRIZ', 'MENDOZA CRUZ', 'Femenino', 'MECJ831125LG2', '9361207349', 'betylynda_25@live.com', '2016-06-30 15:53:18', 'alumno_mtr', 1),
(1698, 'Rocio', 'Hernandez Yera', 'Femenino', 'HERY880701', '9171270070', 'cancer_rocio88@hotmail.com', '2016-06-30 16:01:32', 'alumno_lic', 1),
(1699, 'CLAUDIA IRENE', 'RODRIGUEZ VALENCIA', 'Femenino', 'ROVC910820GI8', '9933914415', 'claudiarodriguez_valencia@hotmail.com', '2016-06-30 16:09:42', 'alumno_mtr', 1),
(1700, '', '', 'Masculino', '', '', '', '2016-06-30 16:11:23', '', 1),
(1701, 'Francisco', 'javier Madrigal', 'Masculino', 'JAMF931128', '937374597', 'bins_18@hotmail.com', '2016-06-30 16:15:02', 'alumno_lic', 1),
(1702, 'Francisco', 'javier Madrigal', 'Masculino', 'JAMF931128', '9373745317', 'bins_18@hotmail.com', '2016-06-30 16:23:38', 'alumno_lic', 1),
(1703, 'Francisco', 'Javier Madrigal', 'Masculino', 'JAMF931128', '9373745317', 'bins_18@hotmail.com', '2016-06-30 16:24:25', 'alumno_lic', 1),
(1704, 'paola gabriela', 'de la cruz garcía', 'Femenino', 'CUGP930804', '93611518087', 'paito_princezz@hotmail.com', '2016-06-30 16:28:01', 'alumno_lic', 1),
(1705, 'Elizabeth Guadalupe ', 'Filigrana Acosta', 'Femenino', 'FIAE940531', '9932089746', 'lizzie_fili@hotmail.com', '2016-06-30 16:30:06', 'alumno_lic', 1),
(1706, 'ADRIANA', 'HERNANDEZ', 'Femenino', 'HEHA870915QM4', '9933747919', 'ge_ma06@hotmail.com', '2016-06-30 16:32:36', 'alumno_mtr', 1),
(1707, 'CRISTEL', 'MAGAÑA SANCHEZ', 'Femenino', 'MASC930203', '9933003112', 'Kristel_m.s@hotmail.com', '2016-06-30 16:52:13', 'alumno_lic', 1),
(1708, 'Nery', 'García    Perez ', 'Femenino', 'gapn931231', '9933846503', 'bebe_tkm_nery@hotmail.com', '2016-06-30 16:58:50', 'ext_alumno', 1),
(1709, 'nery ', 'García    Perez .', 'Femenino', 'gapn931231', '9933856403', 'bebe_tkm_nery@hotmail.com', '2016-06-30 17:04:10', 'ext_alumno', 1),
(1710, 'Nery', 'García    Perez ', 'Femenino', 'gapn931231', '9933846503', 'bebe_tkm_nery@hotmail.com', '2016-06-30 17:11:05', 'alumno_lic', 1),
(1711, 'SERGIO', 'HERNANDEZ', 'Masculino', 'HESS820801DN9', '9241153487', 'baxter132@hotmail.com', '2016-06-30 17:12:34', 'alumno_mtr', 1),
(1712, 'CESAR GUSTAVO', 'SANCHEZ  RAMOS', 'Masculino', 'SARC920108', '9931382165', 'gus_capricorneo@hotmail.com', '2016-06-30 17:27:47', 'alumno_lic', 1),
(1713, 'Araceli', 'Guillermo Arias ', 'Femenino', '870515MTCLRR03', '9932781848', 'araguille@hotmail.com', '2016-06-30 17:28:17', 'alumno_lic', 1),
(1714, 'Esli Yaret ', 'Bolon Naranjo ', 'Masculino', 'BONE970930', '9932079296', 'bolonnaranjo@hotmail.com', '2016-06-30 17:31:21', 'alumno_lic', 1),
(1715, 'ARACELI ', 'GUILLERMO ARIAS ', 'Femenino', '870551MTCLRR03', '9932781848', 'araguille@hotmail.com', '2016-06-30 17:36:00', 'alumno_lic', 1),
(1716, 'Claudia Ivonne ', 'Grande Pérez', 'Femenino', 'GAPC941113', '9931266628', 'Ivonne-starpink@hotmail.com', '2016-06-30 17:41:17', 'alumno_lic', 1),
(1717, 'Tila del Carmen', 'Sanchez Morales ', 'Femenino', 'SAMT950102MTCNRL08', '9933887559', 'tila_sam@hotmail.com', '2016-06-30 17:46:33', 'alumno_lic', 1),
(1718, 'ALONDRA', 'HERNANDEZ HERNANDEZ', 'Femenino', 'HEHA910323', '9932966646', 'alohernandez-03@hotmail.com', '2016-06-30 17:49:03', 'ext_alumno', 1),
(1719, 'HEIDI GUADALUPE ', 'DE LA O FRÍAS', 'Femenino', 'OFHE851125KS6', '9141393966', 'heidi_25_11@hotmail.com', '2016-06-30 18:24:22', 'alumno_mtr', 1),
(1720, 'Luis Enrique ', 'Garcia Frias', 'Masculino', 'GAFL940221', '9931988520', 'kikin210294@gmail.com', '2016-06-30 18:41:29', 'alumno_lic', 1),
(1721, 'LILIANA', 'JIMENEZ MARTINEZ', 'Femenino', 'JIML960521', '9933436630', 'lylyjm21@gmail.com', '2016-06-30 18:44:56', 'alumno_lic', 1),
(1722, 'LILIANA', 'JIMENEZ MARTINEZ', 'Femenino', 'JIML960521', '9933436630', 'lylyjm21@gmail.com', '2016-06-30 18:47:01', 'alumno_lic', 1),
(1723, 'Luis Enrique', 'Garcia Frias', 'Masculino', 'GAFL940221', '9931988520', 'kikin210294@gmail.com', '2016-06-30 18:48:37', 'alumno_lic', 1),
(1724, 'Mariana', 'Peralta Vargas', 'Femenino', 'PEVM930930', '9141246001', 'marian30peralta@gmail.com', '2016-06-30 18:58:16', 'alumno_lic', 1),
(1725, 'Mariana', 'Peralta Vargas', 'Femenino', 'PEVM930930', '9141246001', 'marian30peralta@gmail.com', '2016-06-30 18:59:20', 'alumno_lic', 1),
(1726, 'viridiana edubiges', 'garcía estrada', 'Femenino', 'GAEV940522', '9931437438', 'viridiana_ge@hotmail.com', '2016-06-30 19:01:53', 'alumno_lic', 1),
(1727, 'MARIANA GUADALUPE', 'MEDINA GARCIA', 'Femenino', 'MEGM9011277U2', '9331298153', 'mariana.medinagarcia27@gmail.com', '2016-06-30 19:03:54', 'alumno_mtr', 1),
(1728, 'DORIS', 'ROSARIO ZUÑIGA ', 'Femenino', 'ROZD911119F40', '9933739999', 'arena_12_19@hotmail.com', '2016-06-30 19:08:29', 'alumno_mtr', 1),
(1729, 'WENDY VIVIANA', ' SILVÁN NÜÑEZ', 'Femenino', 'SINW910611M18', '9361143976', 'wendy_tatu@hotmail.com', '2016-06-30 19:15:07', 'alumno_mtr', 1),
(1730, 'Jazmin', 'Rodriguez Rodriguez', 'Femenino', 'RORY940811', '9933782916', 'Jazmin@hotmail.com', '2016-06-30 20:17:05', 'alumno_lic', 1),
(1731, 'JANET', 'DE LA CRUZ DE LA CRUZ', 'Femenino', 'CUCJ830122KW4', ' 9141401773', 'janetcruz0122@gmail.com', '2016-06-30 20:50:46', 'alumno_lic', 1),
(1732, 'EDGAR', 'VILLASÍS CORONA', 'Masculino', 'VICE780610F3A', '9371289160', 'villacoronaed@hotmail.com', '2016-06-30 21:03:51', 'alumno_mtr', 1),
(1733, 'DARWIN', 'TOSCA JUAREZ', 'Masculino', 'TOJD930017', '9932512532', 'darwintosca@hotmail.com', '2016-06-30 21:04:47', 'alumno_lic', 1),
(1734, 'EDGAR', 'VILLASÍS CORONA', 'Masculino', 'VICE780610F3A', '9371289160', 'villacoronaed@hotmail.com', '2016-06-30 21:05:51', 'alumno_mtr', 1),
(1735, 'ARACELI', 'VELAZQUEZ HERNANDEZ', 'Femenino', 'VLHRAR861020', ' 9932317596', 'janetcruz0122@gmail.com', '2016-06-30 21:06:31', 'alumno_lic', 1),
(1736, 'Erika Roxana', 'Hernández Mena', 'Femenino', 'HEME780723MM6', '9932086900', 'erika-roxana@hotmail.com', '2016-06-30 21:09:16', 'alumno_mtr', 1),
(1737, 'leticia ', 'lopez', 'Femenino', 'LOFL7603171', '9931903074', 'mfersi@hotmail.com', '2016-06-30 21:13:43', 'ext_maestronormales', 1),
(1738, 'fabiola del carmen', 'de la cruz castillo', 'Femenino', 'CUCF9010241J3', '9932321493', 'fabiolamilcarita.fc@gmail.com', '2016-06-30 21:33:49', 'alumno_mtr', 1),
(1739, 'JUAN ANDRÉS', 'BUSTOS SÁNCHEZ', 'Masculino', 'BUSJ920607K76', '9371371052', 'juanisimo19@gmail.com', '2016-06-30 21:42:58', 'alumno_mtr', 1),
(1740, 'JOSE GABRIEL', 'LOPEZ GARCIA', 'Masculino', 'LOGG900212RW1', '9932354649', 'angel_gabry@live.com.mx', '2016-06-30 22:38:47', 'alumno_mtr', 1),
(1741, 'ANA LUISA', 'HERNANDEZ LEON', 'Femenino', 'HELA890124MC4', '9933995873', 'mtra.anita.hdez@gmail.com', '2016-07-01 07:15:48', 'alumno_mtr', 1),
(1742, 'Stephany Jaret', 'Silva Arias', 'Femenino', 'SIAS950916TG1', '9931250461', 'jare_silva95@hotmail.com', '2016-07-01 07:25:40', 'alumno_lic', 1),
(1743, 'Stephany Jaret', 'Silva Arias', 'Femenino', 'SIAS950916TG1', '9931250461', 'jare_silva95@hotmail.com', '2016-07-01 08:30:28', 'alumno_lic', 1),
(1744, 'JUANA MARIA', 'FELIX HERNANDEZ', 'Femenino', 'FEHJ890624AP6', '9931467891', 'chivis_fany@hotmail.com', '2016-07-01 09:53:31', 'alumno_lic', 1),
(1745, 'luz maria', 'diaz garcia', 'Femenino', 'digl560527', '9932156481', 'lumidi@live.com.mx', '2016-07-01 10:07:12', 'docente', 1),
(1746, 'JUANA MARIA', 'FELIX HERNANDEZ', 'Femenino', 'FEHJ890624AP6', '9931467891', 'chivis_fany@hotmail.com', '2016-07-01 10:13:59', 'alumno_lic', 1),
(1747, 'edberg de jesus', 'perez lopez', 'Masculino', 'PELE921224', '9933416736', 'chuy_perez92@hotmail.com', '2016-07-01 10:37:32', 'alumno_lic', 1),
(1748, 'edberg de jesûs', 'pêrez lôpez ', 'Masculino', 'PELE921224', '9933416736', 'chuy_perez92@hotmail.com', '2016-07-01 10:44:51', 'alumno_lic', 1),
(1749, 'Miguel Angel', 'Castillo León', 'Masculino', 'CALM940714HTCSNG04', '99311207686', 'miki-leon@hotmail.es', '2016-07-01 10:56:12', 'alumno_lic', 1),
(1750, 'Miguel Angel', 'Castillo León', 'Masculino', 'CALM940714HTCSNG04', '99311207686', 'miki-leon@hotmail.es', '2016-07-01 10:57:59', 'alumno_lic', 1),
(1751, 'edberg de jesús', 'pérez lópez', 'Masculino', 'PELE921224', '9933416736', 'chuy_perez92@hotmail.com', '2016-07-01 11:07:36', 'alumno_lic', 1),
(1752, 'YESSICA ', 'GARCIA HERNANDEZ', 'Femenino', 'GAHY950327', '9932145446', 'jhonnypg98@gmail.com', '2016-07-01 11:14:59', 'alumno_lic', 1),
(1753, 'Lizbeth del Carmen', 'Pérez Rivera', 'Femenino', 'PERL940218', '9932175066', 'lcpr-1802@outlook.com', '2016-07-01 11:59:22', 'alumno_lic', 1),
(1754, 'Perla del Caribe', 'Almeida Carrasco', 'Femenino', 'AECP940401', '9933489342', 'perla_caribe@hotmail.com', '2016-07-01 12:03:48', 'alumno_lic', 1),
(1755, 'ZOILA ESTRELLA', 'GRANIEL SIERRA', 'Femenino', 'GASZ5505277A9', '9333348010', 'zoilastargs@hotmail.com', '2016-07-01 12:16:37', 'docente', 1),
(1756, 'Yesenia', 'Aguilar Suárez', 'Femenino', 'AUSY920725-T43', '9933483946', 'jessito_aguilar@outlook.com', '2016-07-01 12:25:00', 'alumno_lic', 1),
(1757, 'MAYELI SUGEY', 'HERNÁNDEZ LEÓN', 'Femenino', 'HELM831028', '9932641551', 'mayeli-sugey@hotmail.com', '2016-07-01 12:25:41', 'alumno_mtr', 1),
(1758, 'MAYELI SUGEY', 'HERNÁNDEZ LEÓN', 'Femenino', 'HELM831028', '9932641551', 'mayeli-sugey@hotmail.com', '2016-07-01 12:25:44', 'alumno_mtr', 1),
(1759, 'Lucely Guadalupe', 'Montejo López', 'Femenino', 'MOLL880909UX5', '9932024451', 'bbluju@hotmail.com', '2016-07-01 12:28:54', 'alumno_lic', 1),
(1760, 'Stephany Jaret ', 'Silva Arias', 'Femenino', 'SIAS950916MTCLR', '9931250461', 'jare_silva95@hotmail.com', '2016-07-01 12:32:47', 'alumno_lic', 1),
(1761, 'JUANA MARIA', 'FELIX HERMNANDEZ', 'Femenino', 'FEHJ890624AP6', '9931467891', 'chivis_fany@hotmail.com', '2016-07-01 12:54:57', 'alumno_lic', 1),
(1762, 'MARIA DEL CARMEN', 'HERNANDEZ PEREZ', 'Femenino', 'HEPM9112', '9932088308', 'Carmyhd91@Gmail.com', '2016-07-01 13:07:31', 'alumno_lic', 1),
(1763, 'MARIA DEL CARMEN', 'HERNANDEZ PEREZ', 'Femenino', 'HEPD911207DWA', '9932088308', 'Carmyhd91@Gmail.com', '2016-07-01 13:12:32', 'alumno_lic', 1),
(1764, 'JUANA MARIA', 'FELIX HERNANDEZ', 'Femenino', 'FEHJ890624AP6', '9931467891', 'chivis_fany@hotmail.com', '2016-07-01 13:13:30', 'alumno_lic', 1),
(1765, 'Jacqueline', 'Zárate ruiz', 'Femenino', 'ZARJ730129', '9932061662', 'jackyzarate35@hitmail.com', '2016-07-01 14:09:28', 'alumno_mtr', 1),
(1766, 'LAURA CECILIA', 'CHANONA PEREZ', 'Femenino', 'CAPL760313', '0449932322657', 'laceci1376@hotmail.com', '2016-07-01 14:43:08', 'alumno_lic', 1),
(1767, 'ALONDRA ', ' HERNÀNDEZ HERNÀNDEZ', 'Femenino', 'HEHA910323', '9932966646', 'alohernandez-03@hotmail.com', '2016-07-01 14:47:58', 'alumno_lic', 1),
(1768, 'Rosa Maria', 'de la Cruz Lopez', 'Femenino', 'CULR901008FR5', '9141029726', 'rosy21_2011@hotmail.com', '2016-07-01 15:08:14', 'alumno_mtr', 1),
(1769, 'FRANCISCO JAVIER ', 'PEREZ SANCHEZ', 'Masculino', 'PESF8609097P7', '9931055052', 'FRANCISCOPEREZ131524@GMAIL.COM', '2016-07-01 15:17:51', 'alumno_lic', 1),
(1770, 'Juan Valentin', 'Perez Salvador', 'Masculino', 'PESJ940214', '9932648879', 'juanvalentinperez94@hotmail.com', '2016-07-01 18:59:54', 'alumno_lic', 1),
(1771, 'DORA GUADALUPE ', 'DOMINGUEZ DE LA CRUZ', 'Femenino', 'DOCD760321', '9371253184', 'kali.maya@hotmail.com', '2016-07-01 19:55:57', 'alumno_mtr', 1),
(1772, 'PAMELA ALBANY', 'DE LA CRUZ SOLIS', 'Femenino', 'CUSP8705033M1', '9365938467', 'pame_039@hotmail.com', '2016-07-01 20:19:17', 'alumno_mtr', 1),
(1773, '', '', '', '', '', '', '2016-07-01 23:52:43', '', 1),
(1774, 'MARÍA GUADALUPE', 'LÁZARO HERNÁNDEZ', 'Femenino', 'LAHG810702B69', '9933921276', 'kilups_52_princesa@hotmail.com', '2016-07-02 05:47:43', 'alumno_mtr', 1),
(1775, 'Cristina', 'Acosta Camacho', 'Femenino', 'AOCC900830815', '9931090271', 'dulcesito-16@hotmail.com', '2016-07-02 06:13:08', 'alumno_mtr', 1),
(1776, 'YOLANDA DEL CARMEN', 'ARREDONDO PRIETO', 'Femenino', 'AEPY630329RKA', '9931041033', 'yolandaprieto640@hotmail.com', '2016-07-02 07:45:24', 'docente', 1),
(1777, 'ESTRELLA DEL CARMEN', 'OJEDA OSORIO', 'Femenino', 'OEOE700517PD6', '9371175127', 'eojedaos@hotmail.com', '2016-07-02 07:47:33', 'docente', 1),
(1778, 'ROBERTO DANIEL', 'ABRERA', 'Masculino', 'LOCR830717HTPBB09', '9932501053', 'daniel1724@mail.com', '2016-07-02 08:14:46', 'alumno_mtr', 1),
(1779, 'ROBERTO DANIEL ', 'LOPEZ CABRERA', 'Masculino', 'LOCR830717HTPBB09', '9932501053', 'daniel1724@mail.com', '2016-07-02 08:32:35', 'alumno_mtr', 1),
(1780, 'José', 'Jiménez Vázquez', 'Masculino', 'jivj8609103a8', '9321008995', 'peche_vazquez86@hotmail.com', '2016-07-02 08:43:57', 'alumno_mtr', 1),
(1781, 'MÓNICA DE LOS ÁNGELES', 'CHABLÉ REYES ', 'Femenino', 'CARM840127G60', '9933855932', 'moni_angelsjs@yahoo.com.mx', '2016-07-02 09:57:59', 'alumno_mtr', 1),
(1782, 'DORIS ', 'ROSARIO ZUÑIGA', 'Femenino', 'ROZD911119F40', '9933739999', 'arena_12_19@hotmail.com', '2016-07-02 10:59:41', 'alumno_mtr', 1),
(1783, 'GUADALUPE', 'JIMENEZ FELIX ', 'Femenino', 'JIFG901231', '9931185703', 'lulu_pita96@hotmail.com', '2016-07-02 11:05:58', 'alumno_mtr', 1),
(1784, 'brenda veronica', 'hernandez feliz', 'Femenino', 'hebv19iva', '9931695675', 'jheim_87@hotmail.com', '2016-07-02 11:31:19', 'alumno_lic', 1),
(1785, 'brenda veronica', 'hernandez feliz', 'Femenino', 'hebv19iva', '9931695675', 'jheim_87@hotmail.com', '2016-07-02 11:32:08', 'alumno_lic', 1),
(1786, 'brenda veronica', 'hernandez felix', 'Femenino', 'hefbv87iva', '9931695675', 'pikabu_12@hotmail.com', '2016-07-02 11:34:01', 'alumno_lic', 1),
(1787, 'JULIO CESAR ', 'ARA', 'Masculino', 'AAYJ901111GQ4', '9341237620', 'FreinetAra@hotmail.com', '2016-07-03 08:23:17', 'otro', 1),
(1788, 'JULIO CESAR ', 'ARA YAN', 'Masculino', 'AAYJ901111GQ4', '9341237620', 'FreinetAra@hotmail.com', '2016-07-03 08:27:25', 'otro', 1),
(1789, 'Juana iris ', 'Perez jimenez', 'Femenino', 'PEJJ840624GP3', '9933849192', 'iris31corazon@gmail.com', '2016-07-03 10:53:26', 'alumno_lic', 1),
(1790, 'Juana iris ', 'Perez jimenez', 'Femenino', 'PEJJ840624GP3', '9933849192', 'iris31corazon@gmail.com', '2016-07-03 10:53:52', 'alumno_lic', 1),
(1791, 'Isaias', 'Dominguez Valenzuela', 'Masculino', 'DOVI7302172', '9141329486', 'Valenz73@Hotmail.Com', '2016-07-03 11:27:24', 'alumno_lic', 1),
(1792, 'Brenda Veronica', 'Hernandez Fèlix ', 'Femenino', 'HEFB871129', '9931695675', 'gerafangarcia08@gmail.com', '2016-07-03 19:19:03', 'alumno_lic', 1),
(1793, '', '', 'Masculino', '', '', '', '2016-07-04 16:03:47', '', 1),
(1794, 'DIEGO DE JESUS ', 'ASTUDILLO ZACARIAS', 'Masculino', 'AUZD', '9161123981', 'dieguito_astu@hotmail.com', '2016-07-05 09:12:57', 'otro', 1),
(1795, 'ELIUT', 'DE LA CRUZ VALENCIA', 'Masculino', 'CUVE750306', '9321129284', 'eliut6@hotmail.com', '2016-07-05 12:05:05', 'alumno_lic', 1),
(1796, 'ELIUT', 'DE LA CRUZ VALENCIA', 'Masculino', 'CUVE750306', '9321129284', 'eliut6@hotmail.com', '2016-07-05 12:06:23', 'alumno_lic', 1),
(1797, 'ELIUT', 'DE LA CRUZ VALENCIA', 'Masculino', 'CUVE750306LW4', '9321129284', 'eliut6@hotmail.com', '2016-07-05 12:12:08', 'alumno_lic', 1),
(1798, 'ELIUT', 'DE LA CRUZ VALENCIA', 'Masculino', 'CUVE750306LW4', '9321129284', 'eliut6@hotmail.com', '2016-07-05 12:42:04', 'alumno_lic', 1),
(1799, 'EVA LAURA ', 'TRINIDAD RODRIGUEZ ', 'Femenino', 'TIRE930223714', '9933934262', 'LAURA_TRINIDAD93@HOTMAIL.COM', '2016-07-05 13:26:09', 'alumno_lic', 1),
(1800, 'EVA LAURA ', 'TRINIDAD RODRIGUEZ ', 'Femenino', 'TIRE930223714', '9933934262', 'LAURA_TRINIDAD93@HOTMAIL.COM', '2016-07-05 13:31:42', 'alumno_lic', 1),
(1801, 'EVA LAURA ', 'TRINIDAD RODRIGUEZ ', 'Femenino', 'TIRE930223714', '9933934262', 'LAURA_TRINIDAD93@HOTMAIL.COM', '2016-07-05 13:33:24', 'alumno_lic', 1),
(1802, 'JAIME', 'DE DIOS RODRIGUEZ', 'Masculino', 'DIRJ8412176BA', '9933861047', 'dios1702152@gmail.com', '2016-07-05 14:34:04', 'alumno_lic', 1),
(1803, 'ABEL', 'MARTÍNEZ  ALVAREZ', 'Masculino', 'MAA810515L19', '9365932161', 'docente_prim@hotmail.com', '2016-07-05 15:00:17', 'docente', 1),
(1804, 'cristian abraham ', 'reyes garcía', 'Masculino', 'REGC940526IU1', '9933421294', 'logan_rv94@hotmail.com', '2016-07-05 15:17:31', 'ext_alumno', 1),
(1805, 'Rosenda Viridiana ', 'Hernandez marin ', 'Femenino', 'hemr9007232l7', '9932555690', 'viridiana-marin@homail.com', '2016-07-05 17:51:24', 'alumno_mtr', 1),
(1806, 'José Armando', 'Salazar Bautista ', 'Masculino', 'SABA960607ST9', '9931086965', 'armandobautista07@gmail.com', '2016-07-05 18:16:24', 'alumno_lic', 1),
(1807, 'Aura Mercedes', 'Mendez Alejo', 'Femenino', 'MEAA970317', '9931629056', 'bebita_chapis@hotmail.com', '2016-07-05 19:47:07', 'alumno_lic', 1),
(1808, 'juan carlos', 'zapata cordova', 'Masculino', 'zacj710923s6a', '9931283647', 'c_zapata80@hotmail.com', '2016-07-06 12:36:26', 'alumno_lic', 1),
(1809, 'Wilberth Adrian', 'Pech Frias', 'Masculino', 'pefw8701018x1', '9931169687', 'futbol_87@hotmail.com', '2016-07-07 08:04:11', 'alumno_lic', 1),
(1810, 'HERIBERTO ', 'GONZALEZ VELAZQUEZ', 'Masculino', 'GOVH660828DJA', '9931692835', 'heribertoglezv@gmail.com', '2016-07-07 10:40:27', 'docente', 1),
(1811, 'CLAUDIA', 'GASPAR DE LA CRUZ', 'Femenino', 'GACC920319', '9933270555', 'Claumoxa_0392@hotmail.com', '2016-07-07 12:36:31', 'alumno_lic', 1),
(1812, 'Adriana ', 'Félix de la Cruz ', 'Femenino', 'FECA880423MTCLRD09', '9361019437', 'adriana_felix88@hotmail.com', '2016-07-07 16:09:24', 'otro', 1),
(1813, 'GABRIELA ', 'GARCIA MENDOZA', 'Masculino', 'GAMG960928', '3556035', 'peque_ggm96@hotmail.com', '2016-07-09 06:10:51', 'alumno_lic', 1),
(1814, '', '', '', '', '', '', '2016-08-01 20:27:52', '', 1),
(1815, '', '', '', '', '', '', '2016-09-02 11:43:17', '', 1),
(1816, '', '', '', '', '', '', '2016-10-03 20:41:03', '', 1),
(1817, 'FIDELIO2017', 'CASTILLO', 'Masculino', 'CARF', '9932', 'fromero105@gmail.com', '2017-04-21 09:17:18', 'alumno_lic', 1),
(1818, 'f', 'c', 'Masculino', 'c', '1', 'f@g', '2017-04-21 10:25:17', 'alumno_lic', 1),
(1819, 'FIDELIO', 'CASTILLO ROMERO', 'Masculino', 'CARF691010', '9932101010', 'f@gmail.com', '2017-04-21 10:29:23', 'alumno_lic', 1),
(1820, 'FIDELIO', 'CASTILLO ROMERO', 'Masculino', 'CARF691010', '9932', 'f@g', '2017-04-21 10:33:16', 'alumno_mtr', 1),
(1821, 'FIDELIO', 'CASTILLO ROMERO', 'Masculino', 'CARF691010', '9932', 'f@g', '2017-04-21 10:35:03', 'alumno_mtr', 1),
(1822, 'DIEGO', 'MARTINEZ ALFARO', 'Masculino', 'MAAD', '993', 'mar@h', '2017-04-21 10:37:41', 'ext_alumno', 1),
(1823, 'F', 'C', 'Masculino', 'C', '1', 'F@G', '2017-04-21 10:48:03', 'docente', 1);

-- --------------------------------------------------------

--
-- Estructura de tabla para la tabla `evento`
--

CREATE TABLE IF NOT EXISTS `evento` (
  `id_evento` int(11) NOT NULL AUTO_INCREMENT,
  `nombre_evento` varchar(500) NOT NULL COMMENT 'Nombre del evento',
  `tipo` varchar(45) NOT NULL COMMENT 'Alterna en Taller, Foros, Conferencia',
  `lugar` varchar(200) NOT NULL,
  `hora` varchar(20) NOT NULL,
  `fecha_inicio` date NOT NULL,
  `fecha_fin` date NOT NULL,
  `cupo` int(11) NOT NULL,
  `conteo` int(11) NOT NULL DEFAULT '0',
  `expositor` varchar(300) NOT NULL COMMENT 'Nombre de los expositores',
  `empresa` varchar(500) NOT NULL COMMENT 'Origen del expositor',
  `solo` tinyint(1) NOT NULL DEFAULT '0' COMMENT 'Indica si el evento no pertence a un coloquio',
  `id_coloquio` int(11) NOT NULL,
  `status` tinyint(1) NOT NULL DEFAULT '0',
  `costo` double NOT NULL DEFAULT '0',
  `cartel` varchar(1000) NOT NULL DEFAULT 'ninguno',
  PRIMARY KEY (`id_evento`),
  KEY `fk_evento_coloquio1_idx` (`id_coloquio`)
) ENGINE=InnoDB DEFAULT CHARSET=utf8 AUTO_INCREMENT=1 ;

-- --------------------------------------------------------

--
-- Estructura de tabla para la tabla `evento_has_acceso`
--

CREATE TABLE IF NOT EXISTS `evento_has_acceso` (
  `id_evento` int(11) NOT NULL AUTO_INCREMENT,
  `id_acceso` int(11) NOT NULL,
  `id_puntoAcceso` varchar(45) NOT NULL COMMENT 'concatenacion de id_evento-id_acceso',
  PRIMARY KEY (`id_evento`,`id_acceso`,`id_puntoAcceso`),
  KEY `fk_evento_has_acceso_acceso1_idx` (`id_acceso`),
  KEY `fk_evento_has_acceso_evento1_idx` (`id_evento`)
) ENGINE=InnoDB DEFAULT CHARSET=utf8 AUTO_INCREMENT=1 ;

-- --------------------------------------------------------

--
-- Estructura de tabla para la tabla `ficha`
--

CREATE TABLE IF NOT EXISTS `ficha` (
  `id_ficha` int(11) NOT NULL AUTO_INCREMENT,
  `folio` int(11) NOT NULL,
  `clave_acceso` int(11) NOT NULL,
  `cuota` double NOT NULL COMMENT 'Cuota de admicion',
  `fecha` date NOT NULL COMMENT 'Fecha de registro',
  `id_participante` int(11) NOT NULL,
  `pagado` tinyint(1) NOT NULL DEFAULT '0' COMMENT 'Indica se la ficha esta pagada',
  `libro` tinyint(1) NOT NULL DEFAULT '0',
  `tipo_participante` varchar(45) NOT NULL,
  PRIMARY KEY (`id_ficha`),
  KEY `fk_ficha_datoParticipante1_idx` (`id_participante`)
) ENGINE=InnoDB  DEFAULT CHARSET=utf8 AUTO_INCREMENT=3594 ;

--
-- Volcado de datos para la tabla `ficha`
--

INSERT INTO `ficha` (`id_ficha`, `folio`, `clave_acceso`, `cuota`, `fecha`, `id_participante`, `pagado`, `libro`, `tipo_participante`) VALUES
(2531, 1, 10012, 0, '2016-06-19', 1292, 1, 0, 'alumno_lic'),
(2533, 2, 20012, 0, '2016-06-19', 1293, 1, 0, 'alumno_lic'),
(2535, 3, 30012, 0, '2016-06-19', 1294, 0, 0, 'alumno_lic'),
(2537, 4, 40012, 0, '2016-06-19', 1295, 0, 0, 'alumno_lic'),
(2539, 5, 50012, 0, '2016-06-19', 1296, 0, 0, 'alumno_lic'),
(2541, 6, 60012, 0, '2016-06-19', 1297, 0, 0, 'alumno_lic'),
(2543, 7, 70012, 0, '2016-06-19', 1298, 0, 0, 'alumno_lic'),
(2545, 8, 80012, 600, '2016-06-20', 1299, 0, 0, 'alumno_mtr'),
(2547, 9, 90012, 100, '2016-06-20', 1300, 0, 0, 'docente'),
(2549, 10, 100012, 100, '2016-06-20', 1301, 0, 0, 'docente'),
(2551, 11, 110012, 600, '2016-06-20', 1302, 0, 0, 'alumno_mtr'),
(2553, 12, 120012, 200, '2016-06-20', 1303, 0, 0, 'ext_alumno'),
(2555, 13, 130012, 200, '2016-06-20', 1304, 0, 0, 'ext_alum_otras'),
(2557, 14, 140012, 200, '2016-06-20', 1305, 0, 0, 'ext_alumno'),
(2559, 15, 150012, 800, '2016-06-21', 1306, 0, 0, 'ext_alumno'),
(2561, 16, 160012, 800, '2016-06-21', 1307, 0, 0, 'ext_alum_otras'),
(2563, 17, 170012, 800, '2016-06-21', 1308, 0, 0, 'ext_maestronormales'),
(2565, 18, 180012, 0, '2016-06-21', 1309, 0, 0, 'otro'),
(2567, 19, 190012, 0, '2016-06-21', 1310, 0, 0, 'otro'),
(2569, 20, 200012, 800, '2016-06-21', 1311, 0, 0, 'otro'),
(2571, 21, 210012, 0, '2016-06-21', 1312, 0, 0, 'alumno_lic'),
(2573, 22, 220012, 600, '2016-06-22', 1313, 1, 0, 'alumno_mtr'),
(2575, 23, 230012, 600, '2016-06-22', 1314, 1, 0, 'alumno_mtr'),
(2577, 24, 240012, 600, '2016-06-22', 1315, 1, 0, 'alumno_mtr'),
(2579, 25, 250012, 600, '2016-06-22', 1316, 1, 0, 'alumno_mtr'),
(2581, 26, 260012, 600, '2016-06-22', 1317, 0, 0, 'alumno_mtr'),
(2583, 27, 270012, 600, '2016-06-22', 1318, 1, 0, 'alumno_mtr'),
(2585, 28, 280012, 600, '2016-06-22', 1319, 1, 0, 'alumno_mtr'),
(2587, 29, 290012, 600, '2016-06-22', 1320, 1, 0, 'alumno_mtr'),
(2589, 30, 300012, 800, '2016-06-22', 1321, 0, 0, 'ext_alum_otras'),
(2591, 31, 310012, 600, '2016-06-22', 1322, 1, 0, 'alumno_mtr'),
(2593, 32, 320012, 600, '2016-06-22', 1323, 1, 0, 'alumno_mtr'),
(2595, 33, 330012, 100, '2016-06-22', 1324, 1, 0, 'docente'),
(2597, 34, 340012, 0, '2016-06-22', 1325, 0, 0, 'alumno_lic'),
(2599, 35, 350012, 0, '2016-06-22', 1326, 1, 0, 'alumno_lic'),
(2601, 36, 360012, 0, '2016-06-22', 1327, 1, 0, 'alumno_lic'),
(2603, 37, 370012, 600, '2016-06-23', 1328, 1, 0, 'alumno_mtr'),
(2605, 38, 380012, 600, '2016-06-23', 1329, 1, 0, 'alumno_mtr'),
(2607, 39, 390012, 600, '2016-06-23', 1330, 1, 0, 'alumno_mtr'),
(2609, 40, 400012, 600, '2016-06-23', 1331, 1, 0, 'alumno_mtr'),
(2611, 41, 410012, 600, '2016-06-23', 1332, 1, 0, 'alumno_mtr'),
(2613, 42, 420012, 600, '2016-06-23', 1333, 1, 0, 'alumno_mtr'),
(2615, 43, 430012, 600, '2016-06-23', 1334, 0, 0, 'alumno_mtr'),
(2617, 44, 440012, 600, '2016-06-23', 1335, 1, 0, 'alumno_mtr'),
(2619, 45, 450012, 600, '2016-06-23', 1336, 1, 0, 'alumno_mtr'),
(2621, 46, 460012, 800, '2016-06-23', 1337, 1, 0, 'ext_maestronormales'),
(2623, 47, 470012, 600, '2016-06-23', 1338, 1, 0, 'alumno_mtr'),
(2625, 48, 480012, 600, '2016-06-23', 1339, 1, 0, 'alumno_mtr'),
(2627, 49, 490012, 0, '2016-06-23', 1340, 0, 0, 'alumno_lic'),
(2629, 50, 500012, 0, '2016-06-23', 1341, 0, 0, 'alumno_lic'),
(2631, 51, 510012, 0, '2016-06-23', 1342, 0, 0, 'alumno_lic'),
(2633, 52, 520012, 600, '2016-06-23', 1343, 1, 0, 'alumno_mtr'),
(2635, 53, 530012, 600, '2016-06-23', 1344, 1, 0, 'alumno_mtr'),
(2637, 54, 540012, 800, '2016-06-23', 1345, 0, 0, 'ext_maestronormales'),
(2639, 55, 550012, 600, '2016-06-24', 1346, 1, 0, 'alumno_mtr'),
(2641, 56, 560012, 0, '2016-06-24', 1347, 0, 0, 'alumno_lic'),
(2643, 57, 570012, 600, '2016-06-24', 1348, 0, 0, 'alumno_mtr'),
(2645, 58, 580012, 600, '2016-06-24', 1349, 0, 0, 'alumno_mtr'),
(2647, 59, 590012, 0, '2016-06-24', 1350, 0, 0, 'alumno_lic'),
(2649, 60, 600012, 0, '2016-06-24', 1351, 1, 0, 'alumno_lic'),
(2651, 61, 610012, 600, '2016-06-24', 1352, 1, 0, 'alumno_mtr'),
(2653, 62, 620012, 600, '2016-06-24', 1353, 1, 0, 'alumno_mtr'),
(2655, 63, 630012, 0, '2016-06-24', 1354, 1, 0, 'alumno_lic'),
(2657, 64, 640012, 600, '2016-06-24', 1355, 1, 0, 'alumno_mtr'),
(2659, 65, 650012, 600, '2016-06-24', 1356, 1, 0, 'alumno_mtr'),
(2661, 66, 660012, 800, '2016-06-24', 1357, 0, 0, 'otro'),
(2663, 67, 670012, 600, '2016-06-24', 1358, 1, 0, 'alumno_mtr'),
(2665, 68, 680012, 600, '2016-06-24', 1359, 1, 0, 'alumno_mtr'),
(2667, 69, 690012, 0, '2016-06-24', 1360, 1, 0, 'alumno_lic'),
(2669, 70, 700012, 0, '2016-06-24', 1361, 1, 0, 'alumno_lic'),
(2671, 71, 710012, 0, '2016-06-24', 1362, 1, 0, 'alumno_lic'),
(2673, 72, 720012, 0, '2016-06-24', 1363, 1, 0, 'alumno_lic'),
(2675, 73, 730012, 600, '2016-06-24', 1364, 1, 0, 'alumno_mtr'),
(2677, 74, 740012, 0, '2016-06-24', 1365, 1, 0, 'alumno_lic'),
(2679, 75, 750012, 600, '2016-06-24', 1366, 1, 0, 'alumno_mtr'),
(2681, 76, 760012, 600, '2016-06-24', 1367, 1, 0, 'alumno_mtr'),
(2683, 77, 770012, 600, '2016-06-24', 1368, 1, 0, 'alumno_mtr'),
(2685, 78, 780012, 600, '2016-06-24', 1369, 1, 0, 'alumno_mtr'),
(2687, 79, 790012, 0, '2016-06-24', 1370, 1, 0, 'alumno_lic'),
(2689, 80, 800012, 0, '2016-06-24', 1371, 1, 0, 'alumno_lic'),
(2691, 81, 810012, 0, '2016-06-24', 1372, 1, 0, 'alumno_lic'),
(2693, 82, 820012, 0, '2016-06-24', 1373, 1, 0, 'alumno_lic'),
(2695, 83, 830012, 0, '2016-06-24', 1374, 1, 0, ''),
(2697, 84, 840012, 0, '2016-06-24', 1375, 0, 0, 'alumno_lic'),
(2699, 85, 850012, 0, '2016-06-24', 1376, 0, 0, 'alumno_lic'),
(2701, 86, 860012, 0, '2016-06-24', 1377, 1, 0, 'alumno_lic'),
(2703, 87, 870012, 0, '2016-06-24', 1378, 1, 0, 'alumno_lic'),
(2705, 88, 880012, 0, '2016-06-24', 1379, 0, 0, 'alumno_lic'),
(2707, 89, 890012, 0, '2016-06-24', 1380, 1, 0, 'alumno_lic'),
(2709, 90, 900012, 0, '2016-06-24', 1381, 1, 0, 'alumno_lic'),
(2711, 91, 910012, 0, '2016-06-24', 1382, 1, 0, 'alumno_lic'),
(2713, 92, 920012, 600, '2016-06-24', 1383, 1, 0, 'alumno_mtr'),
(2715, 93, 930012, 0, '2016-06-24', 1384, 1, 0, 'alumno_lic'),
(2717, 94, 940012, 0, '2016-06-24', 1385, 1, 0, 'alumno_lic'),
(2719, 95, 950012, 0, '2016-06-24', 1386, 1, 0, 'alumno_lic'),
(2721, 96, 960012, 0, '2016-06-24', 1387, 0, 0, 'alumno_lic'),
(2723, 97, 970012, 0, '2016-06-24', 1388, 0, 0, 'alumno_lic'),
(2725, 98, 980012, 0, '2016-06-24', 1389, 0, 0, 'alumno_lic'),
(2727, 99, 990012, 0, '2016-06-24', 1390, 1, 0, 'alumno_lic'),
(2729, 100, 1000012, 600, '2016-06-24', 1391, 1, 0, 'alumno_mtr'),
(2731, 101, 1010012, 0, '2016-06-24', 1392, 1, 0, 'alumno_lic'),
(2733, 102, 1020012, 0, '2016-06-24', 1393, 1, 0, 'alumno_lic'),
(2735, 103, 1030012, 0, '2016-06-24', 1394, 1, 0, 'alumno_lic'),
(2737, 104, 1040012, 600, '2016-06-25', 1395, 1, 0, 'alumno_mtr'),
(2739, 105, 1050012, 600, '2016-06-25', 1396, 1, 0, 'alumno_mtr'),
(2741, 106, 1060012, 600, '2016-06-25', 1397, 1, 0, 'alumno_mtr'),
(2743, 107, 1070012, 0, '2016-06-25', 1398, 1, 0, 'alumno_lic'),
(2745, 108, 1080012, 600, '2016-06-25', 1399, 1, 0, 'alumno_mtr'),
(2747, 109, 1090012, 800, '2016-06-25', 1400, 0, 0, 'otro'),
(2749, 110, 1100012, 600, '2016-06-25', 1401, 1, 0, 'alumno_mtr'),
(2751, 111, 1110012, 0, '2016-06-25', 1402, 1, 0, 'alumno_lic'),
(2753, 112, 1120012, 600, '2016-06-25', 1403, 1, 0, 'alumno_mtr'),
(2755, 113, 1130012, 0, '2016-06-25', 1404, 1, 0, 'alumno_lic'),
(2757, 114, 1140012, 600, '2016-06-25', 1405, 1, 0, 'alumno_mtr'),
(2759, 115, 1150012, 600, '2016-06-25', 1406, 1, 0, 'alumno_mtr'),
(2761, 116, 1160012, 600, '2016-06-25', 1407, 0, 0, 'alumno_mtr'),
(2763, 117, 1170012, 600, '2016-06-25', 1408, 1, 0, 'alumno_mtr'),
(2765, 118, 1180012, 600, '2016-06-25', 1409, 1, 0, 'alumno_mtr'),
(2767, 119, 1190012, 600, '2016-06-25', 1410, 1, 0, 'alumno_mtr'),
(2769, 120, 1200012, 600, '2016-06-25', 1411, 1, 0, 'alumno_mtr'),
(2771, 121, 1210012, 600, '2016-06-25', 1412, 0, 0, 'alumno_mtr'),
(2773, 122, 1220012, 600, '2016-06-25', 1413, 0, 0, 'alumno_mtr'),
(2775, 123, 1230012, 600, '2016-06-25', 1414, 0, 0, 'alumno_mtr'),
(2777, 124, 1240012, 600, '2016-06-25', 1415, 1, 0, 'alumno_mtr'),
(2779, 125, 1250012, 600, '2016-06-25', 1416, 1, 0, 'alumno_mtr'),
(2781, 126, 1260012, 600, '2016-06-25', 1417, 0, 0, 'alumno_mtr'),
(2783, 127, 1270012, 600, '2016-06-25', 1418, 0, 0, 'alumno_mtr'),
(2785, 128, 1280012, 600, '2016-06-25', 1419, 1, 0, 'alumno_mtr'),
(2787, 129, 1290012, 600, '2016-06-25', 1420, 1, 0, 'alumno_mtr'),
(2789, 130, 1300012, 600, '2016-06-25', 1421, 1, 0, 'alumno_mtr'),
(2791, 131, 1310012, 600, '2016-06-25', 1422, 1, 0, 'alumno_mtr'),
(2793, 132, 1320012, 0, '2016-06-25', 1423, 1, 0, 'alumno_lic'),
(2795, 133, 1330012, 0, '2016-06-25', 1424, 1, 0, 'alumno_lic'),
(2797, 134, 1340012, 0, '2016-06-25', 1425, 1, 0, 'alumno_lic'),
(2799, 135, 1350012, 0, '2016-06-25', 1426, 1, 0, 'alumno_lic'),
(2801, 136, 1360012, 600, '2016-06-25', 1427, 1, 0, 'alumno_mtr'),
(2803, 137, 1370012, 600, '2016-06-25', 1428, 0, 0, 'alumno_mtr'),
(2805, 138, 1380012, 600, '2016-06-25', 1429, 0, 0, 'alumno_mtr'),
(2807, 139, 1390012, 600, '2016-06-25', 1430, 1, 0, 'alumno_mtr'),
(2809, 140, 1400012, 600, '2016-06-25', 1431, 1, 0, 'alumno_mtr'),
(2811, 141, 1410012, 0, '2016-06-25', 1432, 1, 0, 'alumno_lic'),
(2813, 142, 1420012, 800, '2016-06-25', 1433, 0, 0, 'ext_maestronormales'),
(2815, 143, 1430012, 0, '2016-06-25', 1434, 1, 0, 'alumno_lic'),
(2817, 144, 1440012, 600, '2016-06-25', 1435, 1, 0, 'alumno_mtr'),
(2819, 145, 1450012, 600, '2016-06-25', 1436, 1, 0, 'alumno_mtr'),
(2821, 146, 1460012, 0, '2016-06-25', 1437, 1, 0, 'alumno_lic'),
(2823, 147, 1470012, 0, '2016-06-25', 1438, 1, 0, 'alumno_lic'),
(2825, 148, 1480012, 0, '2016-06-26', 1439, 1, 0, 'alumno_lic'),
(2827, 149, 1490012, 0, '2016-06-26', 1440, 1, 0, 'alumno_lic'),
(2829, 150, 1500012, 0, '2016-06-26', 1441, 0, 0, 'alumno_lic'),
(2831, 151, 1510012, 0, '2016-06-26', 1442, 1, 0, 'alumno_lic'),
(2833, 152, 1520012, 0, '2016-06-26', 1443, 1, 0, 'alumno_lic'),
(2835, 153, 1530012, 0, '2016-06-26', 1444, 1, 0, 'alumno_lic'),
(2837, 154, 1540012, 0, '2016-06-26', 1445, 1, 0, 'alumno_lic'),
(2839, 155, 1550012, 0, '2016-06-26', 1446, 0, 0, 'alumno_lic'),
(2841, 156, 1560012, 0, '2016-06-26', 1447, 1, 0, 'alumno_lic'),
(2843, 157, 1570012, 600, '2016-06-27', 1448, 1, 0, 'alumno_mtr'),
(2845, 158, 1580012, 0, '2016-06-27', 1449, 1, 0, 'alumno_lic'),
(2847, 159, 1590012, 0, '2016-06-27', 1450, 0, 0, 'alumno_lic'),
(2849, 160, 1600012, 0, '2016-06-27', 1451, 0, 0, 'alumno_lic'),
(2851, 161, 1610012, 600, '2016-06-27', 1452, 1, 0, 'alumno_mtr'),
(2853, 162, 1620012, 600, '2016-06-27', 1453, 1, 0, 'alumno_mtr'),
(2855, 163, 1630012, 0, '2016-06-27', 1454, 1, 0, 'alumno_lic'),
(2857, 164, 1640012, 800, '2016-06-27', 1455, 1, 0, 'ext_maestronormales'),
(2859, 165, 1650012, 600, '2016-06-27', 1456, 1, 0, 'alumno_mtr'),
(2861, 166, 1660012, 800, '2016-06-27', 1457, 1, 0, 'ext_maestronormales'),
(2863, 167, 1670012, 800, '2016-06-27', 1458, 1, 0, 'ext_maestronormales'),
(2865, 168, 1680012, 800, '2016-06-27', 1459, 0, 0, 'ext_maestronormales'),
(2867, 169, 1690012, 0, '2016-06-27', 1460, 1, 0, 'alumno_lic'),
(2869, 170, 1700012, 0, '2016-06-27', 1461, 1, 0, 'alumno_lic'),
(2871, 171, 1710012, 0, '2016-06-27', 1462, 0, 0, 'alumno_lic'),
(2873, 172, 1720012, 0, '2016-06-27', 1463, 1, 0, 'alumno_lic'),
(2875, 173, 1730012, 0, '2016-06-27', 1464, 1, 0, 'alumno_lic'),
(2877, 174, 1740012, 0, '2016-06-27', 1465, 1, 0, 'alumno_lic'),
(2879, 175, 1750012, 0, '2016-06-27', 1466, 1, 0, 'alumno_lic'),
(2881, 176, 1760012, 0, '2016-06-27', 1467, 0, 0, 'alumno_lic'),
(2883, 177, 1770012, 0, '2016-06-27', 1468, 1, 0, 'alumno_lic'),
(2885, 178, 1780012, 0, '2016-06-27', 1469, 0, 0, 'alumno_lic'),
(2887, 179, 1790012, 800, '2016-06-27', 1470, 0, 0, 'ext_alumno'),
(2889, 180, 1800012, 0, '2016-06-27', 1471, 1, 0, 'alumno_lic'),
(2891, 181, 1810012, 0, '2016-06-27', 1472, 1, 0, 'alumno_lic'),
(2893, 182, 1820012, 0, '2016-06-27', 1473, 0, 0, 'alumno_lic'),
(2895, 183, 1830012, 0, '2016-06-27', 1474, 1, 0, 'alumno_lic'),
(2897, 184, 1840012, 0, '2016-06-27', 1475, 1, 0, 'alumno_lic'),
(2899, 185, 1850012, 0, '2016-06-27', 1476, 0, 0, 'alumno_lic'),
(2901, 186, 1860012, 0, '2016-06-27', 1477, 1, 0, 'alumno_lic'),
(2903, 187, 1870012, 0, '2016-06-27', 1478, 1, 0, 'alumno_lic'),
(2905, 188, 1880012, 0, '2016-06-27', 1479, 0, 0, 'alumno_lic'),
(2907, 189, 1890012, 0, '2016-06-27', 1480, 1, 0, 'alumno_lic'),
(2909, 190, 1900012, 0, '2016-06-27', 1481, 0, 0, 'alumno_lic'),
(2911, 191, 1910012, 0, '2016-06-27', 1482, 1, 0, 'alumno_lic'),
(2913, 192, 1920012, 0, '2016-06-27', 1483, 0, 0, 'alumno_lic'),
(2915, 193, 1930012, 0, '2016-06-27', 1484, 0, 0, 'alumno_lic'),
(2917, 194, 1940012, 0, '2016-06-27', 1485, 1, 0, 'alumno_lic'),
(2919, 195, 1950012, 600, '2016-06-27', 1486, 1, 0, 'alumno_mtr'),
(2921, 196, 1960012, 0, '2016-06-27', 1487, 1, 0, 'alumno_lic'),
(2923, 197, 1970012, 0, '2016-06-27', 1488, 1, 0, 'alumno_lic'),
(2925, 198, 1980012, 600, '2016-06-27', 1489, 1, 0, 'alumno_mtr'),
(2927, 199, 1990012, 800, '2016-06-28', 1490, 0, 0, 'ext_maestronormales'),
(2929, 200, 2000012, 600, '2016-06-28', 1491, 1, 0, 'alumno_mtr'),
(2931, 201, 2010012, 0, '2016-06-28', 1492, 1, 0, 'alumno_lic'),
(2933, 202, 2020012, 0, '2016-06-28', 1493, 1, 0, 'alumno_lic'),
(2935, 203, 2030012, 0, '2016-06-28', 1494, 1, 0, 'alumno_lic'),
(2937, 204, 2040012, 600, '2016-06-28', 1495, 1, 0, 'alumno_mtr'),
(2939, 205, 2050012, 0, '2016-06-28', 1496, 0, 0, 'alumno_lic'),
(2941, 206, 2060012, 0, '2016-06-28', 1497, 0, 0, 'alumno_lic'),
(2943, 207, 2070012, 0, '2016-06-28', 1498, 0, 0, 'alumno_lic'),
(2945, 208, 2080012, 0, '2016-06-28', 1499, 1, 0, 'alumno_lic'),
(2947, 209, 2090012, 0, '2016-06-28', 1500, 0, 0, 'alumno_lic'),
(2949, 210, 2100012, 0, '2016-06-28', 1501, 1, 0, 'alumno_lic'),
(2951, 211, 2110012, 0, '2016-06-28', 1502, 0, 0, 'alumno_lic'),
(2953, 212, 2120012, 0, '2016-06-28', 1503, 1, 0, 'alumno_lic'),
(2955, 213, 2130012, 0, '2016-06-28', 1504, 1, 0, 'alumno_lic'),
(2957, 214, 2140012, 600, '2016-06-28', 1505, 1, 0, 'alumno_mtr'),
(2959, 215, 2150012, 0, '2016-06-28', 1506, 1, 0, 'alumno_lic'),
(2961, 216, 2160012, 0, '2016-06-28', 1507, 1, 0, 'alumno_lic'),
(2963, 217, 2170012, 100, '2016-06-28', 1508, 1, 0, 'docente'),
(2965, 218, 2180012, 0, '2016-06-28', 1509, 1, 0, 'alumno_lic'),
(2967, 219, 2190012, 0, '2016-06-28', 1510, 0, 0, 'alumno_lic'),
(2969, 220, 2200012, 0, '2016-06-28', 1511, 1, 0, 'alumno_lic'),
(2971, 221, 2210012, 0, '2016-06-28', 1512, 1, 0, 'alumno_lic'),
(2973, 222, 2220012, 0, '2016-06-28', 1513, 1, 0, 'alumno_lic'),
(2975, 223, 2230012, 0, '2016-06-28', 1514, 1, 0, 'alumno_lic'),
(2977, 224, 2240012, 600, '2016-06-28', 1515, 1, 0, 'alumno_mtr'),
(2979, 225, 2250012, 0, '2016-06-28', 1516, 1, 0, 'alumno_lic'),
(2981, 226, 2260012, 0, '2016-06-28', 1517, 0, 0, 'alumno_lic'),
(2983, 227, 2270012, 600, '2016-06-28', 1518, 0, 0, 'alumno_mtr'),
(2985, 228, 2280012, 0, '2016-06-28', 1519, 1, 0, 'alumno_lic'),
(2987, 229, 2290012, 0, '2016-06-28', 1520, 1, 0, 'alumno_lic'),
(2989, 230, 2300012, 0, '2016-06-28', 1521, 1, 0, 'alumno_lic'),
(2991, 231, 2310012, 600, '2016-06-28', 1522, 1, 0, 'alumno_mtr'),
(2993, 232, 2320012, 0, '2016-06-28', 1523, 0, 0, 'alumno_lic'),
(2995, 233, 2330012, 0, '2016-06-28', 1524, 1, 0, 'alumno_lic'),
(2997, 234, 2340012, 600, '2016-06-28', 1525, 1, 0, 'alumno_mtr'),
(2999, 235, 2350012, 600, '2016-06-28', 1526, 1, 0, 'alumno_mtr'),
(3001, 236, 2360012, 0, '2016-06-28', 1527, 0, 0, 'alumno_lic'),
(3003, 237, 2370012, 600, '2016-06-28', 1528, 1, 0, 'alumno_mtr'),
(3005, 238, 2380012, 100, '2016-06-28', 1529, 0, 0, 'docente'),
(3007, 239, 2390012, 0, '2016-06-28', 1530, 1, 0, 'alumno_lic'),
(3009, 240, 2400012, 800, '2016-06-28', 1531, 1, 0, 'otro'),
(3011, 241, 2410012, 0, '2016-06-28', 1532, 1, 0, 'alumno_lic'),
(3013, 242, 2420012, 0, '2016-06-28', 1533, 1, 0, 'alumno_lic'),
(3015, 243, 2430012, 600, '2016-06-29', 1534, 1, 0, 'alumno_mtr'),
(3017, 244, 2440012, 800, '2016-06-29', 1535, 0, 0, 'otro'),
(3019, 245, 2450012, 600, '2016-06-29', 1536, 1, 0, 'alumno_mtr'),
(3021, 246, 2460012, 600, '2016-06-29', 1537, 0, 0, 'alumno_mtr'),
(3023, 247, 2470012, 600, '2016-06-29', 1538, 1, 0, 'alumno_mtr'),
(3025, 248, 2480012, 600, '2016-06-29', 1539, 1, 0, 'alumno_mtr'),
(3027, 249, 2490012, 600, '2016-06-29', 1540, 0, 0, 'alumno_mtr'),
(3029, 250, 2500012, 0, '2016-06-29', 1541, 1, 0, 'alumno_lic'),
(3031, 251, 2510012, 800, '2016-06-29', 1542, 0, 0, 'ext_alumno'),
(3033, 252, 2520012, 0, '2016-06-29', 1543, 1, 0, 'alumno_lic'),
(3035, 253, 2530012, 0, '2016-06-29', 1544, 0, 0, 'alumno_lic'),
(3037, 254, 2540012, 0, '2016-06-29', 1545, 1, 0, 'alumno_lic'),
(3039, 255, 2550012, 800, '2016-06-29', 1546, 0, 0, 'ext_alum_otras'),
(3041, 256, 2560012, 600, '2016-06-29', 1547, 1, 0, 'alumno_mtr'),
(3043, 257, 2570012, 600, '2016-06-29', 1548, 1, 0, 'alumno_mtr'),
(3045, 258, 2580012, 600, '2016-06-29', 1549, 1, 0, 'alumno_mtr'),
(3047, 259, 2590012, 0, '2016-06-29', 1550, 0, 0, 'alumno_lic'),
(3049, 260, 2600012, 100, '2016-06-29', 1551, 1, 0, 'docente'),
(3051, 261, 2610012, 600, '2016-06-29', 1552, 1, 0, 'alumno_mtr'),
(3053, 262, 2620012, 0, '2016-06-29', 1553, 1, 0, 'alumno_lic'),
(3055, 263, 2630012, 600, '2016-06-29', 1554, 1, 0, 'alumno_mtr'),
(3057, 264, 2640012, 0, '2016-06-29', 1555, 0, 0, 'alumno_lic'),
(3059, 265, 2650012, 0, '2016-06-29', 1556, 1, 0, 'alumno_lic'),
(3061, 266, 2660012, 0, '2016-06-29', 1557, 1, 0, 'alumno_lic'),
(3063, 267, 2670012, 0, '2016-06-29', 1558, 1, 0, 'alumno_lic'),
(3065, 268, 2680012, 0, '2016-06-29', 1559, 1, 0, 'alumno_lic'),
(3067, 269, 2690012, 0, '2016-06-29', 1560, 0, 0, 'alumno_lic'),
(3069, 270, 2700012, 0, '2016-06-29', 1561, 1, 0, 'alumno_lic'),
(3071, 271, 2710012, 0, '2016-06-29', 1562, 0, 0, 'alumno_lic'),
(3073, 272, 2720012, 0, '2016-06-29', 1563, 1, 0, 'alumno_lic'),
(3075, 273, 2730012, 0, '2016-06-29', 1564, 1, 0, 'alumno_lic'),
(3077, 274, 2740012, 0, '2016-06-29', 1565, 1, 0, 'alumno_lic'),
(3079, 275, 2750012, 0, '2016-06-29', 1566, 1, 0, 'alumno_lic'),
(3081, 276, 2760012, 0, '2016-06-29', 1567, 1, 0, 'alumno_lic'),
(3083, 277, 2770012, 0, '2016-06-29', 1568, 1, 0, 'alumno_lic'),
(3085, 278, 2780012, 0, '2016-06-29', 1569, 1, 0, 'alumno_lic'),
(3087, 279, 2790012, 0, '2016-06-29', 1570, 1, 0, 'alumno_lic'),
(3089, 280, 2800012, 0, '2016-06-29', 1571, 1, 0, 'alumno_lic'),
(3091, 281, 2810012, 0, '2016-06-29', 1572, 1, 0, 'alumno_lic'),
(3093, 282, 2820012, 0, '2016-06-29', 1573, 1, 0, 'alumno_lic'),
(3095, 283, 2830012, 0, '2016-06-29', 1574, 1, 0, 'alumno_lic'),
(3097, 284, 2840012, 0, '2016-06-29', 1575, 1, 0, 'alumno_lic'),
(3099, 285, 2850012, 0, '2016-06-29', 1576, 0, 0, 'alumno_lic'),
(3101, 286, 2860012, 0, '2016-06-29', 1577, 0, 0, 'alumno_lic'),
(3103, 287, 2870012, 0, '2016-06-29', 1578, 1, 0, 'alumno_lic'),
(3105, 288, 2880012, 0, '2016-06-29', 1579, 1, 0, 'alumno_lic'),
(3107, 289, 2890012, 600, '2016-06-29', 1580, 1, 0, 'alumno_mtr'),
(3109, 290, 2900012, 600, '2016-06-29', 1581, 0, 0, 'alumno_mtr'),
(3111, 291, 2910012, 600, '2016-06-29', 1582, 0, 0, 'alumno_mtr'),
(3113, 292, 2920012, 0, '2016-06-29', 1583, 1, 0, 'alumno_lic'),
(3115, 293, 2930012, 600, '2016-06-29', 1584, 0, 0, 'alumno_mtr'),
(3117, 294, 2940012, 600, '2016-06-29', 1585, 0, 0, 'alumno_mtr'),
(3119, 295, 2950012, 600, '2016-06-29', 1586, 1, 0, 'alumno_mtr'),
(3121, 296, 2960012, 0, '2016-06-29', 1587, 0, 0, 'alumno_lic'),
(3123, 297, 2970012, 0, '2016-06-29', 1588, 1, 0, 'alumno_lic'),
(3125, 298, 2980012, 600, '2016-06-29', 1589, 1, 0, 'alumno_mtr'),
(3127, 299, 2990012, 600, '2016-06-29', 1590, 1, 0, 'alumno_mtr'),
(3129, 300, 3000012, 600, '2016-06-30', 1591, 1, 0, 'alumno_mtr'),
(3131, 301, 3010012, 0, '2016-06-30', 1592, 0, 0, 'alumno_lic'),
(3133, 302, 3020012, 0, '2016-06-30', 1593, 1, 0, 'alumno_lic'),
(3135, 303, 3030012, 600, '2016-06-30', 1594, 1, 0, 'alumno_mtr'),
(3137, 304, 3040012, 600, '2016-06-30', 1595, 1, 0, 'alumno_mtr'),
(3139, 305, 3050012, 800, '2016-06-30', 1596, 0, 0, 'ext_alumno'),
(3141, 306, 3060012, 0, '2016-06-30', 1597, 0, 0, 'alumno_lic'),
(3143, 307, 3070012, 600, '2016-06-30', 1598, 1, 0, 'alumno_mtr'),
(3145, 308, 3080012, 0, '2016-06-30', 1599, 0, 0, 'alumno_lic'),
(3147, 309, 3090012, 0, '2016-06-30', 1600, 1, 0, 'alumno_lic'),
(3149, 310, 3100012, 0, '2016-06-30', 1601, 1, 0, 'alumno_lic'),
(3151, 311, 3110012, 600, '2016-06-30', 1602, 1, 0, 'alumno_mtr'),
(3153, 312, 3120012, 0, '2016-06-30', 1603, 1, 0, 'alumno_lic'),
(3155, 313, 3130012, 600, '2016-06-30', 1604, 1, 0, 'alumno_mtr'),
(3157, 314, 3140012, 0, '2016-06-30', 1605, 0, 0, 'alumno_lic'),
(3159, 315, 3150012, 600, '2016-06-30', 1606, 1, 0, 'alumno_mtr'),
(3161, 316, 3160012, 600, '2016-06-30', 1607, 1, 0, 'alumno_mtr'),
(3163, 317, 3170012, 0, '2016-06-30', 1608, 1, 0, 'alumno_lic'),
(3165, 318, 3180012, 0, '2016-06-30', 1609, 1, 0, 'alumno_lic'),
(3167, 319, 3190012, 0, '2016-06-30', 1610, 1, 0, 'alumno_lic'),
(3169, 320, 3200012, 600, '2016-06-30', 1611, 0, 0, 'alumno_mtr'),
(3171, 321, 3210012, 600, '2016-06-30', 1612, 1, 0, 'alumno_mtr'),
(3173, 322, 3220012, 0, '2016-06-30', 1613, 0, 0, 'alumno_lic'),
(3175, 323, 3230012, 0, '2016-06-30', 1614, 1, 0, 'alumno_lic'),
(3177, 324, 3240012, 600, '2016-06-30', 1615, 0, 0, 'alumno_mtr'),
(3179, 325, 3250012, 600, '2016-06-30', 1616, 0, 0, 'alumno_mtr'),
(3181, 326, 3260012, 600, '2016-06-30', 1617, 1, 0, 'alumno_mtr'),
(3183, 327, 3270012, 600, '2016-06-30', 1618, 1, 0, 'alumno_mtr'),
(3185, 328, 3280012, 600, '2016-06-30', 1619, 0, 0, 'alumno_mtr'),
(3187, 329, 3290012, 600, '2016-06-30', 1620, 0, 0, 'alumno_mtr'),
(3189, 330, 3300012, 600, '2016-06-30', 1621, 1, 0, 'alumno_mtr'),
(3191, 331, 3310012, 600, '2016-06-30', 1622, 1, 0, 'alumno_mtr'),
(3193, 332, 3320012, 0, '2016-06-30', 1623, 1, 0, 'alumno_lic'),
(3195, 333, 3330012, 0, '2016-06-30', 1624, 1, 0, 'alumno_lic'),
(3197, 334, 3340012, 0, '2016-06-30', 1625, 1, 0, 'alumno_lic'),
(3199, 335, 3350012, 0, '2016-06-30', 1626, 1, 0, 'alumno_lic'),
(3201, 336, 3360012, 0, '2016-06-30', 1627, 0, 0, 'alumno_lic'),
(3203, 337, 3370012, 600, '2016-06-30', 1628, 1, 0, 'alumno_mtr'),
(3205, 338, 3380012, 600, '2016-06-30', 1629, 1, 0, 'alumno_mtr'),
(3207, 339, 3390012, 0, '2016-06-30', 1630, 1, 0, 'alumno_lic'),
(3209, 340, 3400012, 0, '2016-06-30', 1631, 1, 0, 'alumno_lic'),
(3211, 341, 3410012, 600, '2016-06-30', 1632, 1, 0, 'alumno_mtr'),
(3213, 342, 3420012, 0, '2016-06-30', 1633, 0, 0, 'alumno_lic'),
(3215, 343, 3430012, 0, '2016-06-30', 1634, 0, 0, 'alumno_lic'),
(3217, 344, 3440012, 0, '2016-06-30', 1635, 0, 0, 'alumno_lic'),
(3219, 345, 3450012, 0, '2016-06-30', 1636, 0, 0, 'alumno_lic'),
(3221, 346, 3460012, 0, '2016-06-30', 1637, 0, 0, 'alumno_lic'),
(3223, 347, 3470012, 0, '2016-06-30', 1638, 1, 0, 'alumno_lic'),
(3225, 348, 3480012, 600, '2016-06-30', 1639, 1, 0, 'alumno_mtr'),
(3227, 349, 3490012, 800, '2016-06-30', 1640, 0, 0, 'ext_alumno'),
(3229, 350, 3500012, 800, '2016-06-30', 1641, 0, 0, 'ext_alum_otras'),
(3231, 351, 3510012, 800, '2016-06-30', 1642, 0, 0, 'ext_maestronormales'),
(3233, 352, 3520012, 800, '2016-06-30', 1643, 0, 0, 'otro'),
(3235, 353, 3530012, 0, '2016-06-30', 1644, 1, 0, 'alumno_lic'),
(3237, 354, 3540012, 800, '2016-06-30', 1645, 0, 0, 'otro'),
(3239, 355, 3550012, 0, '2016-06-30', 1646, 0, 0, 'alumno_lic'),
(3241, 356, 3560012, 600, '2016-06-30', 1647, 0, 0, 'alumno_mtr'),
(3243, 357, 3570012, 100, '2016-06-30', 1648, 0, 0, 'docente'),
(3245, 358, 3580012, 0, '2016-06-30', 1649, 1, 0, 'alumno_lic'),
(3247, 359, 3590012, 0, '2016-06-30', 1650, 0, 0, 'alumno_lic'),
(3249, 360, 3600012, 0, '2016-06-30', 1651, 1, 0, 'alumno_lic'),
(3251, 361, 3610012, 0, '2016-06-30', 1652, 1, 0, 'alumno_lic'),
(3253, 362, 3620012, 0, '2016-06-30', 1653, 1, 0, 'alumno_lic'),
(3255, 363, 3630012, 600, '2016-06-30', 1654, 0, 0, 'alumno_mtr'),
(3257, 364, 3640012, 600, '2016-06-30', 1655, 1, 0, 'alumno_mtr'),
(3259, 365, 3650012, 0, '2016-06-30', 1656, 0, 0, 'alumno_lic'),
(3261, 366, 3660012, 800, '2016-06-30', 1657, 0, 0, 'ext_alumno'),
(3263, 367, 3670012, 0, '2016-06-30', 1658, 0, 0, 'alumno_lic'),
(3265, 368, 3680012, 0, '2016-06-30', 1659, 1, 0, 'alumno_lic'),
(3267, 369, 3690012, 0, '2016-06-30', 1660, 1, 0, 'alumno_lic'),
(3269, 370, 3700012, 0, '2016-06-30', 1661, 1, 0, 'alumno_lic'),
(3271, 371, 3710012, 0, '2016-06-30', 1662, 1, 0, 'alumno_lic'),
(3273, 372, 3720012, 0, '2016-06-30', 1663, 1, 0, 'alumno_lic'),
(3275, 373, 3730012, 600, '2016-06-30', 1664, 1, 0, 'alumno_mtr'),
(3277, 374, 3740012, 0, '2016-06-30', 1665, 0, 0, 'alumno_lic'),
(3279, 375, 3750012, 600, '2016-06-30', 1666, 1, 0, 'alumno_mtr'),
(3281, 376, 3760012, 0, '2016-06-30', 1667, 1, 0, 'alumno_lic'),
(3283, 377, 3770012, 0, '2016-06-30', 1668, 1, 0, 'alumno_lic'),
(3285, 378, 3780012, 0, '2016-06-30', 1669, 1, 0, 'alumno_lic'),
(3287, 379, 3790012, 800, '2016-06-30', 1670, 0, 0, 'ext_alum_otras'),
(3289, 380, 3800012, 0, '2016-06-30', 1671, 1, 0, 'alumno_lic'),
(3291, 381, 3810012, 800, '2016-06-30', 1672, 0, 0, 'ext_alum_otras'),
(3293, 382, 3820012, 0, '2016-06-30', 1673, 1, 0, 'alumno_lic'),
(3295, 383, 3830012, 800, '2016-06-30', 1674, 0, 0, 'ext_maestronormales'),
(3297, 384, 3840012, 800, '2016-06-30', 1675, 1, 0, 'ext_maestronormales'),
(3299, 385, 3850012, 600, '2016-06-30', 1676, 1, 0, 'alumno_mtr'),
(3301, 386, 3860012, 800, '2016-06-30', 1677, 1, 0, 'ext_alumno'),
(3303, 387, 3870012, 0, '2016-06-30', 1678, 1, 0, 'alumno_lic'),
(3305, 388, 3880012, 600, '2016-06-30', 1679, 1, 0, 'alumno_mtr'),
(3307, 389, 3890012, 600, '2016-06-30', 1680, 1, 0, 'alumno_mtr'),
(3309, 390, 3900012, 600, '2016-06-30', 1681, 1, 0, 'alumno_mtr'),
(3311, 391, 3910012, 0, '2016-06-30', 1682, 0, 0, 'alumno_lic'),
(3313, 392, 3920012, 600, '2016-06-30', 1683, 1, 0, 'alumno_mtr'),
(3315, 393, 3930012, 0, '2016-06-30', 1684, 1, 0, 'alumno_lic'),
(3317, 394, 3940012, 800, '2016-06-30', 1685, 0, 0, 'ext_alum_otras'),
(3319, 395, 3950012, 0, '2016-06-30', 1686, 1, 0, 'alumno_lic'),
(3321, 396, 3960012, 0, '2016-06-30', 1687, 1, 0, 'alumno_lic'),
(3323, 397, 3970012, 600, '2016-06-30', 1688, 0, 0, 'alumno_mtr'),
(3325, 398, 3980012, 600, '2016-06-30', 1689, 0, 0, 'alumno_mtr'),
(3327, 399, 3990012, 600, '2016-06-30', 1690, 1, 0, 'alumno_mtr'),
(3329, 400, 4000012, 600, '2016-06-30', 1691, 1, 0, 'alumno_mtr'),
(3331, 401, 4010012, 600, '2016-06-30', 1692, 1, 0, 'alumno_mtr'),
(3333, 402, 4020012, 0, '2016-06-30', 1693, 0, 0, 'alumno_lic'),
(3335, 403, 4030012, 0, '2016-06-30', 1694, 1, 0, 'alumno_lic'),
(3337, 404, 4040012, 0, '2016-06-30', 1695, 1, 0, 'alumno_lic'),
(3339, 405, 4050012, 600, '2016-06-30', 1696, 0, 0, 'alumno_mtr'),
(3341, 406, 4060012, 600, '2016-06-30', 1697, 1, 0, 'alumno_mtr'),
(3343, 407, 4070012, 0, '2016-06-30', 1698, 1, 0, 'alumno_lic'),
(3345, 408, 4080012, 600, '2016-06-30', 1699, 1, 0, 'alumno_mtr'),
(3347, 409, 4090012, 0, '2016-06-30', 1700, 0, 0, ''),
(3349, 410, 4100012, 0, '2016-06-30', 1701, 0, 0, 'alumno_lic'),
(3351, 411, 4110012, 0, '2016-06-30', 1702, 0, 0, 'alumno_lic'),
(3353, 412, 4120012, 0, '2016-06-30', 1703, 1, 0, 'alumno_lic'),
(3355, 413, 4130012, 0, '2016-06-30', 1704, 1, 0, 'alumno_lic'),
(3357, 414, 4140012, 0, '2016-06-30', 1705, 1, 0, 'alumno_lic'),
(3359, 415, 4150012, 600, '2016-06-30', 1706, 1, 0, 'alumno_mtr'),
(3361, 416, 4160012, 0, '2016-06-30', 1707, 1, 0, 'alumno_lic'),
(3363, 417, 4170012, 800, '2016-06-30', 1708, 0, 0, 'ext_alumno'),
(3365, 418, 4180012, 800, '2016-07-01', 1709, 0, 0, 'ext_alumno'),
(3367, 419, 4190012, 0, '2016-07-01', 1710, 1, 0, 'alumno_lic'),
(3369, 420, 4200012, 600, '2016-07-01', 1711, 1, 0, 'alumno_mtr'),
(3371, 421, 4210012, 0, '2016-07-01', 1712, 1, 0, 'alumno_lic'),
(3373, 422, 4220012, 0, '2016-07-01', 1713, 1, 0, 'alumno_lic'),
(3375, 423, 4230012, 0, '2016-07-01', 1714, 0, 0, 'alumno_lic'),
(3377, 424, 4240012, 0, '2016-07-01', 1715, 0, 0, 'alumno_lic'),
(3379, 425, 4250012, 0, '2016-07-01', 1716, 1, 0, 'alumno_lic'),
(3381, 426, 4260012, 0, '2016-07-01', 1717, 1, 0, 'alumno_lic'),
(3383, 427, 4270012, 800, '2016-07-01', 1718, 1, 0, 'ext_alumno'),
(3385, 428, 4280012, 600, '2016-07-01', 1719, 1, 0, 'alumno_mtr'),
(3387, 429, 4290012, 0, '2016-07-01', 1720, 0, 0, 'alumno_lic'),
(3389, 430, 4300012, 0, '2016-07-01', 1721, 0, 0, 'alumno_lic'),
(3391, 431, 4310012, 0, '2016-07-01', 1722, 1, 0, 'alumno_lic'),
(3393, 432, 4320012, 0, '2016-07-01', 1723, 1, 0, 'alumno_lic'),
(3395, 433, 4330012, 0, '2016-07-01', 1724, 1, 0, 'alumno_lic'),
(3397, 434, 4340012, 0, '2016-07-01', 1725, 0, 0, 'alumno_lic'),
(3399, 435, 4350012, 0, '2016-07-01', 1726, 1, 0, 'alumno_lic'),
(3401, 436, 4360012, 600, '2016-07-01', 1727, 1, 0, 'alumno_mtr'),
(3403, 437, 4370012, 600, '2016-07-01', 1728, 0, 0, 'alumno_mtr'),
(3405, 438, 4380012, 600, '2016-07-01', 1729, 1, 0, 'alumno_mtr'),
(3407, 439, 4390012, 0, '2016-07-01', 1730, 1, 0, 'alumno_lic'),
(3409, 440, 4400012, 0, '2016-07-01', 1731, 1, 0, 'alumno_lic'),
(3411, 441, 4410012, 600, '2016-07-01', 1732, 1, 0, 'alumno_mtr'),
(3413, 442, 4420012, 0, '2016-07-01', 1733, 0, 0, 'alumno_lic'),
(3415, 443, 4430012, 600, '2016-07-01', 1734, 0, 0, 'alumno_mtr'),
(3417, 444, 4440012, 0, '2016-07-01', 1735, 1, 0, 'alumno_lic'),
(3419, 445, 4450012, 600, '2016-07-01', 1736, 1, 0, 'alumno_mtr'),
(3421, 446, 4460012, 800, '2016-07-01', 1737, 1, 0, 'ext_maestronormales'),
(3423, 447, 4470012, 600, '2016-07-01', 1738, 1, 0, 'alumno_mtr'),
(3425, 448, 4480012, 600, '2016-07-01', 1739, 1, 0, 'alumno_mtr'),
(3427, 449, 4490012, 600, '2016-07-01', 1740, 1, 0, 'alumno_mtr'),
(3429, 450, 4500012, 600, '2016-07-01', 1741, 1, 0, 'alumno_mtr'),
(3431, 451, 4510012, 0, '2016-07-01', 1742, 0, 0, 'alumno_lic'),
(3433, 452, 4520012, 0, '2016-07-01', 1743, 0, 0, 'alumno_lic'),
(3435, 453, 4530012, 0, '2016-07-01', 1744, 0, 0, 'alumno_lic'),
(3437, 454, 4540012, 100, '2016-07-01', 1745, 1, 0, 'docente'),
(3439, 455, 4550012, 0, '2016-07-01', 1746, 0, 0, 'alumno_lic'),
(3441, 456, 4560012, 0, '2016-07-01', 1747, 0, 0, 'alumno_lic'),
(3443, 457, 4570012, 0, '2016-07-01', 1748, 0, 0, 'alumno_lic'),
(3445, 458, 4580012, 0, '2016-07-01', 1749, 0, 0, 'alumno_lic'),
(3447, 459, 4590012, 0, '2016-07-01', 1750, 1, 0, 'alumno_lic'),
(3449, 460, 4600012, 0, '2016-07-01', 1751, 1, 0, 'alumno_lic'),
(3451, 461, 4610012, 0, '2016-07-01', 1752, 1, 0, 'alumno_lic'),
(3453, 462, 4620012, 0, '2016-07-01', 1753, 0, 0, 'alumno_lic'),
(3455, 463, 4630012, 0, '2016-07-01', 1754, 0, 0, 'alumno_lic'),
(3457, 464, 4640012, 100, '2016-07-01', 1755, 1, 0, 'docente'),
(3459, 465, 4650012, 0, '2016-07-01', 1756, 1, 0, 'alumno_lic'),
(3461, 466, 4660012, 600, '2016-07-01', 1757, 0, 0, 'alumno_mtr'),
(3463, 467, 4670012, 600, '2016-07-01', 1758, 1, 0, 'alumno_mtr'),
(3465, 468, 4680012, 0, '2016-07-01', 1759, 1, 0, 'alumno_lic'),
(3467, 469, 4690012, 0, '2016-07-01', 1760, 1, 0, 'alumno_lic'),
(3469, 470, 4700012, 0, '2016-07-01', 1761, 0, 0, 'alumno_lic'),
(3471, 471, 4710012, 0, '2016-07-01', 1762, 0, 0, 'alumno_lic'),
(3473, 472, 4720012, 0, '2016-07-01', 1763, 1, 0, 'alumno_lic'),
(3475, 473, 4730012, 0, '2016-07-01', 1764, 1, 0, 'alumno_lic'),
(3477, 474, 4740012, 600, '2016-07-01', 1765, 1, 0, 'alumno_mtr'),
(3479, 475, 4750012, 0, '2016-07-01', 1766, 1, 0, 'alumno_lic'),
(3481, 476, 4760012, 0, '2016-07-01', 1767, 0, 0, 'alumno_lic'),
(3483, 477, 4770012, 600, '2016-07-01', 1768, 1, 0, 'alumno_mtr'),
(3485, 478, 4780012, 0, '2016-07-01', 1769, 1, 0, 'alumno_lic'),
(3487, 479, 4790012, 0, '2016-07-02', 1770, 1, 0, 'alumno_lic'),
(3489, 480, 4800012, 600, '2016-07-02', 1771, 1, 0, 'alumno_mtr'),
(3491, 481, 4810012, 600, '2016-07-02', 1772, 1, 0, 'alumno_mtr'),
(3493, 0, 0, 0, '2016-07-02', 1773, 0, 0, ''),
(3495, 482, 4820012, 600, '2016-07-02', 1774, 1, 0, 'alumno_mtr'),
(3497, 483, 4830012, 600, '2016-07-02', 1775, 1, 0, 'alumno_mtr'),
(3499, 484, 4840012, 100, '2016-07-02', 1776, 0, 0, 'docente'),
(3501, 485, 4850012, 100, '2016-07-02', 1777, 0, 0, 'docente'),
(3503, 486, 4860012, 600, '2016-07-02', 1778, 0, 0, 'alumno_mtr'),
(3505, 487, 4870012, 600, '2016-07-02', 1779, 1, 0, 'alumno_mtr'),
(3507, 488, 4880012, 600, '2016-07-02', 1780, 1, 0, 'alumno_mtr'),
(3509, 489, 4890012, 600, '2016-07-02', 1781, 1, 0, 'alumno_mtr'),
(3511, 490, 4900012, 600, '2016-07-02', 1782, 1, 0, 'alumno_mtr'),
(3513, 491, 4910012, 600, '2016-07-02', 1783, 1, 0, 'alumno_mtr'),
(3515, 492, 4920012, 0, '2016-07-02', 1784, 0, 0, 'alumno_lic'),
(3517, 493, 4930012, 0, '2016-07-02', 1785, 0, 0, 'alumno_lic'),
(3519, 494, 4940012, 0, '2016-07-02', 1786, 1, 0, 'alumno_lic'),
(3521, 495, 4950012, 800, '2016-07-03', 1787, 0, 0, 'otro'),
(3523, 496, 4960012, 800, '2016-07-03', 1788, 1, 0, 'otro'),
(3525, 497, 4970012, 0, '2016-07-03', 1789, 0, 0, 'alumno_lic'),
(3527, 498, 4980012, 0, '2016-07-03', 1790, 0, 0, 'alumno_lic'),
(3529, 499, 4990012, 0, '2016-07-03', 1791, 1, 0, 'alumno_lic'),
(3531, 500, 5000012, 0, '2016-07-04', 1792, 0, 0, 'alumno_lic'),
(3533, 501, 5010012, 0, '2016-07-04', 1793, 0, 0, ''),
(3535, 502, 5020012, 800, '2016-07-05', 1794, 0, 0, 'otro'),
(3537, 503, 5030012, 0, '2016-07-05', 1795, 0, 0, 'alumno_lic'),
(3539, 504, 5040012, 0, '2016-07-05', 1796, 0, 0, 'alumno_lic'),
(3541, 505, 5050012, 0, '2016-07-05', 1797, 0, 0, 'alumno_lic'),
(3543, 506, 5060012, 0, '2016-07-05', 1798, 1, 0, 'alumno_lic'),
(3545, 507, 5070012, 0, '2016-07-05', 1799, 0, 0, 'alumno_lic'),
(3547, 508, 5080012, 0, '2016-07-05', 1800, 0, 0, 'alumno_lic'),
(3549, 509, 5090012, 0, '2016-07-05', 1801, 0, 0, 'alumno_lic'),
(3551, 510, 5100012, 0, '2016-07-05', 1802, 1, 0, 'alumno_lic'),
(3553, 511, 5110012, 100, '2016-07-05', 1803, 1, 0, 'docente'),
(3555, 512, 5120012, 800, '2016-07-05', 1804, 0, 0, 'ext_alumno'),
(3557, 513, 5130012, 600, '2016-07-06', 1805, 1, 0, 'alumno_mtr'),
(3559, 514, 5140012, 0, '2016-07-06', 1806, 1, 0, 'alumno_lic'),
(3561, 515, 5150012, 0, '2016-07-06', 1807, 0, 0, 'alumno_lic'),
(3563, 516, 5160012, 0, '2016-07-06', 1808, 0, 0, 'alumno_lic'),
(3565, 517, 5170012, 0, '2016-07-07', 1809, 1, 0, 'alumno_lic'),
(3567, 518, 5180012, 100, '2016-07-07', 1810, 1, 0, 'docente'),
(3569, 519, 5190012, 0, '2016-07-07', 1811, 0, 0, 'alumno_lic'),
(3571, 520, 5200012, 800, '2016-07-07', 1812, 0, 0, 'otro'),
(3573, 521, 5210012, 0, '2016-07-09', 1813, 1, 0, 'alumno_lic'),
(3575, 0, 0, 0, '2016-08-02', 1814, 0, 0, ''),
(3577, 0, 0, 0, '2016-09-02', 1815, 0, 0, ''),
(3579, 0, 0, 0, '2016-10-04', 1816, 0, 0, ''),
(3581, 522, 5220012, 0, '2017-04-21', 1817, 0, 0, 'alumno_lic'),
(3583, 523, 5230012, 0, '2017-04-21', 1818, 0, 0, 'alumno_lic'),
(3585, 524, 5240012, 0, '2017-04-21', 1819, 0, 0, 'alumno_lic'),
(3587, 525, 5250012, 600, '2017-04-21', 1820, 0, 0, 'alumno_mtr'),
(3589, 526, 5260012, 600, '2017-04-21', 1821, 0, 0, 'alumno_mtr'),
(3591, 527, 5270012, 800, '2017-04-21', 1822, 0, 0, 'ext_alumno'),
(3593, 528, 5280012, 100, '2017-04-21', 1823, 0, 0, 'docente');

-- --------------------------------------------------------

--
-- Estructura de tabla para la tabla `lista_participante`
--

CREATE TABLE IF NOT EXISTS `lista_participante` (
  `id_coloquio` int(11) DEFAULT NULL,
  `id_ficha` int(11) DEFAULT NULL,
  `folio` int(11) DEFAULT NULL,
  `clave_acceso` int(11) DEFAULT NULL,
  `cuota` int(11) DEFAULT NULL,
  `pagado` int(11) DEFAULT NULL,
  `libro` int(11) DEFAULT NULL,
  `id_dato` int(11) DEFAULT NULL,
  `nombre` int(11) DEFAULT NULL,
  `apellido` int(11) DEFAULT NULL,
  `genero` int(11) DEFAULT NULL,
  `rfc` int(11) DEFAULT NULL,
  `telefono` int(11) DEFAULT NULL,
  `email` int(11) DEFAULT NULL,
  `fecha_alta` int(11) DEFAULT NULL,
  `tipo` int(11) DEFAULT NULL,
  `status` int(11) DEFAULT NULL
) ENGINE=InnoDB DEFAULT CHARSET=latin1;

-- --------------------------------------------------------

--
-- Estructura de tabla para la tabla `plan_carrera`
--

CREATE TABLE IF NOT EXISTS `plan_carrera` (
  `id_maestria` int(11) NOT NULL AUTO_INCREMENT,
  `tipo_carrera` varchar(100) NOT NULL COMMENT 'Tipo del plan de estudios Maestria, Licenciatura',
  `comentario` varchar(100) NOT NULL,
  `carrera` varchar(500) NOT NULL COMMENT 'Nombre de la carrera',
  PRIMARY KEY (`id_maestria`)
) ENGINE=InnoDB  DEFAULT CHARSET=utf8 AUTO_INCREMENT=9 ;

--
-- Volcado de datos para la tabla `plan_carrera`
--

INSERT INTO `plan_carrera` (`id_maestria`, `tipo_carrera`, `comentario`, `carrera`) VALUES
(1, 'MAESTRIA', '', 'EN EDUCACION'),
(2, 'MAESTRIA', '', 'EN GESTION EDUCATIVA'),
(3, 'MAESTRIA', '', 'EN INTEGRACION EDUCATIVA'),
(4, 'MAESTRIA', '', 'EN EDUCACIÓN MEDIA SUPERIOR'),
(5, 'LICENCIATURA', '', 'LE-94'),
(6, 'LICENCIATURA', '', 'LEPEPMI-90'),
(7, 'LICENCIATURA', '', 'LIE'),
(8, 'ESPECIALIZACIÓN', '', 'ESP. DIDACT. DE LAS MATEMATICAS P. EDUC. PRIM.');

-- --------------------------------------------------------

--
-- Estructura de tabla para la tabla `prog_coloquio`
--

CREATE TABLE IF NOT EXISTS `prog_coloquio` (
  `idprog_coloquio` int(11) NOT NULL AUTO_INCREMENT,
  `ficha_id_ficha` int(11) NOT NULL,
  `coloquio_id_coloquio` int(11) NOT NULL,
  PRIMARY KEY (`idprog_coloquio`),
  KEY `fk_prog_coloquio_coloquio1_idx` (`coloquio_id_coloquio`),
  KEY `fk_prog_coloquio_ficha1_idx` (`ficha_id_ficha`)
) ENGINE=InnoDB  DEFAULT CHARSET=utf8 AUTO_INCREMENT=1836 ;

--
-- Volcado de datos para la tabla `prog_coloquio`
--

INSERT INTO `prog_coloquio` (`idprog_coloquio`, `ficha_id_ficha`, `coloquio_id_coloquio`) VALUES
(1307, 2531, 12),
(1308, 2533, 12),
(1309, 2535, 12),
(1310, 2537, 12),
(1311, 2539, 12),
(1312, 2541, 12),
(1313, 2543, 12),
(1314, 2545, 12),
(1315, 2547, 12),
(1316, 2549, 12),
(1317, 2551, 12),
(1318, 2553, 12),
(1319, 2555, 12),
(1320, 2557, 12),
(1321, 2559, 12),
(1322, 2561, 12),
(1323, 2563, 12),
(1324, 2565, 12),
(1325, 2567, 12),
(1326, 2569, 12),
(1327, 2571, 12),
(1328, 2573, 12),
(1329, 2575, 12),
(1330, 2577, 12),
(1331, 2579, 12),
(1332, 2581, 12),
(1333, 2583, 12),
(1334, 2585, 12),
(1335, 2587, 12),
(1336, 2589, 12),
(1337, 2591, 12),
(1338, 2593, 12),
(1339, 2595, 12),
(1340, 2597, 12),
(1341, 2599, 12),
(1342, 2601, 12),
(1343, 2603, 12),
(1344, 2605, 12),
(1345, 2607, 12),
(1346, 2609, 12),
(1347, 2611, 12),
(1348, 2613, 12),
(1349, 2615, 12),
(1350, 2617, 12),
(1351, 2619, 12),
(1352, 2621, 12),
(1353, 2623, 12),
(1354, 2625, 12),
(1355, 2627, 12),
(1356, 2629, 12),
(1357, 2631, 12),
(1358, 2633, 12),
(1359, 2635, 12),
(1360, 2637, 12),
(1361, 2639, 12),
(1362, 2641, 12),
(1363, 2643, 12),
(1364, 2645, 12),
(1365, 2647, 12),
(1366, 2649, 12),
(1367, 2651, 12),
(1368, 2653, 12),
(1369, 2655, 12),
(1370, 2657, 12),
(1371, 2659, 12),
(1372, 2661, 12),
(1373, 2663, 12),
(1374, 2665, 12),
(1375, 2667, 12),
(1376, 2669, 12),
(1377, 2671, 12),
(1378, 2673, 12),
(1379, 2675, 12),
(1380, 2677, 12),
(1381, 2679, 12),
(1382, 2681, 12),
(1383, 2683, 12),
(1384, 2685, 12),
(1385, 2687, 12),
(1386, 2689, 12),
(1387, 2691, 12),
(1388, 2693, 12),
(1389, 2695, 12),
(1390, 2697, 12),
(1391, 2699, 12),
(1392, 2701, 12),
(1393, 2703, 12),
(1394, 2705, 12),
(1395, 2707, 12),
(1396, 2709, 12),
(1397, 2711, 12),
(1398, 2713, 12),
(1399, 2715, 12),
(1400, 2717, 12),
(1401, 2719, 12),
(1402, 2721, 12),
(1403, 2723, 12),
(1404, 2725, 12),
(1405, 2727, 12),
(1406, 2729, 12),
(1407, 2731, 12),
(1408, 2733, 12),
(1409, 2735, 12),
(1410, 2737, 12),
(1411, 2739, 12),
(1412, 2741, 12),
(1413, 2743, 12),
(1414, 2745, 12),
(1415, 2747, 12),
(1416, 2749, 12),
(1417, 2751, 12),
(1418, 2753, 12),
(1419, 2755, 12),
(1420, 2757, 12),
(1421, 2759, 12),
(1422, 2761, 12),
(1423, 2763, 12),
(1424, 2765, 12),
(1425, 2767, 12),
(1426, 2769, 12),
(1427, 2771, 12),
(1428, 2773, 12),
(1429, 2775, 12),
(1430, 2777, 12),
(1431, 2779, 12),
(1432, 2781, 12),
(1433, 2783, 12),
(1434, 2785, 12),
(1435, 2787, 12),
(1436, 2789, 12),
(1437, 2791, 12),
(1438, 2793, 12),
(1439, 2795, 12),
(1440, 2797, 12),
(1441, 2799, 12),
(1442, 2801, 12),
(1443, 2803, 12),
(1444, 2805, 12),
(1445, 2807, 12),
(1446, 2809, 12),
(1447, 2811, 12),
(1448, 2813, 12),
(1449, 2815, 12),
(1450, 2817, 12),
(1451, 2819, 12),
(1452, 2821, 12),
(1453, 2823, 12),
(1454, 2825, 12),
(1455, 2827, 12),
(1456, 2829, 12),
(1457, 2831, 12),
(1458, 2833, 12),
(1459, 2835, 12),
(1460, 2837, 12),
(1461, 2839, 12),
(1462, 2841, 12),
(1463, 2843, 12),
(1464, 2845, 12),
(1465, 2847, 12),
(1466, 2849, 12),
(1467, 2851, 12),
(1468, 2853, 12),
(1469, 2855, 12),
(1470, 2857, 12),
(1471, 2859, 12),
(1472, 2861, 12),
(1473, 2863, 12),
(1474, 2865, 12),
(1475, 2867, 12),
(1476, 2869, 12),
(1477, 2871, 12),
(1478, 2873, 12),
(1479, 2875, 12),
(1480, 2877, 12),
(1481, 2879, 12),
(1482, 2881, 12),
(1483, 2883, 12),
(1484, 2885, 12),
(1485, 2887, 12),
(1486, 2889, 12),
(1487, 2891, 12),
(1488, 2893, 12),
(1489, 2895, 12),
(1490, 2897, 12),
(1491, 2899, 12),
(1492, 2901, 12),
(1493, 2903, 12),
(1494, 2905, 12),
(1495, 2907, 12),
(1496, 2909, 12),
(1497, 2911, 12),
(1498, 2913, 12),
(1499, 2915, 12),
(1500, 2917, 12),
(1501, 2919, 12),
(1502, 2921, 12),
(1503, 2923, 12),
(1504, 2925, 12),
(1505, 2927, 12),
(1506, 2929, 12),
(1507, 2931, 12),
(1508, 2933, 12),
(1509, 2935, 12),
(1510, 2937, 12),
(1511, 2939, 12),
(1512, 2941, 12),
(1513, 2943, 12),
(1514, 2945, 12),
(1515, 2947, 12),
(1516, 2949, 12),
(1517, 2951, 12),
(1518, 2953, 12),
(1519, 2955, 12),
(1520, 2957, 12),
(1521, 2959, 12),
(1522, 2961, 12),
(1523, 2963, 12),
(1524, 2965, 12),
(1525, 2967, 12),
(1526, 2969, 12),
(1527, 2971, 12),
(1528, 2973, 12),
(1529, 2975, 12),
(1530, 2977, 12),
(1531, 2979, 12),
(1532, 2981, 12),
(1533, 2983, 12),
(1534, 2985, 12),
(1535, 2987, 12),
(1536, 2989, 12),
(1537, 2991, 12),
(1538, 2993, 12),
(1539, 2995, 12),
(1540, 2997, 12),
(1541, 2999, 12),
(1542, 3001, 12),
(1543, 3003, 12),
(1544, 3005, 12),
(1545, 3007, 12),
(1546, 3009, 12),
(1547, 3011, 12),
(1548, 3013, 12),
(1549, 3015, 12),
(1550, 3017, 12),
(1551, 3019, 12),
(1552, 3021, 12),
(1553, 3023, 12),
(1554, 3025, 12),
(1555, 3027, 12),
(1556, 3029, 12),
(1557, 3031, 12),
(1558, 3033, 12),
(1559, 3035, 12),
(1560, 3037, 12),
(1561, 3039, 12),
(1562, 3041, 12),
(1563, 3043, 12),
(1564, 3045, 12),
(1565, 3047, 12),
(1566, 3049, 12),
(1567, 3051, 12),
(1568, 3053, 12),
(1569, 3055, 12),
(1570, 3057, 12),
(1571, 3059, 12),
(1572, 3061, 12),
(1573, 3063, 12),
(1574, 3065, 12),
(1575, 3067, 12),
(1576, 3069, 12),
(1577, 3071, 12),
(1578, 3073, 12),
(1579, 3075, 12),
(1580, 3077, 12),
(1581, 3079, 12),
(1582, 3081, 12),
(1583, 3083, 12),
(1584, 3085, 12),
(1585, 3087, 12),
(1586, 3089, 12),
(1587, 3091, 12),
(1588, 3093, 12),
(1589, 3095, 12),
(1590, 3097, 12),
(1591, 3099, 12),
(1592, 3101, 12),
(1593, 3103, 12),
(1594, 3105, 12),
(1595, 3107, 12),
(1596, 3109, 12),
(1597, 3111, 12),
(1598, 3113, 12),
(1599, 3115, 12),
(1600, 3117, 12),
(1601, 3119, 12),
(1602, 3121, 12),
(1603, 3123, 12),
(1604, 3125, 12),
(1605, 3127, 12),
(1606, 3129, 12),
(1607, 3131, 12),
(1608, 3133, 12),
(1609, 3135, 12),
(1610, 3137, 12),
(1611, 3139, 12),
(1612, 3141, 12),
(1613, 3143, 12),
(1614, 3145, 12),
(1615, 3147, 12),
(1616, 3149, 12),
(1617, 3151, 12),
(1618, 3153, 12),
(1619, 3155, 12),
(1620, 3157, 12),
(1621, 3159, 12),
(1622, 3161, 12),
(1623, 3163, 12),
(1624, 3165, 12),
(1625, 3167, 12),
(1626, 3169, 12),
(1627, 3171, 12),
(1628, 3173, 12),
(1629, 3175, 12),
(1630, 3177, 12),
(1631, 3179, 12),
(1632, 3181, 12),
(1633, 3183, 12),
(1634, 3185, 12),
(1635, 3187, 12),
(1636, 3189, 12),
(1637, 3191, 12),
(1638, 3193, 12),
(1639, 3195, 12),
(1640, 3197, 12),
(1641, 3199, 12),
(1642, 3201, 12),
(1643, 3203, 12),
(1644, 3205, 12),
(1645, 3207, 12),
(1646, 3209, 12),
(1647, 3211, 12),
(1648, 3213, 12),
(1649, 3215, 12),
(1650, 3217, 12),
(1651, 3219, 12),
(1652, 3221, 12),
(1653, 3223, 12),
(1654, 3225, 12),
(1655, 3227, 12),
(1656, 3229, 12),
(1657, 3231, 12),
(1658, 3233, 12),
(1659, 3235, 12),
(1660, 3237, 12),
(1661, 3239, 12),
(1662, 3241, 12),
(1663, 3243, 12),
(1664, 3245, 12),
(1665, 3247, 12),
(1666, 3249, 12),
(1667, 3251, 12),
(1668, 3253, 12),
(1669, 3255, 12),
(1670, 3257, 12),
(1671, 3259, 12),
(1672, 3261, 12),
(1673, 3263, 12),
(1674, 3265, 12),
(1675, 3267, 12),
(1676, 3269, 12),
(1677, 3271, 12),
(1678, 3273, 12),
(1679, 3275, 12),
(1680, 3277, 12),
(1681, 3279, 12),
(1682, 3281, 12),
(1683, 3283, 12),
(1684, 3285, 12),
(1685, 3287, 12),
(1686, 3289, 12),
(1687, 3291, 12),
(1688, 3293, 12),
(1689, 3295, 12),
(1690, 3297, 12),
(1691, 3299, 12),
(1692, 3301, 12),
(1693, 3303, 12),
(1694, 3305, 12),
(1695, 3307, 12),
(1696, 3309, 12),
(1697, 3311, 12),
(1698, 3313, 12),
(1699, 3315, 12),
(1700, 3317, 12),
(1701, 3319, 12),
(1702, 3321, 12),
(1703, 3323, 12),
(1704, 3325, 12),
(1705, 3327, 12),
(1706, 3329, 12),
(1707, 3331, 12),
(1708, 3333, 12),
(1709, 3335, 12),
(1710, 3337, 12),
(1711, 3339, 12),
(1712, 3341, 12),
(1713, 3343, 12),
(1714, 3345, 12),
(1715, 3347, 12),
(1716, 3349, 12),
(1717, 3351, 12),
(1718, 3353, 12),
(1719, 3355, 12),
(1720, 3357, 12),
(1721, 3359, 12),
(1722, 3361, 12),
(1723, 3363, 12),
(1724, 3365, 12),
(1725, 3367, 12),
(1726, 3369, 12),
(1727, 3371, 12),
(1728, 3373, 12),
(1729, 3375, 12),
(1730, 3377, 12),
(1731, 3379, 12),
(1732, 3381, 12),
(1733, 3383, 12),
(1734, 3385, 12),
(1735, 3387, 12),
(1736, 3389, 12),
(1737, 3391, 12),
(1738, 3393, 12),
(1739, 3395, 12),
(1740, 3397, 12),
(1741, 3399, 12),
(1742, 3401, 12),
(1743, 3403, 12),
(1744, 3405, 12),
(1745, 3407, 12),
(1746, 3409, 12),
(1747, 3411, 12),
(1748, 3413, 12),
(1749, 3415, 12),
(1750, 3417, 12),
(1751, 3419, 12),
(1752, 3421, 12),
(1753, 3423, 12),
(1754, 3425, 12),
(1755, 3427, 12),
(1756, 3429, 12),
(1757, 3431, 12),
(1758, 3433, 12),
(1759, 3435, 12),
(1760, 3437, 12),
(1761, 3439, 12),
(1762, 3441, 12),
(1763, 3443, 12),
(1764, 3445, 12),
(1765, 3447, 12),
(1766, 3449, 12),
(1767, 3451, 12),
(1768, 3453, 12),
(1769, 3455, 12),
(1770, 3457, 12),
(1771, 3459, 12),
(1772, 3461, 12),
(1773, 3463, 12),
(1774, 3465, 12),
(1775, 3467, 12),
(1776, 3469, 12),
(1777, 3471, 12),
(1778, 3473, 12),
(1779, 3475, 12),
(1780, 3477, 12),
(1781, 3479, 12),
(1782, 3481, 12),
(1783, 3483, 12),
(1784, 3485, 12),
(1785, 3487, 12),
(1786, 3489, 12),
(1787, 3491, 12),
(1789, 3495, 12),
(1790, 3497, 12),
(1791, 3499, 12),
(1792, 3501, 12),
(1793, 3503, 12),
(1794, 3505, 12),
(1795, 3507, 12),
(1796, 3509, 12),
(1797, 3511, 12),
(1798, 3513, 12),
(1799, 3515, 12),
(1800, 3517, 12),
(1801, 3519, 12),
(1802, 3521, 12),
(1803, 3523, 12),
(1804, 3525, 12),
(1805, 3527, 12),
(1806, 3529, 12),
(1807, 3531, 12),
(1808, 3533, 12),
(1809, 3535, 12),
(1810, 3537, 12),
(1811, 3539, 12),
(1812, 3541, 12),
(1813, 3543, 12),
(1814, 3545, 12),
(1815, 3547, 12),
(1816, 3549, 12),
(1817, 3551, 12),
(1818, 3553, 12),
(1819, 3555, 12),
(1820, 3557, 12),
(1821, 3559, 12),
(1822, 3561, 12),
(1823, 3563, 12),
(1824, 3565, 12),
(1825, 3567, 12),
(1826, 3569, 12),
(1827, 3571, 12),
(1828, 3573, 12),
(1829, 3581, 12),
(1830, 3583, 12),
(1831, 3585, 12),
(1832, 3587, 12),
(1833, 3589, 12),
(1834, 3591, 12),
(1835, 3593, 12);

-- --------------------------------------------------------

--
-- Estructura de tabla para la tabla `prog_participante`
--

CREATE TABLE IF NOT EXISTS `prog_participante` (
  `idprog_participante` int(11) NOT NULL AUTO_INCREMENT,
  `evento_id` int(11) NOT NULL,
  `ficha_id` int(11) NOT NULL,
  PRIMARY KEY (`idprog_participante`),
  KEY `fk_prog_participante_evento1_idx` (`evento_id`),
  KEY `fk_prog_participante_ficha1_idx` (`ficha_id`)
) ENGINE=InnoDB DEFAULT CHARSET=utf8 AUTO_INCREMENT=1 ;

-- --------------------------------------------------------

--
-- Estructura de tabla para la tabla `p_alumnolicenciatura`
--

CREATE TABLE IF NOT EXISTS `p_alumnolicenciatura` (
  `id_al` int(11) NOT NULL AUTO_INCREMENT,
  `licentura` varchar(100) NOT NULL,
  `id_participante` int(11) NOT NULL,
  `sede_id_sede` int(11) NOT NULL,
  PRIMARY KEY (`id_al`),
  KEY `fk_p_alumnoLicenciatura_datoPersonal1_idx` (`id_participante`),
  KEY `fk_p_alumnoLicenciatura_sede1_idx` (`sede_id_sede`)
) ENGINE=InnoDB DEFAULT CHARSET=utf8 AUTO_INCREMENT=1 ;

-- --------------------------------------------------------

--
-- Estructura de tabla para la tabla `p_alumnomaestria`
--

CREATE TABLE IF NOT EXISTS `p_alumnomaestria` (
  `id_am` int(11) NOT NULL AUTO_INCREMENT,
  `semestre` varchar(100) NOT NULL,
  `maestria_id` int(11) NOT NULL,
  `sede_id` int(11) NOT NULL,
  `id_participante` int(11) NOT NULL,
  PRIMARY KEY (`id_am`),
  KEY `fk_p_alumnoMaestria_sede_idx` (`sede_id`),
  KEY `fk_p_alumnoMaestria_maestria1_idx` (`maestria_id`),
  KEY `fk_p_alumnoMaestria_datoPersonal1_idx` (`id_participante`)
) ENGINE=InnoDB  DEFAULT CHARSET=utf8 AUTO_INCREMENT=720 ;

--
-- Volcado de datos para la tabla `p_alumnomaestria`
--

INSERT INTO `p_alumnomaestria` (`id_am`, `semestre`, `maestria_id`, `sede_id`, `id_participante`) VALUES
(544, '2', 1, 1, 1299),
(545, '2', 1, 1, 1302),
(546, 'SEGUNDO', 4, 2, 1313),
(547, '2', 2, 2, 1314),
(548, 'Segundo', 2, 2, 1315),
(549, 'Tercero', 2, 2, 1316),
(550, '3%C2%B0 ', 1, 2, 1317),
(551, 'Primero', 2, 2, 1318),
(552, 'Segundo', 4, 2, 1319),
(553, 'Segundo', 4, 2, 1320),
(554, 'Tercero', 2, 5, 1322),
(555, 'Tercero', 2, 5, 1323),
(556, 'TERCER SEMESTRE', 2, 5, 1328),
(557, 'SEGUNDO', 4, 2, 1329),
(558, 'SEGUNDO', 4, 2, 1330),
(559, 'TERCERO', 2, 2, 1331),
(560, '2do.', 4, 2, 1332),
(561, 'SEGUNDO', 4, 2, 1333),
(562, '2', 4, 2, 1334),
(563, '3', 1, 2, 1335),
(564, 'PRIMER', 1, 2, 1336),
(565, 'TERCER', 1, 2, 1338),
(566, '3er. SEMESTRE', 1, 2, 1339),
(567, '3', 2, 2, 1343),
(568, 'PRIMER SEMESTRE', 2, 1, 1344),
(569, 'tercero', 1, 2, 1346),
(570, 'Primero', 2, 2, 1348),
(571, 'Primero', 2, 2, 1349),
(572, 'Primero', 2, 2, 1352),
(573, 'segundo', 2, 2, 1353),
(574, '3', 2, 2, 1355),
(575, '1', 2, 2, 1356),
(576, '1 ', 2, 2, 1358),
(577, 'PRIMERO', 2, 2, 1359),
(578, 'TERCERO', 1, 2, 1364),
(579, '1', 2, 2, 1366),
(580, '3', 2, 2, 1367),
(581, 'Tercero', 2, 2, 1368),
(582, '3', 1, 2, 1369),
(583, 'TERCERO', 2, 5, 1383),
(584, 'TERCERO', 2, 2, 1391),
(585, 'TERCERO', 2, 2, 1395),
(586, 'SEGUNDO', 2, 2, 1396),
(587, 'TERCERO', 1, 2, 1397),
(588, 'TERCERO', 1, 2, 1399),
(589, '3', 2, 2, 1401),
(590, 'TERCERO ', 1, 2, 1403),
(591, 'TERCERO ', 1, 2, 1405),
(592, 'PRIMERO', 2, 2, 1406),
(593, 'PRIMERO', 2, 2, 1407),
(594, '3ro', 1, 2, 1408),
(595, '3ro', 1, 2, 1409),
(596, '3ero A', 1, 2, 1410),
(597, '2DO.SEMESTRE', 2, 2, 1411),
(598, 'TERCER SEMESTRE', 1, 2, 1412),
(599, '2DO.SEMESTRE', 2, 2, 1413),
(600, 'TERSERO ', 2, 5, 1414),
(601, 'III', 2, 5, 1415),
(602, 'tercero', 1, 1, 1416),
(603, 'PRIMERO', 2, 2, 1417),
(604, 'PRIMERO', 2, 2, 1418),
(605, 'PRIMERO', 2, 2, 1419),
(606, '3ro', 2, 5, 1420),
(607, '3ro', 2, 5, 1421),
(608, 'TERCERO', 2, 2, 1422),
(609, 'tercero', 2, 5, 1427),
(610, 'tercero', 2, 5, 1428),
(611, 'tercero', 2, 5, 1429),
(612, 'III semestre', 2, 2, 1430),
(613, '3er semestre', 2, 2, 1431),
(614, '     III   Semestre', 2, 5, 1435),
(615, '3', 1, 2, 1436),
(616, 'Primero', 4, 2, 1448),
(617, '1%C2%B0', 1, 2, 1452),
(618, 'SEGUNDO', 4, 2, 1453),
(619, '3', 1, 2, 1456),
(620, 'SEGUNDO', 2, 2, 1486),
(621, 'PRIMER SEMESTRE', 2, 2, 1489),
(622, '2do', 4, 2, 1491),
(623, 'primero', 1, 2, 1495),
(624, '1', 2, 2, 1505),
(625, 'SEGUNDO', 2, 2, 1515),
(626, '1er. SEMESTRE', 2, 2, 1518),
(627, '2', 4, 2, 1522),
(628, 'PRIMERO', 1, 1, 1525),
(629, 'PRIMERO', 2, 2, 1526),
(630, 'PRIMERO', 2, 2, 1528),
(631, 'TERCERO', 1, 2, 1534),
(632, 'PRIMERO', 4, 2, 1536),
(633, '3', 1, 2, 1537),
(634, '1RO', 2, 2, 1538),
(635, '1RO', 2, 2, 1539),
(636, 'SEGUNDO', 4, 2, 1540),
(637, 'PRIMERO', 4, 2, 1547),
(638, 'primer  semestre ', 2, 2, 1548),
(639, 'PRIMERO', 2, 2, 1549),
(640, '3%C2%B0', 1, 2, 1552),
(641, '1ro', 2, 2, 1554),
(642, '3', 1, 2, 1580),
(643, '3', 1, 2, 1581),
(644, '3', 1, 2, 1582),
(645, 'TERCERO', 1, 2, 1584),
(646, 'TERCERO', 1, 2, 1585),
(647, 'TERCERO', 1, 2, 1586),
(648, '3RO', 2, 2, 1589),
(649, '1', 1, 2, 1590),
(650, 'TERCERO', 1, 2, 1591),
(651, '2%C2%B0', 2, 2, 1594),
(652, '2%C2%B0', 2, 2, 1595),
(653, '3', 1, 2, 1598),
(654, 'II', 4, 2, 1602),
(655, 'TERCERO', 2, 2, 1604),
(656, '1ro', 1, 2, 1606),
(657, 'III', 2, 5, 1607),
(658, 'SEGUNDO', 4, 2, 1611),
(659, '2', 2, 2, 1612),
(660, '1er.', 1, 2, 1615),
(661, 'SEGUNDO', 4, 2, 1616),
(662, '1er.', 1, 2, 1617),
(663, 'PRIMERO', 1, 2, 1618),
(664, 'SEGUNDO', 4, 2, 1619),
(665, 'SEGUNDO', 4, 2, 1620),
(666, 'SEGUNDO', 4, 2, 1621),
(667, '1A', 2, 2, 1622),
(668, '2', 4, 2, 1628),
(669, 'primero', 4, 2, 1629),
(670, 'SEGUNDO', 2, 2, 1632),
(671, 'PRIMERO ', 2, 2, 1639),
(672, '1', 1, 1, 1647),
(673, 'Primer', 4, 2, 1654),
(674, 'Primer', 4, 2, 1655),
(675, '1er semestre', 1, 2, 1664),
(676, 'Primero ', 4, 2, 1666),
(677, '2', 2, 2, 1676),
(678, '1', 1, 2, 1679),
(679, 'primero', 4, 2, 1680),
(680, 'PRIMERO', 4, 2, 1681),
(681, 'PRIMERO', 4, 2, 1683),
(682, 'SEGUNDO', 2, 1, 1688),
(683, 'SEGUNDO', 2, 2, 1689),
(684, 'PRIMERO', 1, 2, 1690),
(685, '2do. SEMESTRE', 2, 2, 1691),
(686, '3ro.', 1, 2, 1692),
(687, 'PRIMERO', 1, 2, 1696),
(688, 'PRIMERO', 1, 2, 1697),
(689, 'SEGUNDO', 2, 2, 1699),
(690, 'PRIMERO', 4, 2, 1706),
(691, 'primero', 4, 2, 1711),
(692, 'TERCER SEMESTRE', 2, 5, 1719),
(693, 'PRIMERO', 1, 2, 1727),
(694, 'TERCERO ', 1, 2, 1728),
(695, 'PRIMERO', 1, 2, 1729),
(696, 'segundo', 4, 2, 1732),
(697, 'segundo', 4, 2, 1734),
(698, '3ro', 2, 2, 1736),
(699, '3 B', 1, 2, 1738),
(700, '1', 2, 2, 1739),
(701, 'TERCER SEMESTRE', 1, 2, 1740),
(702, 'SEGUNDO', 2, 2, 1741),
(703, '3ro', 2, 2, 1757),
(704, '3ro', 2, 2, 1758),
(705, '3%C2%BA B', 1, 1, 1765),
(706, '1er semestre', 2, 2, 1768),
(707, 'SEGUNDO', 2, 2, 1771),
(708, '3er', 1, 2, 1772),
(709, 'SEGUNDO', 4, 2, 1774),
(710, '2do', 2, 2, 1775),
(711, '1 semestre', 1, 1, 1778),
(712, 'PRIMER SEMESTRE', 1, 1, 1779),
(713, '3ro.', 2, 2, 1780),
(714, 'III', 1, 2, 1781),
(715, 'TERCERO', 1, 2, 1782),
(716, 'TERCERO ', 1, 2, 1783),
(717, '3', 1, 2, 1805),
(718, '2', 3, 2, 1820),
(719, '2', 3, 2, 1821);

-- --------------------------------------------------------

--
-- Estructura de tabla para la tabla `p_docenteupn`
--

CREATE TABLE IF NOT EXISTS `p_docenteupn` (
  `id_dupn` int(11) NOT NULL AUTO_INCREMENT,
  `nivel_estudio` varchar(100) NOT NULL,
  `sede_id` int(11) NOT NULL,
  `id_participante` int(11) NOT NULL,
  PRIMARY KEY (`id_dupn`),
  KEY `fk_p_docenteupn_sede1_idx` (`sede_id`),
  KEY `fk_p_docenteupn_datoPersonal1_idx` (`id_participante`)
) ENGINE=InnoDB DEFAULT CHARSET=utf8 AUTO_INCREMENT=1 ;

-- --------------------------------------------------------

--
-- Estructura de tabla para la tabla `p_externo`
--

CREATE TABLE IF NOT EXISTS `p_externo` (
  `id_extrerno` int(11) NOT NULL AUTO_INCREMENT,
  `instituto` varchar(500) NOT NULL COMMENT 'Institucion de procedencia',
  `grado` varchar(100) NOT NULL COMMENT 'Licenciatura, Maestria o Doctorado',
  `datoPersonal_id` int(11) NOT NULL,
  `tipo` varchar(50) NOT NULL COMMENT 'Estudiante o Maestro',
  PRIMARY KEY (`id_extrerno`),
  KEY `fk_extrerno_datoParticipante1_idx` (`datoPersonal_id`)
) ENGINE=InnoDB  DEFAULT CHARSET=utf8 AUTO_INCREMENT=180 ;

--
-- Volcado de datos para la tabla `p_externo`
--

INSERT INTO `p_externo` (`id_extrerno`, `instituto`, `grado`, `datoPersonal_id`, `tipo`) VALUES
(167, 'UNIVERSIDAD JUAREZ AUTONOMA DE TABASCO', 'COORDINADOR', 1309, 'otro'),
(168, 'UNIVERSIDAD JUAREZ AUTONOMA DE TABASCO', 'COORDINADOR', 1310, 'otro'),
(169, 'UNIVERSIDAD JUAREZ AUTONOMA DE TABASCO', 'COORDINADOR', 1311, 'otro'),
(170, ' UNIVERSIDAD TECNOLÓGICA DE TABASCO', 'DOCENTE', 1357, 'otro'),
(171, 'SECRETARIA DE EDUCACION DE TABASCO', 'MAESTRO', 1400, 'otro'),
(172, 'docente en SE', 'docente', 1531, 'otro'),
(173, 'docente en SE', 'docente', 1535, 'otro'),
(174, 'ujat', 'coordinador', 1643, 'otro'),
(175, 'ujat', 'coordinador', 1645, 'otro'),
(176, 'DOCENTE DE EDUCACIÓN PRIMARIA DE TABASCO', 'DOCENTE', 1787, 'otro'),
(177, 'DOCENTE DE EDUCACIÓN PRIMARIA DE TABASCO', 'DOCENTE', 1788, 'otro'),
(178, 'ALUMNO DE ESCUELA NORMAL', 'ALUMNO', 1794, 'otro'),
(179, 'SEP', 'Docente', 1812, 'otro');

-- --------------------------------------------------------

--
-- Estructura de tabla para la tabla `ref_costo`
--

CREATE TABLE IF NOT EXISTS `ref_costo` (
  `id_costo` int(11) NOT NULL AUTO_INCREMENT,
  `alumno_lic` varchar(20) NOT NULL DEFAULT '0-0' COMMENT 'Esta tabla solo toma como referenci los costo de cada eventooero no es utili para operaciones de calculo ya que los costos tienen un fomatro string',
  `alumno_mtr` varchar(20) NOT NULL DEFAULT '0-0',
  `maestro_upn` varchar(20) NOT NULL DEFAULT '0-0',
  `externo` varchar(20) NOT NULL DEFAULT '0-0',
  `id_coloquio` int(11) NOT NULL,
  `externo_alumno` varchar(20) NOT NULL,
  `ext_alum_otras` varchar(20) NOT NULL,
  `ext_maestronormales` varchar(20) NOT NULL,
  PRIMARY KEY (`id_costo`),
  KEY `fk_ref_costo_coloquio1_idx` (`id_coloquio`)
) ENGINE=InnoDB  DEFAULT CHARSET=utf8 AUTO_INCREMENT=13 ;

--
-- Volcado de datos para la tabla `ref_costo`
--

INSERT INTO `ref_costo` (`id_costo`, `alumno_lic`, `alumno_mtr`, `maestro_upn`, `externo`, `id_coloquio`, `externo_alumno`, `ext_alum_otras`, `ext_maestronormales`) VALUES
(12, '0-0', '0-600', '0-100', '0-800', 12, '800', '800', '800');

-- --------------------------------------------------------

--
-- Estructura de tabla para la tabla `sede`
--

CREATE TABLE IF NOT EXISTS `sede` (
  `id_sede` int(11) NOT NULL AUTO_INCREMENT,
  `sede` varchar(100) NOT NULL,
  `comentario` varchar(100) NOT NULL,
  `direcc` varchar(500) NOT NULL,
  PRIMARY KEY (`id_sede`)
) ENGINE=InnoDB  DEFAULT CHARSET=utf8 AUTO_INCREMENT=6 ;

--
-- Volcado de datos para la tabla `sede`
--

INSERT INTO `sede` (`id_sede`, `sede`, `comentario`, `direcc`) VALUES
(1, 'CARDENAS', '', ''),
(2, 'CENTRO', '', ''),
(3, 'COMALCALCO', '', ''),
(4, 'EMILIANO ZAPATA', '', ''),
(5, 'NACAJUCA', '', '');

-- --------------------------------------------------------

--
-- Estructura de tabla para la tabla `vista_eventoacceso`
--

CREATE TABLE IF NOT EXISTS `vista_eventoacceso` (
  `id_acceso` int(11) DEFAULT NULL,
  `clave` int(11) DEFAULT NULL,
  `lugar` int(11) DEFAULT NULL,
  `tipoacceso` int(11) DEFAULT NULL,
  `id_evento` int(11) DEFAULT NULL,
  `id_puntoAcceso` int(11) DEFAULT NULL,
  `status` int(11) DEFAULT NULL
) ENGINE=InnoDB DEFAULT CHARSET=latin1;

--
-- Restricciones para tablas volcadas
--

--
-- Filtros para la tabla `asistencia`
--
ALTER TABLE `asistencia`
  ADD CONSTRAINT `fk_asistencia_acceso1` FOREIGN KEY (`id_acceso`) REFERENCES `acceso` (`id_acceso`) ON DELETE CASCADE ON UPDATE CASCADE,
  ADD CONSTRAINT `fk_asistencia_datoParticipante1` FOREIGN KEY (`id_participante`) REFERENCES `datoparticipante` (`id_dato`) ON DELETE CASCADE ON UPDATE CASCADE;

--
-- Filtros para la tabla `evento`
--
ALTER TABLE `evento`
  ADD CONSTRAINT `fk_evento_coloquio1` FOREIGN KEY (`id_coloquio`) REFERENCES `coloquio` (`id_coloquio`) ON DELETE CASCADE ON UPDATE CASCADE;

--
-- Filtros para la tabla `evento_has_acceso`
--
ALTER TABLE `evento_has_acceso`
  ADD CONSTRAINT `fk_evento_has_acceso_acceso1` FOREIGN KEY (`id_acceso`) REFERENCES `acceso` (`id_acceso`) ON DELETE CASCADE ON UPDATE NO ACTION,
  ADD CONSTRAINT `fk_evento_has_acceso_evento1` FOREIGN KEY (`id_evento`) REFERENCES `evento` (`id_evento`) ON DELETE NO ACTION ON UPDATE CASCADE;

--
-- Filtros para la tabla `ficha`
--
ALTER TABLE `ficha`
  ADD CONSTRAINT `fk_ficha_datoParticipante1` FOREIGN KEY (`id_participante`) REFERENCES `datoparticipante` (`id_dato`) ON DELETE CASCADE ON UPDATE CASCADE;

--
-- Filtros para la tabla `prog_coloquio`
--
ALTER TABLE `prog_coloquio`
  ADD CONSTRAINT `fk_prog_coloquio_coloquio1` FOREIGN KEY (`coloquio_id_coloquio`) REFERENCES `coloquio` (`id_coloquio`) ON DELETE NO ACTION ON UPDATE NO ACTION,
  ADD CONSTRAINT `fk_prog_coloquio_ficha1` FOREIGN KEY (`ficha_id_ficha`) REFERENCES `ficha` (`id_ficha`) ON DELETE NO ACTION ON UPDATE NO ACTION;

--
-- Filtros para la tabla `prog_participante`
--
ALTER TABLE `prog_participante`
  ADD CONSTRAINT `fk_prog_participante_evento1` FOREIGN KEY (`evento_id`) REFERENCES `evento` (`id_evento`) ON DELETE NO ACTION ON UPDATE NO ACTION,
  ADD CONSTRAINT `fk_prog_participante_ficha1` FOREIGN KEY (`ficha_id`) REFERENCES `ficha` (`id_ficha`) ON DELETE NO ACTION ON UPDATE NO ACTION;

--
-- Filtros para la tabla `p_alumnolicenciatura`
--
ALTER TABLE `p_alumnolicenciatura`
  ADD CONSTRAINT `fk_p_alumnoLicenciatura_datoPersonal1` FOREIGN KEY (`id_participante`) REFERENCES `datoparticipante` (`id_dato`) ON DELETE CASCADE ON UPDATE CASCADE,
  ADD CONSTRAINT `fk_p_alumnoLicenciatura_sede1` FOREIGN KEY (`sede_id_sede`) REFERENCES `sede` (`id_sede`) ON DELETE CASCADE ON UPDATE CASCADE;

--
-- Filtros para la tabla `p_alumnomaestria`
--
ALTER TABLE `p_alumnomaestria`
  ADD CONSTRAINT `fk_p_alumnoMaestria_datoPersonal1` FOREIGN KEY (`id_participante`) REFERENCES `datoparticipante` (`id_dato`) ON DELETE CASCADE ON UPDATE CASCADE,
  ADD CONSTRAINT `fk_p_alumnoMaestria_maestria1` FOREIGN KEY (`maestria_id`) REFERENCES `plan_carrera` (`id_maestria`) ON DELETE CASCADE ON UPDATE CASCADE,
  ADD CONSTRAINT `fk_p_alumnoMaestria_sede` FOREIGN KEY (`sede_id`) REFERENCES `sede` (`id_sede`) ON DELETE CASCADE ON UPDATE CASCADE;

--
-- Filtros para la tabla `p_docenteupn`
--
ALTER TABLE `p_docenteupn`
  ADD CONSTRAINT `fk_p_docenteupn_datoPersonal1` FOREIGN KEY (`id_participante`) REFERENCES `datoparticipante` (`id_dato`) ON DELETE CASCADE ON UPDATE CASCADE,
  ADD CONSTRAINT `fk_p_docenteupn_sede1` FOREIGN KEY (`sede_id`) REFERENCES `sede` (`id_sede`) ON DELETE CASCADE ON UPDATE CASCADE;

--
-- Filtros para la tabla `p_externo`
--
ALTER TABLE `p_externo`
  ADD CONSTRAINT `fk_extrerno_datoParticipante1` FOREIGN KEY (`datoPersonal_id`) REFERENCES `datoparticipante` (`id_dato`) ON DELETE CASCADE ON UPDATE CASCADE;

